{"id":47594,"date":"2025-04-10T12:07:16","date_gmt":"2025-04-10T10:07:16","guid":{"rendered":"https:\/\/myspainfood.com\/producto\/ribera-senorio-de-nava-2022-ung-vin\/"},"modified":"2025-04-10T12:07:16","modified_gmt":"2025-04-10T10:07:16","slug":"ribera-senorio-de-nava-2022-ung-vin","status":"publish","type":"product","link":"https:\/\/myspainfood.com\/da\/producto\/ribera-senorio-de-nava-2022-ung-vin\/","title":{"rendered":"Ribera. Se\u00f1or\u00edo de Nava 2022 ung vin"},"content":{"rendered":"<p>Smagsnoter Kirseb\u00e6rr\u00f8d farve, godt d\u00e6kket, med granatkant; kraftig og ungdommelig fremtoning, elegant, lys, umiskendelig, som fylder glasset med r\u00f8de blonder, n\u00e5r den falder ud af flasken. Kompleks og fin aroma; meget vedvarende krydderier, med et h\u00f8jdepunkt af balsamico-aromaer, ristet kaffe og lakrids. I munden viser den koncentration, pragtfuld struktur, rigelig, god tannin, afbalanceret, med et sm\u00f8ragtigt touch og efterlader en fornemmelse af finesse. Elegant, med en bred vifte af fornemmelser.   <\/p>\n<p>Gastronomi-Anbefalede retter Til k\u00f8d, fisk, stege og friske oste.<\/p>\n","protected":false},"excerpt":{"rendered":"<p>Smagsnoter Kirseb\u00e6rr\u00f8d farve, godt d\u00e6kket, med granatkant; kraftig og ungdommelig fremtoning, elegant, lys, umiskendelig, som fylder glasset med r\u00f8de blonder, n\u00e5r den falder ud af flasken. Kompleks og fin aroma; meget vedvarende krydderier, med et h\u00f8jdepunkt af balsamico-aromaer, ristet kaffe og lakrids. I munden viser den koncentration, pragtfuld struktur, rigelig, god tannin, afbalanceret, med et [&hellip;]<\/p>\n","protected":false},"featured_media":47604,"template":"","meta":{"_et_pb_use_builder":"","_et_pb_old_content":"","_et_gb_content_width":""},"product_brand":[1224],"product_cat":[4899,5278],"product_tag":[5279],"class_list":{"0":"post-47594","1":"product","2":"type-product","3":"status-publish","4":"has-post-thumbnail","6":"product_brand-senorio-de-nava","7":"product_cat-drikkevarer-da","8":"product_cat-vin-da-2","9":"product_tag-opdragelse","11":"first","12":"outofstock","13":"taxable","14":"shipping-taxable","15":"product-type-variable"},"_links":{"self":[{"href":"https:\/\/myspainfood.com\/da\/wp-json\/wp\/v2\/product\/47594","targetHints":{"allow":["GET"]}}],"collection":[{"href":"https:\/\/myspainfood.com\/da\/wp-json\/wp\/v2\/product"}],"about":[{"href":"https:\/\/myspainfood.com\/da\/wp-json\/wp\/v2\/types\/product"}],"wp:featuredmedia":[{"embeddable":true,"href":"https:\/\/myspainfood.com\/da\/wp-json\/wp\/v2\/media\/47604"}],"wp:attachment":[{"href":"https:\/\/myspainfood.com\/da\/wp-json\/wp\/v2\/media?parent=47594"}],"wp:term":[{"taxonomy":"product_brand","embeddable":true,"href":"https:\/\/myspainfood.com\/da\/wp-json\/wp\/v2\/product_brand?post=47594"},{"taxonomy":"product_cat","embeddable":true,"href":"https:\/\/myspainfood.com\/da\/wp-json\/wp\/v2\/product_cat?post=47594"},{"taxonomy":"product_tag","embeddable":true,"href":"https:\/\/myspainfood.com\/da\/wp-json\/wp\/v2\/product_tag?post=47594"}],"curies":[{"name":"wp","href":"https:\/\/api.w.org\/{rel}","templated":true}]}}

Ribera. Señorío de Nava 2022 ung vin

<p>Smagsnoter Kirsebærrød farve, godt dækket, med granatkant; kraftig og ungdommelig fremtoning, elegant, lys, umiskendelig, som fylder glasset med røde blonder, når den falder ud af flasken. Kompleks og fin aroma; meget vedvarende krydderier, med et højdepunkt af balsamico-aromaer, ristet kaffe og lakrids. I munden viser den koncentration, pragtfuld struktur, rigelig, god tannin, afbalanceret, med et smøragtigt touch og efterlader en fornemmelse af finesse. Elegant, med en bred vifte af fornemmelser.   </p>
<p>Gastronomi-Anbefalede retter Til kød, fisk, stege og friske oste.</p>

<p>Smagsnoter Kirsebærrød farve, godt dækket, med granatkant; kraftig og ungdommelig fremtoning, elegant, lys, umiskendelig, som fylder glasset med røde blonder, når den falder ud af flasken. Kompleks og fin aroma; meget vedvarende krydderier, med et højdepunkt af balsamico-aromaer, ristet kaffe og lakrids. I munden viser den koncentration, pragtfuld struktur, rigelig, god tannin, afbalanceret, med et [&hellip;]</p>
