{"id":31193,"date":"2025-04-10T12:08:39","date_gmt":"2025-04-10T10:08:39","guid":{"rendered":"https:\/\/myspainfood.com\/producto\/looduslikud-karbid-120-g-25-30-tukki\/"},"modified":"2025-04-10T12:08:39","modified_gmt":"2025-04-10T10:08:39","slug":"looduslikud-karbid-120-g-25-30-tukki","status":"publish","type":"product","link":"https:\/\/myspainfood.com\/et\/producto\/looduslikud-karbid-120-g-25-30-tukki\/","title":{"rendered":"Looduslikud karbid 120 g 25\/30 t\u00fckki"},"content":{"rendered":"<p>Natural clams 120 gr 25\/30 t\u00fckki <a href=\"https:\/\/conservasarlequin.com\/arlequin\/\" target=\"_blank\" rel=\"noopener noreferrer nofollow\">Arlequ\u00edn<\/a> on k\u00e4sit\u00f6\u00f6na valmistatud konserveeritud toode.<\/p>\n<p>Conservas <a href=\"https:\/\/latiendadesami.com\/marca\/arlequin\/\" target=\"_blank\" rel=\"noopener noreferrer nofollow\">Arlequ\u00edni<\/a> missiooniks on pakkuda suurep\u00e4rast toodet, parimat teenindust ja laia valikut kalakonserve parima hinnaga.<\/p>\n<p>Nad on spetsialiseerunud ka an\u0161oovisele, an\u0161oovisele, an\u0161oovisele, bonito&#8217;le, hariliku tuunikala, rannakarbid, 13\/18 harlekiinimugulad kammkarpide kastmes, makrell, gulas ja sardinillad.<\/p>\n<p>N\u00e4iteks \u00fctles ajalehes El Pa\u00eds ilmunud Comidista ventresca kohta: &#8220;See on nii \u00f5rn, peaaegu kreemjas, et see paneb sind tahtma abielluda ja elada \u00f5nnelikult, kuni Issand sind v\u00f5tab&#8221;.<\/p>\n<h4>Konservide peamised eelised<\/h4>\n<ol>\n<li>Nad s\u00e4ilitavad k\u00f5ik toidu enda toitumisomadused. Toit s\u00e4ilitab oma v\u00e4rskuse. <\/li>\n<li>Kasutatavad toiduained on tervislikud ja sobivad seet\u00f5ttu optimaalseks toitumiseks t\u00e4nu nende k\u00f5rgele vitamiini- ja valgusisaldusele.<\/li>\n<li>Nende toodete eluiga on pikem (tavaliselt 2-5 aastat).<\/li>\n<li>Konserve on v\u00e4ga lihtne s\u00e4ilitada, sest nende pakend on kergesti kasutatav.<\/li>\n<\/ol>\n<p>Kui soovite osta tuunikala v\u00f5i mis tahes muud liiki <a href=\"https:\/\/latiendadesami.com\/categoria-producto\/conservas\/\" rel=\"noopener noreferrer nofollow\" target=\"_blank\">konservi<\/a>, siis vaadake julgelt meie veebikataloogi, et n\u00e4ha meie <a href=\"https:\/\/latiendadesami.com\/categoria-producto\/conservas\/atun-y-bonito\/\" target=\"_blank\" rel=\"noopener noreferrer nofollow\">tuunikala<\/a> suurt valikut.<\/p>\n<p>Lisateabe saamiseks kirjutage meile.<\/p>\n","protected":false},"excerpt":{"rendered":"<p>Natural clams 120 gr 25\/30 t\u00fckki Arlequ\u00edn on k\u00e4sit\u00f6\u00f6na valmistatud konserveeritud toode. Conservas Arlequ\u00edni missiooniks on pakkuda suurep\u00e4rast toodet, parimat teenindust ja laia valikut kalakonserve parima hinnaga. Nad on spetsialiseerunud ka an\u0161oovisele, an\u0161oovisele, an\u0161oovisele, bonito&#8217;le, hariliku tuunikala, rannakarbid, 13\/18 harlekiinimugulad kammkarpide kastmes, makrell, gulas ja sardinillad. N\u00e4iteks \u00fctles ajalehes El Pa\u00eds ilmunud Comidista ventresca kohta: [&hellip;]<\/p>\n","protected":false},"featured_media":31199,"template":"","meta":{"_et_pb_use_builder":"","_et_pb_old_content":"","_et_gb_content_width":""},"product_brand":[1162],"product_cat":[1939,4072,1938],"product_tag":[],"class_list":{"0":"post-31193","1":"product","2":"type-product","3":"status-publish","4":"has-post-thumbnail","6":"product_brand-arlequin","7":"product_cat-klambrid","8":"product_cat-rannakarbid-et","9":"product_cat-sailitab","11":"first","12":"outofstock","13":"taxable","14":"shipping-taxable","15":"product-type-variable"},"_links":{"self":[{"href":"https:\/\/myspainfood.com\/et\/wp-json\/wp\/v2\/product\/31193","targetHints":{"allow":["GET"]}}],"collection":[{"href":"https:\/\/myspainfood.com\/et\/wp-json\/wp\/v2\/product"}],"about":[{"href":"https:\/\/myspainfood.com\/et\/wp-json\/wp\/v2\/types\/product"}],"wp:featuredmedia":[{"embeddable":true,"href":"https:\/\/myspainfood.com\/et\/wp-json\/wp\/v2\/media\/31199"}],"wp:attachment":[{"href":"https:\/\/myspainfood.com\/et\/wp-json\/wp\/v2\/media?parent=31193"}],"wp:term":[{"taxonomy":"product_brand","embeddable":true,"href":"https:\/\/myspainfood.com\/et\/wp-json\/wp\/v2\/product_brand?post=31193"},{"taxonomy":"product_cat","embeddable":true,"href":"https:\/\/myspainfood.com\/et\/wp-json\/wp\/v2\/product_cat?post=31193"},{"taxonomy":"product_tag","embeddable":true,"href":"https:\/\/myspainfood.com\/et\/wp-json\/wp\/v2\/product_tag?post=31193"}],"curies":[{"name":"wp","href":"https:\/\/api.w.org\/{rel}","templated":true}]}}

Looduslikud karbid 120 g 25/30 tükki

<p>Natural clams 120 gr 25/30 tükki <a href="https://conservasarlequin.com/arlequin/" target="_blank" rel="noopener noreferrer nofollow">Arlequín</a> on käsitööna valmistatud konserveeritud toode.</p>
<p>Conservas <a href="https://latiendadesami.com/marca/arlequin/" target="_blank" rel="noopener noreferrer nofollow">Arlequíni</a> missiooniks on pakkuda suurepärast toodet, parimat teenindust ja laia valikut kalakonserve parima hinnaga.</p>
<p>Nad on spetsialiseerunud ka anšoovisele, anšoovisele, anšoovisele, bonito&#8217;le, hariliku tuunikala, rannakarbid, 13/18 harlekiinimugulad kammkarpide kastmes, makrell, gulas ja sardinillad.</p>
<p>Näiteks ütles ajalehes El País ilmunud Comidista ventresca kohta: &#8220;See on nii õrn, peaaegu kreemjas, et see paneb sind tahtma abielluda ja elada õnnelikult, kuni Issand sind võtab&#8221;.</p>
<h4>Konservide peamised eelised</h4>
<ol>
<li>Nad säilitavad kõik toidu enda toitumisomadused. Toit säilitab oma värskuse. </li>
<li>Kasutatavad toiduained on tervislikud ja sobivad seetõttu optimaalseks toitumiseks tänu nende kõrgele vitamiini- ja valgusisaldusele.</li>
<li>Nende toodete eluiga on pikem (tavaliselt 2-5 aastat).</li>
<li>Konserve on väga lihtne säilitada, sest nende pakend on kergesti kasutatav.</li>
</ol>
<p>Kui soovite osta tuunikala või mis tahes muud liiki <a href="https://latiendadesami.com/categoria-producto/conservas/" rel="noopener noreferrer nofollow" target="_blank">konservi</a>, siis vaadake julgelt meie veebikataloogi, et näha meie <a href="https://latiendadesami.com/categoria-producto/conservas/atun-y-bonito/" target="_blank" rel="noopener noreferrer nofollow">tuunikala</a> suurt valikut.</p>
<p>Lisateabe saamiseks kirjutage meile.</p>

<p>Natural clams 120 gr 25/30 tükki Arlequín on käsitööna valmistatud konserveeritud toode. Conservas Arlequíni missiooniks on pakkuda suurepärast toodet, parimat teenindust ja laia valikut kalakonserve parima hinnaga. Nad on spetsialiseerunud ka anšoovisele, anšoovisele, anšoovisele, bonito&#8217;le, hariliku tuunikala, rannakarbid, 13/18 harlekiinimugulad kammkarpide kastmes, makrell, gulas ja sardinillad. Näiteks ütles ajalehes El País ilmunud Comidista ventresca kohta: [&hellip;]</p>
