{"id":37660,"date":"2025-04-10T12:08:46","date_gmt":"2025-04-10T10:08:46","guid":{"rendered":"https:\/\/myspainfood.com\/producto\/kolmekordne-ansoovis-55-tukki\/"},"modified":"2026-04-28T20:54:03","modified_gmt":"2026-04-28T18:54:03","slug":"kolmekordne-ansoovis-55-tukki","status":"publish","type":"product","link":"https:\/\/myspainfood.com\/et\/producto\/kolmekordne-ansoovis-55-tukki\/","title":{"rendered":"Kolmekordne an\u0161oovis 55 t\u00fckki"},"content":{"rendered":"<p>\u00d5li (85% p\u00e4evalille\u00f5li, 15% oliivi\u00f5li), <strong>an\u0161oovisega<\/strong> t\u00e4idetud oliivid,<strong> an\u0161oovised<\/strong> \u00e4\u00e4dikas ja piparra.<\/p>\n","protected":false},"excerpt":{"rendered":"<p>\u00d5li (85% p\u00e4evalille\u00f5li, 15% oliivi\u00f5li), an\u0161oovisega t\u00e4idetud oliivid, an\u0161oovised \u00e4\u00e4dikas ja piparra.<\/p>\n","protected":false},"featured_media":37661,"template":"","meta":{"_et_pb_use_builder":"","_et_pb_old_content":"","_et_gb_content_width":""},"product_brand":[],"product_cat":[1889,1881,1880,1790,1793,1882],"product_tag":[],"class_list":{"0":"post-37660","1":"product","2":"type-product","3":"status-publish","4":"has-post-thumbnail","6":"product_cat-ansoovised-et","7":"product_cat-ansoovised","8":"product_cat-cold-et","9":"product_cat-kurgid","10":"product_cat-oliivid","11":"product_cat-pintxos-et","12":"product_shipping_class-kulmaveo-vedu","14":"first","15":"instock","16":"taxable","17":"shipping-taxable","18":"purchasable","19":"product-type-simple"},"_links":{"self":[{"href":"https:\/\/myspainfood.com\/et\/wp-json\/wp\/v2\/product\/37660","targetHints":{"allow":["GET"]}}],"collection":[{"href":"https:\/\/myspainfood.com\/et\/wp-json\/wp\/v2\/product"}],"about":[{"href":"https:\/\/myspainfood.com\/et\/wp-json\/wp\/v2\/types\/product"}],"wp:featuredmedia":[{"embeddable":true,"href":"https:\/\/myspainfood.com\/et\/wp-json\/wp\/v2\/media\/37661"}],"wp:attachment":[{"href":"https:\/\/myspainfood.com\/et\/wp-json\/wp\/v2\/media?parent=37660"}],"wp:term":[{"taxonomy":"product_brand","embeddable":true,"href":"https:\/\/myspainfood.com\/et\/wp-json\/wp\/v2\/product_brand?post=37660"},{"taxonomy":"product_cat","embeddable":true,"href":"https:\/\/myspainfood.com\/et\/wp-json\/wp\/v2\/product_cat?post=37660"},{"taxonomy":"product_tag","embeddable":true,"href":"https:\/\/myspainfood.com\/et\/wp-json\/wp\/v2\/product_tag?post=37660"}],"curies":[{"name":"wp","href":"https:\/\/api.w.org\/{rel}","templated":true}]}}

Kolmekordne anšoovis 55 tükki

<p>Õli (85% päevalilleõli, 15% oliiviõli), <strong>anšoovisega</strong> täidetud oliivid,<strong> anšoovised</strong> äädikas ja piparra.</p>

<p>Õli (85% päevalilleõli, 15% oliiviõli), anšoovisega täidetud oliivid, anšoovised äädikas ja piparra.</p>
