{"id":38808,"date":"2025-04-10T12:09:11","date_gmt":"2025-04-10T10:09:11","guid":{"rendered":"https:\/\/myspainfood.com\/producto\/laktoosivaba-juustusegu-250-gr-el-gran-cardenal\/"},"modified":"2025-06-24T13:38:09","modified_gmt":"2025-06-24T11:38:09","slug":"laktoosivaba-juustusegu-250-gr-el-gran-cardenal","status":"publish","type":"product","link":"https:\/\/myspainfood.com\/et\/producto\/laktoosivaba-juustusegu-250-gr-el-gran-cardenal\/","title":{"rendered":"Laktoosivaba juustusegu 250 gr El Gran Cardenal"},"content":{"rendered":"<div class=\"et_pb_blurb_container\">\n<div class=\"et_pb_blurb_container\">\n<div class=\"et_pb_blurb_container\">\n<h4 class=\"et_pb_module_header\">Laktoosivaba segu<\/h4>\n<div class=\"et_pb_blurb_description\">Laktoositalumatusega inimesed ei pea enam loobuma suurep\u00e4rasest juustust.<\/p>\n<p>Valmistatud lamba- ja lehmapiimast, mis on laktoosivabaks t\u00f6\u00f6deldud, saame maheda intensiivsusega, kreemja tekstuuriga ja kergelt magusa maitsega juustu.<\/p>\n<p>See meeldib ka \u00fclej\u00e4\u00e4nud perele.<\/p><\/div>\n<\/div>\n<\/div>\n<\/div>\n","protected":false},"excerpt":{"rendered":"<p>Laktoosivaba segu Laktoositalumatusega inimesed ei pea enam loobuma suurep\u00e4rasest juustust. Valmistatud lamba- ja lehmapiimast, mis on laktoosivabaks t\u00f6\u00f6deldud, saame maheda intensiivsusega, kreemja tekstuuriga ja kergelt magusa maitsega juustu. See meeldib ka \u00fclej\u00e4\u00e4nud perele.<\/p>\n","protected":false},"featured_media":38810,"template":"","meta":{"_et_pb_use_builder":"","_et_pb_old_content":"","_et_gb_content_width":""},"product_brand":[1319],"product_cat":[1880,2261,2742],"product_tag":[],"class_list":{"0":"post-38808","1":"product","2":"type-product","3":"status-publish","4":"has-post-thumbnail","6":"product_brand-el-gran-cardenal","7":"product_cat-cold-et","8":"product_cat-juust-ja-vorst","9":"product_cat-ravimine","10":"product_shipping_class-kulmaveo-vedu","12":"first","13":"outofstock","14":"sale","15":"taxable","16":"shipping-taxable","17":"purchasable","18":"product-type-simple"},"_links":{"self":[{"href":"https:\/\/myspainfood.com\/et\/wp-json\/wp\/v2\/product\/38808","targetHints":{"allow":["GET"]}}],"collection":[{"href":"https:\/\/myspainfood.com\/et\/wp-json\/wp\/v2\/product"}],"about":[{"href":"https:\/\/myspainfood.com\/et\/wp-json\/wp\/v2\/types\/product"}],"wp:featuredmedia":[{"embeddable":true,"href":"https:\/\/myspainfood.com\/et\/wp-json\/wp\/v2\/media\/38810"}],"wp:attachment":[{"href":"https:\/\/myspainfood.com\/et\/wp-json\/wp\/v2\/media?parent=38808"}],"wp:term":[{"taxonomy":"product_brand","embeddable":true,"href":"https:\/\/myspainfood.com\/et\/wp-json\/wp\/v2\/product_brand?post=38808"},{"taxonomy":"product_cat","embeddable":true,"href":"https:\/\/myspainfood.com\/et\/wp-json\/wp\/v2\/product_cat?post=38808"},{"taxonomy":"product_tag","embeddable":true,"href":"https:\/\/myspainfood.com\/et\/wp-json\/wp\/v2\/product_tag?post=38808"}],"curies":[{"name":"wp","href":"https:\/\/api.w.org\/{rel}","templated":true}]}}

<div class="et_pb_blurb_container">
<div class="et_pb_blurb_container">
<div class="et_pb_blurb_container">
<h4 class="et_pb_module_header">Laktoosivaba segu</h4>
<div class="et_pb_blurb_description">Laktoositalumatusega inimesed ei pea enam loobuma suurepärasest juustust.</p>
<p>Valmistatud lamba- ja lehmapiimast, mis on laktoosivabaks töödeldud, saame maheda intensiivsusega, kreemja tekstuuriga ja kergelt magusa maitsega juustu.</p>
<p>See meeldib ka ülejäänud perele.</p></div>
</div>
</div>
</div>

<p>Laktoosivaba segu Laktoositalumatusega inimesed ei pea enam loobuma suurepärasest juustust. Valmistatud lamba- ja lehmapiimast, mis on laktoosivabaks töödeldud, saame maheda intensiivsusega, kreemja tekstuuriga ja kergelt magusa maitsega juustu. See meeldib ka ülejäänud perele.</p>
