{"id":45026,"date":"2025-04-10T12:11:40","date_gmt":"2025-04-10T10:11:40","guid":{"rendered":"https:\/\/myspainfood.com\/producto\/salmorejo-cordobes-ekstra-neitsioliivioli-arteoliva-1-liiter\/"},"modified":"2026-01-29T11:57:48","modified_gmt":"2026-01-29T10:57:48","slug":"salmorejo-cordobes-ekstra-neitsioliivioli-arteoliva-1-liiter","status":"publish","type":"product","link":"https:\/\/myspainfood.com\/et\/producto\/salmorejo-cordobes-ekstra-neitsioliivioli-arteoliva-1-liiter\/","title":{"rendered":"Salmorejo Cordob\u00e9s ekstra neitsioliivi\u00f5li ArteOliva 1 liiter"},"content":{"rendered":"<p>T\u00fc\u00fcpiline C\u00f3rdoba k\u00fclmakreem, mis on valmistatud peamiselt v\u00e4rsketest, valitud tomatitest, ekstra neitsioliivi\u00f5list, leivast ja k\u00fc\u00fcslaugust.<\/p>\n","protected":false},"excerpt":{"rendered":"<p>T\u00fc\u00fcpiline C\u00f3rdoba k\u00fclmakreem, mis on valmistatud peamiselt v\u00e4rsketest, valitud tomatitest, ekstra neitsioliivi\u00f5list, leivast ja k\u00fc\u00fcslaugust.<\/p>\n","protected":false},"featured_media":45034,"template":"","meta":{"_et_pb_use_builder":"","_et_pb_old_content":"","_et_gb_content_width":""},"product_brand":[1457],"product_cat":[1880,2522,4915,1938],"product_tag":[],"class_list":{"0":"post-45026","1":"product","2":"type-product","3":"status-publish","4":"has-post-thumbnail","6":"product_brand-arteoliva","7":"product_cat-cold-et","8":"product_cat-ekstra-neitsioliivi","9":"product_cat-joogid","10":"product_cat-sailitab","11":"product_shipping_class-kulmaveo-vedu","13":"first","14":"outofstock","15":"taxable","16":"shipping-taxable","17":"product-type-variable"},"_links":{"self":[{"href":"https:\/\/myspainfood.com\/et\/wp-json\/wp\/v2\/product\/45026","targetHints":{"allow":["GET"]}}],"collection":[{"href":"https:\/\/myspainfood.com\/et\/wp-json\/wp\/v2\/product"}],"about":[{"href":"https:\/\/myspainfood.com\/et\/wp-json\/wp\/v2\/types\/product"}],"wp:featuredmedia":[{"embeddable":true,"href":"https:\/\/myspainfood.com\/et\/wp-json\/wp\/v2\/media\/45034"}],"wp:attachment":[{"href":"https:\/\/myspainfood.com\/et\/wp-json\/wp\/v2\/media?parent=45026"}],"wp:term":[{"taxonomy":"product_brand","embeddable":true,"href":"https:\/\/myspainfood.com\/et\/wp-json\/wp\/v2\/product_brand?post=45026"},{"taxonomy":"product_cat","embeddable":true,"href":"https:\/\/myspainfood.com\/et\/wp-json\/wp\/v2\/product_cat?post=45026"},{"taxonomy":"product_tag","embeddable":true,"href":"https:\/\/myspainfood.com\/et\/wp-json\/wp\/v2\/product_tag?post=45026"}],"curies":[{"name":"wp","href":"https:\/\/api.w.org\/{rel}","templated":true}]}}

Salmorejo Cordobés ekstra neitsioliiviõli ArteOliva 1 liiter

<p>Tüüpiline Córdoba külmakreem, mis on valmistatud peamiselt värsketest, valitud tomatitest, ekstra neitsioliiviõlist, leivast ja küüslaugust.</p>
