{"id":26657,"date":"2025-04-10T12:07:15","date_gmt":"2025-04-10T10:07:15","guid":{"rendered":"https:\/\/myspainfood.com\/producto\/andalusialainen-makrilli-d-o-oliivioljy\/"},"modified":"2025-04-10T12:07:15","modified_gmt":"2025-04-10T10:07:15","slug":"andalusialainen-makrilli-d-o-oliivioljy","status":"publish","type":"product","link":"https:\/\/myspainfood.com\/fi\/producto\/andalusialainen-makrilli-d-o-oliivioljy\/","title":{"rendered":"Andalusialainen makrilli D.O. oliivi\u00f6ljy"},"content":{"rendered":"<p style=\"text-align: left\">Puhtaat andalusialaisen makrillin fileet, pakattu lasipurkkiin ja metallikapseliin.<\/p>\n<p style=\"text-align: left\">Tuotanto ja laatu on vahvistettu <span class=\"file\">Andalusian makrillien ja fregattimakrillin suojattujen maantieteellisten merkint\u00f6jen s\u00e4\u00e4ntelyneuvoston<\/span> s\u00e4\u00e4nn\u00f6iss\u00e4, joihin <a href=\"https:\/\/pesasur.com\/calidad\/\" target=\"_blank\" rel=\"noopener noreferrer nofollow\">Pesasur<\/a> kuuluu.<\/p>\n<p style=\"text-align: left\">V\u00e4rilt\u00e4\u00e4n harmaanvalkoinen, koostumukseltaan pehme\u00e4 ja miellytt\u00e4v\u00e4n tuoksuinen, omaleimainen ja ainutlaatuinen maku.<\/p>\n<p><strong>AINESOSAT<\/strong><\/p>\n<ul>\n<li>Makrillit<\/li>\n<li>Oliivi\u00f6ljy<\/li>\n<li>Suola<\/li>\n<\/ul>\n<p>PESASUR k\u00e4ytt\u00e4\u00e4 andalusialaista makrillia (Andalusian alueen erityinen alkuper\u00e4nimitys I.G.P.), joka jalostetaan tehtaalla tuoreena suurimman osan vuodesta.<\/p>\n<p>PESASUR ei k\u00e4yt\u00e4 kemiallisia tuotteita tuotantoprosessin aikana, ja sukupolvien ajan makrillifileiden parissa ty\u00f6skennelleen ty\u00f6voiman kokemus takaa kalan t\u00e4ydellisen puhtauden ja fileiden erinomaisen esillepanon kaikissa muodoissa olevissa purkeissa ja t\u00f6lkeiss\u00e4.<\/p>\n<h4>S\u00e4ilykkeiden t\u00e4rkeimm\u00e4t edut<\/h4>\n<ol>\n<li>Ne s\u00e4ilytt\u00e4v\u00e4t kaikki elintarvikkeen ravitsemukselliset ominaisuudet. Ruoka s\u00e4ilytt\u00e4\u00e4 tuoreutensa. <\/li>\n<li>K\u00e4ytetyt elintarvikkeet ovat terveellisi\u00e4 ja sopivat siksi optimaaliseen ruokavalioon niiden korkean vitamiini- ja proteiinipitoisuuden ansiosta.<\/li>\n<li>N\u00e4iden tuotteiden k\u00e4ytt\u00f6ik\u00e4 on pidempi (tyypillisesti 2-5 vuotta).<\/li>\n<li>S\u00e4ilykkeet ovat eritt\u00e4in helppoja s\u00e4ilytt\u00e4\u00e4, sill\u00e4 niiden pakkaukset on helppo levitt\u00e4\u00e4.<\/li>\n<\/ol>\n<p>Jos haluat ostaa andalusialaista makrillia tai mit\u00e4 tahansa muuta <a href=\"https:\/\/latiendadesami.com\/categoria-producto\/conservas\/\" rel=\"noopener noreferrer nofollow\" target=\"_blank\">purkkiruokaa<\/a>, \u00e4l\u00e4 ep\u00e4r\u00f6i katsoa verkkoluetteloamme n\u00e4hd\u00e4ksesi <a href=\"https:\/\/latiendadesami.com\/categoria-producto\/conservas\/atun-y-bonito\/\" target=\"_blank\" rel=\"noopener noreferrer nofollow\">tonnikalan<\/a> laajan valikoiman.<\/p>\n<p>Kirjoita meille saadaksesi lis\u00e4tietoja.<\/p>\n","protected":false},"excerpt":{"rendered":"<p>Andalusialainen makrilli oliivi\u00f6ljy<\/p>\n","protected":false},"featured_media":26662,"template":"","meta":{"_et_pb_use_builder":"","_et_pb_old_content":"","_et_gb_content_width":""},"product_brand":[1205],"product_cat":[2683,1945],"product_tag":[],"class_list":{"0":"post-26657","1":"product","2":"type-product","3":"status-publish","4":"has-post-thumbnail","6":"product_brand-pesasur","7":"product_cat-makrilli","8":"product_cat-sailyttaa","10":"first","11":"outofstock","12":"taxable","13":"shipping-taxable","14":"product-type-variable"},"_links":{"self":[{"href":"https:\/\/myspainfood.com\/fi\/wp-json\/wp\/v2\/product\/26657","targetHints":{"allow":["GET"]}}],"collection":[{"href":"https:\/\/myspainfood.com\/fi\/wp-json\/wp\/v2\/product"}],"about":[{"href":"https:\/\/myspainfood.com\/fi\/wp-json\/wp\/v2\/types\/product"}],"wp:featuredmedia":[{"embeddable":true,"href":"https:\/\/myspainfood.com\/fi\/wp-json\/wp\/v2\/media\/26662"}],"wp:attachment":[{"href":"https:\/\/myspainfood.com\/fi\/wp-json\/wp\/v2\/media?parent=26657"}],"wp:term":[{"taxonomy":"product_brand","embeddable":true,"href":"https:\/\/myspainfood.com\/fi\/wp-json\/wp\/v2\/product_brand?post=26657"},{"taxonomy":"product_cat","embeddable":true,"href":"https:\/\/myspainfood.com\/fi\/wp-json\/wp\/v2\/product_cat?post=26657"},{"taxonomy":"product_tag","embeddable":true,"href":"https:\/\/myspainfood.com\/fi\/wp-json\/wp\/v2\/product_tag?post=26657"}],"curies":[{"name":"wp","href":"https:\/\/api.w.org\/{rel}","templated":true}]}}

Andalusialainen makrilli D.O. oliiviöljy

<p style="text-align: left">Puhtaat andalusialaisen makrillin fileet, pakattu lasipurkkiin ja metallikapseliin.</p>
<p style="text-align: left">Tuotanto ja laatu on vahvistettu <span class="file">Andalusian makrillien ja fregattimakrillin suojattujen maantieteellisten merkintöjen sääntelyneuvoston</span> säännöissä, joihin <a href="https://pesasur.com/calidad/" target="_blank" rel="noopener noreferrer nofollow">Pesasur</a> kuuluu.</p>
<p style="text-align: left">Väriltään harmaanvalkoinen, koostumukseltaan pehmeä ja miellyttävän tuoksuinen, omaleimainen ja ainutlaatuinen maku.</p>
<p><strong>AINESOSAT</strong></p>
<ul>
<li>Makrillit</li>
<li>Oliiviöljy</li>
<li>Suola</li>
</ul>
<p>PESASUR käyttää andalusialaista makrillia (Andalusian alueen erityinen alkuperänimitys I.G.P.), joka jalostetaan tehtaalla tuoreena suurimman osan vuodesta.</p>
<p>PESASUR ei käytä kemiallisia tuotteita tuotantoprosessin aikana, ja sukupolvien ajan makrillifileiden parissa työskennelleen työvoiman kokemus takaa kalan täydellisen puhtauden ja fileiden erinomaisen esillepanon kaikissa muodoissa olevissa purkeissa ja tölkeissä.</p>
<h4>Säilykkeiden tärkeimmät edut</h4>
<ol>
<li>Ne säilyttävät kaikki elintarvikkeen ravitsemukselliset ominaisuudet. Ruoka säilyttää tuoreutensa. </li>
<li>Käytetyt elintarvikkeet ovat terveellisiä ja sopivat siksi optimaaliseen ruokavalioon niiden korkean vitamiini- ja proteiinipitoisuuden ansiosta.</li>
<li>Näiden tuotteiden käyttöikä on pidempi (tyypillisesti 2-5 vuotta).</li>
<li>Säilykkeet ovat erittäin helppoja säilyttää, sillä niiden pakkaukset on helppo levittää.</li>
</ol>
<p>Jos haluat ostaa andalusialaista makrillia tai mitä tahansa muuta <a href="https://latiendadesami.com/categoria-producto/conservas/" rel="noopener noreferrer nofollow" target="_blank">purkkiruokaa</a>, älä epäröi katsoa verkkoluetteloamme nähdäksesi <a href="https://latiendadesami.com/categoria-producto/conservas/atun-y-bonito/" target="_blank" rel="noopener noreferrer nofollow">tonnikalan</a> laajan valikoiman.</p>
<p>Kirjoita meille saadaksesi lisätietoja.</p>

<p>Andalusialainen makrilli oliiviöljy</p>
