{"id":31234,"date":"2025-04-10T12:08:39","date_gmt":"2025-04-10T10:08:39","guid":{"rendered":"https:\/\/myspainfood.com\/producto\/simpukat-luonnolliset-120-gr-25-30-kpl\/"},"modified":"2025-04-10T12:08:39","modified_gmt":"2025-04-10T10:08:39","slug":"simpukat-luonnolliset-120-gr-25-30-kpl","status":"publish","type":"product","link":"https:\/\/myspainfood.com\/fi\/producto\/simpukat-luonnolliset-120-gr-25-30-kpl\/","title":{"rendered":"Simpukat, luonnolliset 120 gr 25\/30 kpl"},"content":{"rendered":"<p><a href=\"https:\/\/conservasarlequin.com\/arlequin\/\" target=\"_blank\" rel=\"noopener noreferrer nofollow\">Arlequ\u00ednin<\/a> luonnonsimpukat 120 gr 25\/30 kpl on k\u00e4sity\u00f6n\u00e4 valmistettu s\u00e4ilyketuote.<\/p>\n<p>Conservas <a href=\"https:\/\/latiendadesami.com\/marca\/arlequin\/\" target=\"_blank\" rel=\"noopener noreferrer nofollow\">Arlequ\u00ednin<\/a> teht\u00e4v\u00e4n\u00e4 on tarjota erinomaisia tuotteita, parasta palvelua ja laaja valikoima kalas\u00e4ilykkeit\u00e4 parhaaseen hintaan.<\/p>\n<p>He ovat my\u00f6s erikoistuneet sardelleihin, anjoviksiin, sardelleihin, Bonitoon, keltaev\u00e4tonnikalaan, simpukoihin, 13\/18 Harlekiinisimpukoihin kampasimpukkakastikkeessa, makrilliin, Gulasiin ja Sardinilloihin.<\/p>\n<p>Esimerkiksi El Pa\u00eds -sanomalehden Comidista sanoi ventrescasta: &#8221;Se on niin hentoa, melkein kermaista, ett\u00e4 sen kanssa tekee mieli menn\u00e4 naimisiin ja el\u00e4\u00e4 onnellisena, kunnes herra vie&#8221;.<\/p>\n<h4>S\u00e4ilykkeiden t\u00e4rkeimm\u00e4t edut<\/h4>\n<ol>\n<li>Ne s\u00e4ilytt\u00e4v\u00e4t kaikki elintarvikkeen ravitsemukselliset ominaisuudet. Ruoka s\u00e4ilytt\u00e4\u00e4 tuoreutensa. <\/li>\n<li>K\u00e4ytetyt elintarvikkeet ovat terveellisi\u00e4 ja sopivat siksi optimaaliseen ruokavalioon niiden korkean vitamiini- ja proteiinipitoisuuden ansiosta.<\/li>\n<li>N\u00e4iden tuotteiden k\u00e4ytt\u00f6ik\u00e4 on pidempi (tyypillisesti 2-5 vuotta).<\/li>\n<li>S\u00e4ilykkeet ovat eritt\u00e4in helppoja s\u00e4ilytt\u00e4\u00e4, sill\u00e4 niiden pakkaukset on helppo levitt\u00e4\u00e4.<\/li>\n<\/ol>\n<p>Jos haluat ostaa tonnikalaa tai muita <a href=\"https:\/\/latiendadesami.com\/categoria-producto\/conservas\/\" rel=\"noopener noreferrer nofollow\" target=\"_blank\">s\u00e4ilykkeit\u00e4<\/a>, \u00e4l\u00e4 ep\u00e4r\u00f6i katsoa verkkoluetteloamme ja tutustua laajaan <a href=\"https:\/\/latiendadesami.com\/categoria-producto\/conservas\/atun-y-bonito\/\" target=\"_blank\" rel=\"noopener noreferrer nofollow\">tonnikalavalikoimaamme<\/a>.<\/p>\n<p>Kirjoita meille saadaksesi lis\u00e4tietoja.<\/p>\n","protected":false},"excerpt":{"rendered":"<p>Arlequ\u00ednin luonnonsimpukat 120 gr 25\/30 kpl on k\u00e4sity\u00f6n\u00e4 valmistettu s\u00e4ilyketuote. Conservas Arlequ\u00ednin teht\u00e4v\u00e4n\u00e4 on tarjota erinomaisia tuotteita, parasta palvelua ja laaja valikoima kalas\u00e4ilykkeit\u00e4 parhaaseen hintaan. He ovat my\u00f6s erikoistuneet sardelleihin, anjoviksiin, sardelleihin, Bonitoon, keltaev\u00e4tonnikalaan, simpukoihin, 13\/18 Harlekiinisimpukoihin kampasimpukkakastikkeessa, makrilliin, Gulasiin ja Sardinilloihin. Esimerkiksi El Pa\u00eds -sanomalehden Comidista sanoi ventrescasta: &#8221;Se on niin hentoa, melkein kermaista, [&hellip;]<\/p>\n","protected":false},"featured_media":31243,"template":"","meta":{"_et_pb_use_builder":"","_et_pb_old_content":"","_et_gb_content_width":""},"product_brand":[1162],"product_cat":[1945,1946,4070],"product_tag":[],"class_list":{"0":"post-31234","1":"product","2":"type-product","3":"status-publish","4":"has-post-thumbnail","6":"product_brand-arlequin","7":"product_cat-sailyttaa","8":"product_cat-simpukat","9":"product_cat-sinisimpukat-fi","11":"first","12":"outofstock","13":"taxable","14":"shipping-taxable","15":"product-type-variable"},"_links":{"self":[{"href":"https:\/\/myspainfood.com\/fi\/wp-json\/wp\/v2\/product\/31234","targetHints":{"allow":["GET"]}}],"collection":[{"href":"https:\/\/myspainfood.com\/fi\/wp-json\/wp\/v2\/product"}],"about":[{"href":"https:\/\/myspainfood.com\/fi\/wp-json\/wp\/v2\/types\/product"}],"wp:featuredmedia":[{"embeddable":true,"href":"https:\/\/myspainfood.com\/fi\/wp-json\/wp\/v2\/media\/31243"}],"wp:attachment":[{"href":"https:\/\/myspainfood.com\/fi\/wp-json\/wp\/v2\/media?parent=31234"}],"wp:term":[{"taxonomy":"product_brand","embeddable":true,"href":"https:\/\/myspainfood.com\/fi\/wp-json\/wp\/v2\/product_brand?post=31234"},{"taxonomy":"product_cat","embeddable":true,"href":"https:\/\/myspainfood.com\/fi\/wp-json\/wp\/v2\/product_cat?post=31234"},{"taxonomy":"product_tag","embeddable":true,"href":"https:\/\/myspainfood.com\/fi\/wp-json\/wp\/v2\/product_tag?post=31234"}],"curies":[{"name":"wp","href":"https:\/\/api.w.org\/{rel}","templated":true}]}}

<p><a href="https://conservasarlequin.com/arlequin/" target="_blank" rel="noopener noreferrer nofollow">Arlequínin</a> luonnonsimpukat 120 gr 25/30 kpl on käsityönä valmistettu säilyketuote.</p>
<p>Conservas <a href="https://latiendadesami.com/marca/arlequin/" target="_blank" rel="noopener noreferrer nofollow">Arlequínin</a> tehtävänä on tarjota erinomaisia tuotteita, parasta palvelua ja laaja valikoima kalasäilykkeitä parhaaseen hintaan.</p>
<p>He ovat myös erikoistuneet sardelleihin, anjoviksiin, sardelleihin, Bonitoon, keltaevätonnikalaan, simpukoihin, 13/18 Harlekiinisimpukoihin kampasimpukkakastikkeessa, makrilliin, Gulasiin ja Sardinilloihin.</p>
<p>Esimerkiksi El País -sanomalehden Comidista sanoi ventrescasta: &#8221;Se on niin hentoa, melkein kermaista, että sen kanssa tekee mieli mennä naimisiin ja elää onnellisena, kunnes herra vie&#8221;.</p>
<h4>Säilykkeiden tärkeimmät edut</h4>
<ol>
<li>Ne säilyttävät kaikki elintarvikkeen ravitsemukselliset ominaisuudet. Ruoka säilyttää tuoreutensa. </li>
<li>Käytetyt elintarvikkeet ovat terveellisiä ja sopivat siksi optimaaliseen ruokavalioon niiden korkean vitamiini- ja proteiinipitoisuuden ansiosta.</li>
<li>Näiden tuotteiden käyttöikä on pidempi (tyypillisesti 2-5 vuotta).</li>
<li>Säilykkeet ovat erittäin helppoja säilyttää, sillä niiden pakkaukset on helppo levittää.</li>
</ol>
<p>Jos haluat ostaa tonnikalaa tai muita <a href="https://latiendadesami.com/categoria-producto/conservas/" rel="noopener noreferrer nofollow" target="_blank">säilykkeitä</a>, älä epäröi katsoa verkkoluetteloamme ja tutustua laajaan <a href="https://latiendadesami.com/categoria-producto/conservas/atun-y-bonito/" target="_blank" rel="noopener noreferrer nofollow">tonnikalavalikoimaamme</a>.</p>
<p>Kirjoita meille saadaksesi lisätietoja.</p>

<p>Arlequínin luonnonsimpukat 120 gr 25/30 kpl on käsityönä valmistettu säilyketuote. Conservas Arlequínin tehtävänä on tarjota erinomaisia tuotteita, parasta palvelua ja laaja valikoima kalasäilykkeitä parhaaseen hintaan. He ovat myös erikoistuneet sardelleihin, anjoviksiin, sardelleihin, Bonitoon, keltaevätonnikalaan, simpukoihin, 13/18 Harlekiinisimpukoihin kampasimpukkakastikkeessa, makrilliin, Gulasiin ja Sardinilloihin. Esimerkiksi El País -sanomalehden Comidista sanoi ventrescasta: &#8221;Se on niin hentoa, melkein kermaista, [&hellip;]</p>
