{"id":45101,"date":"2025-04-10T12:05:33","date_gmt":"2025-04-10T10:05:33","guid":{"rendered":"https:\/\/myspainfood.com\/producto\/olive-machacamoya\/"},"modified":"2025-04-10T12:05:33","modified_gmt":"2025-04-10T10:05:33","slug":"olive-machacamoya","status":"publish","type":"product","link":"https:\/\/myspainfood.com\/fi\/producto\/olive-machacamoya\/","title":{"rendered":"Olive Machacamoya"},"content":{"rendered":"<p>Machacamoya-oliivi erottuu tyypillisen kitker\u00e4n makunsa vuoksi. Valikoiduimmille makunystyr\u00f6ille se on soikea oliivi, joka on maustettu valkosipulilla ja paprikalla, aromaattisilla yrteill\u00e4 ja etikalla. Se on eritt\u00e4in suosittu oliivi baaritiskill\u00e4. Se sopii t\u00e4ydellisesti espanjalaisen viinin tai olutlasillisen kanssa nautittavaksi.   <\/p>\n","protected":false},"excerpt":{"rendered":"<p>Machacamoya-oliivi erottuu tyypillisen kitker\u00e4n makunsa vuoksi. Valikoiduimmille makunystyr\u00f6ille se on soikea oliivi, joka on maustettu valkosipulilla ja paprikalla, aromaattisilla yrteill\u00e4 ja etikalla. Se on eritt\u00e4in suosittu oliivi baaritiskill\u00e4. Se sopii t\u00e4ydellisesti espanjalaisen viinin tai olutlasillisen kanssa nautittavaksi.<\/p>\n","protected":false},"featured_media":45107,"template":"","meta":{"_et_pb_use_builder":"","_et_pb_old_content":"","_et_gb_content_width":""},"product_brand":[1057],"product_cat":[1781,1779],"product_tag":[9339],"class_list":{"0":"post-45101","1":"product","2":"type-product","3":"status-publish","4":"has-post-thumbnail","6":"product_brand-la-encajera","7":"product_cat-oliivit","8":"product_cat-pikkelsia","9":"product_tag-machacamoya-fi","11":"first","12":"outofstock","13":"taxable","14":"shipping-taxable","15":"product-type-variable"},"_links":{"self":[{"href":"https:\/\/myspainfood.com\/fi\/wp-json\/wp\/v2\/product\/45101","targetHints":{"allow":["GET"]}}],"collection":[{"href":"https:\/\/myspainfood.com\/fi\/wp-json\/wp\/v2\/product"}],"about":[{"href":"https:\/\/myspainfood.com\/fi\/wp-json\/wp\/v2\/types\/product"}],"wp:featuredmedia":[{"embeddable":true,"href":"https:\/\/myspainfood.com\/fi\/wp-json\/wp\/v2\/media\/45107"}],"wp:attachment":[{"href":"https:\/\/myspainfood.com\/fi\/wp-json\/wp\/v2\/media?parent=45101"}],"wp:term":[{"taxonomy":"product_brand","embeddable":true,"href":"https:\/\/myspainfood.com\/fi\/wp-json\/wp\/v2\/product_brand?post=45101"},{"taxonomy":"product_cat","embeddable":true,"href":"https:\/\/myspainfood.com\/fi\/wp-json\/wp\/v2\/product_cat?post=45101"},{"taxonomy":"product_tag","embeddable":true,"href":"https:\/\/myspainfood.com\/fi\/wp-json\/wp\/v2\/product_tag?post=45101"}],"curies":[{"name":"wp","href":"https:\/\/api.w.org\/{rel}","templated":true}]}}

<p>Machacamoya-oliivi erottuu tyypillisen kitkerän makunsa vuoksi. Valikoiduimmille makunystyröille se on soikea oliivi, joka on maustettu valkosipulilla ja paprikalla, aromaattisilla yrteillä ja etikalla. Se on erittäin suosittu oliivi baaritiskillä. Se sopii täydellisesti espanjalaisen viinin tai olutlasillisen kanssa nautittavaksi.   </p>

<p>Machacamoya-oliivi erottuu tyypillisen kitkerän makunsa vuoksi. Valikoiduimmille makunystyröille se on soikea oliivi, joka on maustettu valkosipulilla ja paprikalla, aromaattisilla yrteillä ja etikalla. Se on erittäin suosittu oliivi baaritiskillä. Se sopii täydellisesti espanjalaisen viinin tai olutlasillisen kanssa nautittavaksi.</p>
