{"id":47492,"date":"2025-04-10T12:07:16","date_gmt":"2025-04-10T10:07:16","guid":{"rendered":"https:\/\/myspainfood.com\/producto\/sardellifilee-mateo-950-g\/"},"modified":"2025-06-24T16:22:40","modified_gmt":"2025-06-24T14:22:40","slug":"sardellifilee-mateo-950-g","status":"publish","type":"product","link":"https:\/\/myspainfood.com\/fi\/producto\/sardellifilee-mateo-950-g\/","title":{"rendered":"Sardellifilee Mateo 950 g"},"content":{"rendered":"<p>Sardellifilee Mateo 950 gr <a href=\"https:\/\/twitter.com\/mca_spain\" target=\"_blank\" rel=\"noopener noreferrer nofollow\">auringonkukka\u00f6ljyss\u00e4<\/a>.<\/p>\n<p>Ainesosat: Sardelli, auringonkukka\u00f6ljy (32 %) ja suola.<\/p>\n<p>Pid\u00e4 avattuna j\u00e4\u00e4kaapissa ja nauti mieluiten 5 p\u00e4iv\u00e4n kuluessa.<\/p>\n<p>La Viuda de Mateo on yksi niist\u00e4 kaupallisista tuotemerkeist\u00e4, joilla MCA Spain -yhtym\u00e4 toimii markkinoilla.<\/p>\n<p>MCA Spain on saanut alkunsa sen nykyisen toimitusjohtajan Carlos Ripan kokemuksesta, joka on saanut alkunsa h\u00e4nen ty\u00f6skennelty\u00e4\u00e4n vuosikymmenen ajan elintarvikkeiden v\u00e4hitt\u00e4ismyyntiin liittyv\u00e4ss\u00e4 perheyrityksess\u00e4.<\/p>\n<p>1980-luvun puoliv\u00e4liss\u00e4 Ripa kuitenkin k\u00e4ynnisti oman henkil\u00f6kohtaisen hankkeensa kotikaupungissaan (Mendavia, Navarra): MCA Spain -s\u00e4ilykkeit\u00e4 valmistavan yrityksen.<\/p>\n<p>T\u00e4m\u00e4 vihannes- ja kalas\u00e4ilykkeisiin perustuva yritys on sijoittunut Espanjan maatalouselintarvikealan ensimm\u00e4iseen divisioonaan.<\/p>\n<p>N\u00e4ytt\u00e4v\u00e4 kehitys, joka ei olisi ollut mahdollista ilman ensiluokkaista tiimi\u00e4 ja asiakaspalveluhenkisyytt\u00e4.<\/p>\n<p>Jos haluat ostaa Mateo anjovisfileet\u00e4 950 gr tai mit\u00e4 tahansa muuta <a href=\"https:\/\/latiendadesami.com\/categoria-producto\/frio\/\" rel=\"noopener noreferrer nofollow\" target=\"_blank\">kylm\u00e4\u00e4 ruokaa<\/a>, \u00e4l\u00e4 ep\u00e4r\u00f6i katsoa koko verkkokauppaamme.<\/p>\n<p>Meill\u00e4 on korkein laatu parhaaseen hintaan.<\/p>\n<p>Kirjoita meille, jos haluat lis\u00e4tietoja tai jos sinulla on kysytt\u00e4v\u00e4\u00e4 t\u00e4st\u00e4 tai mist\u00e4 tahansa muusta luettelossamme olevasta tuotteesta.<\/p>\n","protected":false},"excerpt":{"rendered":"<p>Sardellifilee Mateo 950 gr auringonkukka\u00f6ljyss\u00e4. Ainesosat: Sardelli, auringonkukka\u00f6ljy (32 %) ja suola. Pid\u00e4 avattuna j\u00e4\u00e4kaapissa ja nauti mieluiten 5 p\u00e4iv\u00e4n kuluessa. La Viuda de Mateo on yksi niist\u00e4 kaupallisista tuotemerkeist\u00e4, joilla MCA Spain -yhtym\u00e4 toimii markkinoilla. MCA Spain on saanut alkunsa sen nykyisen toimitusjohtajan Carlos Ripan kokemuksesta, joka on saanut alkunsa h\u00e4nen ty\u00f6skennelty\u00e4\u00e4n vuosikymmenen ajan [&hellip;]<\/p>\n","protected":false},"featured_media":47498,"template":"","meta":{"_et_pb_use_builder":"","_et_pb_old_content":"","_et_gb_content_width":""},"product_brand":[1129],"product_cat":[1872,1873],"product_tag":[],"class_list":{"0":"post-47492","1":"product","2":"type-product","3":"status-publish","4":"has-post-thumbnail","6":"product_brand-mateo","7":"product_cat-kylma","8":"product_cat-sardellit","9":"product_shipping_class-kylmalahetys","11":"first","12":"outofstock","13":"taxable","14":"shipping-taxable","15":"product-type-variable"},"_links":{"self":[{"href":"https:\/\/myspainfood.com\/fi\/wp-json\/wp\/v2\/product\/47492","targetHints":{"allow":["GET"]}}],"collection":[{"href":"https:\/\/myspainfood.com\/fi\/wp-json\/wp\/v2\/product"}],"about":[{"href":"https:\/\/myspainfood.com\/fi\/wp-json\/wp\/v2\/types\/product"}],"wp:featuredmedia":[{"embeddable":true,"href":"https:\/\/myspainfood.com\/fi\/wp-json\/wp\/v2\/media\/47498"}],"wp:attachment":[{"href":"https:\/\/myspainfood.com\/fi\/wp-json\/wp\/v2\/media?parent=47492"}],"wp:term":[{"taxonomy":"product_brand","embeddable":true,"href":"https:\/\/myspainfood.com\/fi\/wp-json\/wp\/v2\/product_brand?post=47492"},{"taxonomy":"product_cat","embeddable":true,"href":"https:\/\/myspainfood.com\/fi\/wp-json\/wp\/v2\/product_cat?post=47492"},{"taxonomy":"product_tag","embeddable":true,"href":"https:\/\/myspainfood.com\/fi\/wp-json\/wp\/v2\/product_tag?post=47492"}],"curies":[{"name":"wp","href":"https:\/\/api.w.org\/{rel}","templated":true}]}}

<p>Sardellifilee Mateo 950 gr <a href="https://twitter.com/mca_spain" target="_blank" rel="noopener noreferrer nofollow">auringonkukkaöljyssä</a>.</p>
<p>Ainesosat: Sardelli, auringonkukkaöljy (32 %) ja suola.</p>
<p>Pidä avattuna jääkaapissa ja nauti mieluiten 5 päivän kuluessa.</p>
<p>La Viuda de Mateo on yksi niistä kaupallisista tuotemerkeistä, joilla MCA Spain -yhtymä toimii markkinoilla.</p>
<p>MCA Spain on saanut alkunsa sen nykyisen toimitusjohtajan Carlos Ripan kokemuksesta, joka on saanut alkunsa hänen työskenneltyään vuosikymmenen ajan elintarvikkeiden vähittäismyyntiin liittyvässä perheyrityksessä.</p>
<p>1980-luvun puolivälissä Ripa kuitenkin käynnisti oman henkilökohtaisen hankkeensa kotikaupungissaan (Mendavia, Navarra): MCA Spain -säilykkeitä valmistavan yrityksen.</p>
<p>Tämä vihannes- ja kalasäilykkeisiin perustuva yritys on sijoittunut Espanjan maatalouselintarvikealan ensimmäiseen divisioonaan.</p>
<p>Näyttävä kehitys, joka ei olisi ollut mahdollista ilman ensiluokkaista tiimiä ja asiakaspalveluhenkisyyttä.</p>
<p>Jos haluat ostaa Mateo anjovisfileetä 950 gr tai mitä tahansa muuta <a href="https://latiendadesami.com/categoria-producto/frio/" rel="noopener noreferrer nofollow" target="_blank">kylmää ruokaa</a>, älä epäröi katsoa koko verkkokauppaamme.</p>
<p>Meillä on korkein laatu parhaaseen hintaan.</p>
<p>Kirjoita meille, jos haluat lisätietoja tai jos sinulla on kysyttävää tästä tai mistä tahansa muusta luettelossamme olevasta tuotteesta.</p>

<p>Sardellifilee Mateo 950 gr auringonkukkaöljyssä. Ainesosat: Sardelli, auringonkukkaöljy (32 %) ja suola. Pidä avattuna jääkaapissa ja nauti mieluiten 5 päivän kuluessa. La Viuda de Mateo on yksi niistä kaupallisista tuotemerkeistä, joilla MCA Spain -yhtymä toimii markkinoilla. MCA Spain on saanut alkunsa sen nykyisen toimitusjohtajan Carlos Ripan kokemuksesta, joka on saanut alkunsa hänen työskenneltyään vuosikymmenen ajan [&hellip;]</p>
