{"id":47532,"date":"2025-04-10T12:07:16","date_gmt":"2025-04-10T10:07:16","guid":{"rendered":"https:\/\/myspainfood.com\/producto\/ribera-senorio-de-nava-2022-vin-jeune\/"},"modified":"2025-04-10T12:07:16","modified_gmt":"2025-04-10T10:07:16","slug":"ribera-senorio-de-nava-2022-vin-jeune","status":"publish","type":"product","link":"https:\/\/myspainfood.com\/fr\/producto\/ribera-senorio-de-nava-2022-vin-jeune\/","title":{"rendered":"Ribera. Se\u00f1or\u00edo de Nava 2022 vin jeune"},"content":{"rendered":"<p>Notes de d\u00e9gustation Couleur rouge cerise, bien couverte, avec un bord grenat ; aspect vigoureux et jeune, \u00e9l\u00e9gant, brillant, incomparable, remplissant le verre de dentelle rouge lorsqu&rsquo;il tombe de la bouteille. Ar\u00f4me complexe et fin ; \u00e9pices tr\u00e8s persistantes, avec une pointe d&rsquo;ar\u00f4mes balsamiques, de caf\u00e9 torr\u00e9fi\u00e9 et de r\u00e9glisse. En bouche, il pr\u00e9sente de la concentration, une structure splendide, ample, de bons tanins, \u00e9quilibr\u00e9s, avec une touche d&rsquo;onctuosit\u00e9 et laisse une sensation de finesse. El\u00e9gant, avec un large \u00e9ventail de sensations.   <\/p>\n<p>Gastronomie - Plats recommand\u00e9s Pour accompagner les viandes, les poissons, les r\u00f4tis et les fromages frais.<\/p>\n","protected":false},"excerpt":{"rendered":"<p>Notes de d\u00e9gustation Couleur rouge cerise, bien couverte, avec un bord grenat ; aspect vigoureux et jeune, \u00e9l\u00e9gant, brillant, incomparable, remplissant le verre de dentelle rouge lorsqu&rsquo;il tombe de la bouteille. Ar\u00f4me complexe et fin ; \u00e9pices tr\u00e8s persistantes, avec une pointe d&rsquo;ar\u00f4mes balsamiques, de caf\u00e9 torr\u00e9fi\u00e9 et de r\u00e9glisse. En bouche, il pr\u00e9sente de [&hellip;]<\/p>\n","protected":false},"featured_media":9701,"template":"","meta":{"_et_pb_use_builder":"","_et_pb_old_content":"","_et_gb_content_width":""},"product_brand":[1224],"product_cat":[4900,5260],"product_tag":[5261],"class_list":{"0":"post-47532","1":"product","2":"type-product","3":"status-publish","4":"has-post-thumbnail","6":"product_brand-senorio-de-nava","7":"product_cat-boissons","8":"product_cat-le-vin-fr","9":"product_tag-education","11":"first","12":"outofstock","13":"taxable","14":"shipping-taxable","15":"product-type-variable"},"_links":{"self":[{"href":"https:\/\/myspainfood.com\/fr\/wp-json\/wp\/v2\/product\/47532","targetHints":{"allow":["GET"]}}],"collection":[{"href":"https:\/\/myspainfood.com\/fr\/wp-json\/wp\/v2\/product"}],"about":[{"href":"https:\/\/myspainfood.com\/fr\/wp-json\/wp\/v2\/types\/product"}],"wp:featuredmedia":[{"embeddable":true,"href":"https:\/\/myspainfood.com\/fr\/wp-json\/wp\/v2\/media\/9701"}],"wp:attachment":[{"href":"https:\/\/myspainfood.com\/fr\/wp-json\/wp\/v2\/media?parent=47532"}],"wp:term":[{"taxonomy":"product_brand","embeddable":true,"href":"https:\/\/myspainfood.com\/fr\/wp-json\/wp\/v2\/product_brand?post=47532"},{"taxonomy":"product_cat","embeddable":true,"href":"https:\/\/myspainfood.com\/fr\/wp-json\/wp\/v2\/product_cat?post=47532"},{"taxonomy":"product_tag","embeddable":true,"href":"https:\/\/myspainfood.com\/fr\/wp-json\/wp\/v2\/product_tag?post=47532"}],"curies":[{"name":"wp","href":"https:\/\/api.w.org\/{rel}","templated":true}]}}

Ribera. Señorío de Nava 2022 vin jeune

<p>Notes de dégustation Couleur rouge cerise, bien couverte, avec un bord grenat ; aspect vigoureux et jeune, élégant, brillant, incomparable, remplissant le verre de dentelle rouge lorsqu&rsquo;il tombe de la bouteille. Arôme complexe et fin ; épices très persistantes, avec une pointe d&rsquo;arômes balsamiques, de café torréfié et de réglisse. En bouche, il présente de la concentration, une structure splendide, ample, de bons tanins, équilibrés, avec une touche d&rsquo;onctuosité et laisse une sensation de finesse. Elégant, avec un large éventail de sensations.   </p>
<p>Gastronomie - Plats recommandés Pour accompagner les viandes, les poissons, les rôtis et les fromages frais.</p>

<p>Notes de dégustation Couleur rouge cerise, bien couverte, avec un bord grenat ; aspect vigoureux et jeune, élégant, brillant, incomparable, remplissant le verre de dentelle rouge lorsqu&rsquo;il tombe de la bouteille. Arôme complexe et fin ; épices très persistantes, avec une pointe d&rsquo;arômes balsamiques, de café torréfié et de réglisse. En bouche, il présente de [&hellip;]</p>
