{"id":26804,"date":"2025-04-10T12:07:33","date_gmt":"2025-04-10T10:07:33","guid":{"rendered":"https:\/\/myspainfood.com\/producto\/marinirane-dagnje-13-18-harlequin-u-umaku-od-kapica\/"},"modified":"2025-04-10T12:07:33","modified_gmt":"2025-04-10T10:07:33","slug":"marinirane-dagnje-13-18-harlequin-u-umaku-od-kapica","status":"publish","type":"product","link":"https:\/\/myspainfood.com\/hr\/producto\/marinirane-dagnje-13-18-harlequin-u-umaku-od-kapica\/","title":{"rendered":"Marinirane dagnje 13\/18 Harlequin u umaku od kapica"},"content":{"rendered":"<p>Dagnja Harlequin u umaku od <a href=\"https:\/\/conservasarlequin.com\/arlequin\/\" target=\"_blank\" rel=\"noopener noreferrer nofollow\">jakobovih<\/a> kapica 13\/18 tradicionalno je pripremljen konzervirani proizvod.<\/p>\n<p><strong>Neto te\u017eina\/Escu:<\/strong> 112 g\/69 g<\/p>\n<p><strong>Rok valjanosti:<\/strong> 5 godina<\/p>\n<p><strong>O\u010duvanje:<\/strong> Okoli\u0161<\/p>\n<p><strong>Broj fileta\/ Broj komada:<\/strong> 13\/18<\/p>\n<p>U Conservas <a href=\"https:\/\/latiendadesami.com\/marca\/arlequin\/\" target=\"_blank\" rel=\"noopener noreferrer nofollow\">Arlequ\u00edn,<\/a> na\u0161a je misija ponuditi izvrstan proizvod, najbolju uslugu i \u0161irok asortiman konzervirane ribe po najpovoljnijoj cijeni.<\/p>\n<p>Osim toga, specijalisti su za in\u0107une, bijelu ribu, palamidu, laganu tunu, dagnje, harlequin dagnje 13\/18 u umaku od jakobovih kapica, sku\u0161u, gula\u0161 i sardine.<\/p>\n<p>Na primjer, Comidista novina El Pa\u00eds rekao je o ventresci: &#8220;Tako je nje\u017ena, gotovo kremasta, da vas tjera da se njome o\u017eenite i \u017eivite sretno dok vas Gospodin ne uzme.&#8221;<\/p>\n<h4>Glavne prednosti konzervi<\/h4>\n<ol>\n<li>Zadr\u017eavaju sva nutritivna svojstva same hrane. Hrana zadr\u017eava svoju svje\u017einu. <\/li>\n<li>Kori\u0161tene namirnice su zdrave i stoga prikladne za optimalnu prehranu zahvaljuju\u0107i visokom broju vitamina i proteina.<\/li>\n<li>Ovi proizvodi imaju dulji vijek trajanja (obi\u010dno izme\u0111u 2 i 5 godina).<\/li>\n<li>Konzerve je vrlo lako \u010duvati jer im pakiranje omogu\u0107uje jednostavnu primjenu.<\/li>\n<\/ol>\n<p>Ako \u017eelite kupiti tunu ili bilo koju drugu vrstu <a href=\"https:\/\/latiendadesami.com\/categoria-producto\/conservas\/\" rel=\"noopener noreferrer nofollow\" target=\"_blank\">konzervirane hrane<\/a> , slobodno pogledajte cijeli na\u0161 online katalog kako biste vidjeli \u0161irok izbor <a href=\"https:\/\/latiendadesami.com\/categoria-producto\/conservas\/atun-y-bonito\/\" target=\"_blank\" rel=\"noopener noreferrer nofollow\">tune<\/a> koju imamo.<\/p>\n<p>Pi\u0161ite nam za vi\u0161e informacija.<\/p>\n","protected":false},"excerpt":{"rendered":"<p>Dagnja Harlequin u umaku od jakobovih kapica 13\/18 tradicionalno je pripremljen konzervirani proizvod. Neto te\u017eina\/Escu: 112 g\/69 g Rok valjanosti: 5 godina O\u010duvanje: Okoli\u0161 Broj fileta\/ Broj komada: 13\/18 U Conservas Arlequ\u00edn, na\u0161a je misija ponuditi izvrstan proizvod, najbolju uslugu i \u0161irok asortiman konzervirane ribe po najpovoljnijoj cijeni. Osim toga, specijalisti su za in\u0107une, bijelu [&hellip;]<\/p>\n","protected":false},"featured_media":26805,"template":"","meta":{"_et_pb_use_builder":"","_et_pb_old_content":"","_et_gb_content_width":""},"product_brand":[1162],"product_cat":[4073,1917],"product_tag":[],"class_list":{"0":"post-26804","1":"product","2":"type-product","3":"status-publish","4":"has-post-thumbnail","6":"product_brand-arlequin","7":"product_cat-dagnje-hr","8":"product_cat-konzerve","10":"first","11":"outofstock","12":"sale","13":"taxable","14":"shipping-taxable","15":"purchasable","16":"product-type-simple"},"_links":{"self":[{"href":"https:\/\/myspainfood.com\/hr\/wp-json\/wp\/v2\/product\/26804","targetHints":{"allow":["GET"]}}],"collection":[{"href":"https:\/\/myspainfood.com\/hr\/wp-json\/wp\/v2\/product"}],"about":[{"href":"https:\/\/myspainfood.com\/hr\/wp-json\/wp\/v2\/types\/product"}],"wp:featuredmedia":[{"embeddable":true,"href":"https:\/\/myspainfood.com\/hr\/wp-json\/wp\/v2\/media\/26805"}],"wp:attachment":[{"href":"https:\/\/myspainfood.com\/hr\/wp-json\/wp\/v2\/media?parent=26804"}],"wp:term":[{"taxonomy":"product_brand","embeddable":true,"href":"https:\/\/myspainfood.com\/hr\/wp-json\/wp\/v2\/product_brand?post=26804"},{"taxonomy":"product_cat","embeddable":true,"href":"https:\/\/myspainfood.com\/hr\/wp-json\/wp\/v2\/product_cat?post=26804"},{"taxonomy":"product_tag","embeddable":true,"href":"https:\/\/myspainfood.com\/hr\/wp-json\/wp\/v2\/product_tag?post=26804"}],"curies":[{"name":"wp","href":"https:\/\/api.w.org\/{rel}","templated":true}]}}

<p>Dagnja Harlequin u umaku od <a href="https://conservasarlequin.com/arlequin/" target="_blank" rel="noopener noreferrer nofollow">jakobovih</a> kapica 13/18 tradicionalno je pripremljen konzervirani proizvod.</p>
<p><strong>Neto težina/Escu:</strong> 112 g/69 g</p>
<p><strong>Rok valjanosti:</strong> 5 godina</p>
<p><strong>Očuvanje:</strong> Okoliš</p>
<p><strong>Broj fileta/ Broj komada:</strong> 13/18</p>
<p>U Conservas <a href="https://latiendadesami.com/marca/arlequin/" target="_blank" rel="noopener noreferrer nofollow">Arlequín,</a> naša je misija ponuditi izvrstan proizvod, najbolju uslugu i širok asortiman konzervirane ribe po najpovoljnijoj cijeni.</p>
<p>Osim toga, specijalisti su za inćune, bijelu ribu, palamidu, laganu tunu, dagnje, harlequin dagnje 13/18 u umaku od jakobovih kapica, skušu, gulaš i sardine.</p>
<p>Na primjer, Comidista novina El País rekao je o ventresci: &#8220;Tako je nježna, gotovo kremasta, da vas tjera da se njome oženite i živite sretno dok vas Gospodin ne uzme.&#8221;</p>
<h4>Glavne prednosti konzervi</h4>
<ol>
<li>Zadržavaju sva nutritivna svojstva same hrane. Hrana zadržava svoju svježinu. </li>
<li>Korištene namirnice su zdrave i stoga prikladne za optimalnu prehranu zahvaljujući visokom broju vitamina i proteina.</li>
<li>Ovi proizvodi imaju dulji vijek trajanja (obično između 2 i 5 godina).</li>
<li>Konzerve je vrlo lako čuvati jer im pakiranje omogućuje jednostavnu primjenu.</li>
</ol>
<p>Ako želite kupiti tunu ili bilo koju drugu vrstu <a href="https://latiendadesami.com/categoria-producto/conservas/" rel="noopener noreferrer nofollow" target="_blank">konzervirane hrane</a> , slobodno pogledajte cijeli naš online katalog kako biste vidjeli širok izbor <a href="https://latiendadesami.com/categoria-producto/conservas/atun-y-bonito/" target="_blank" rel="noopener noreferrer nofollow">tune</a> koju imamo.</p>
<p>Pišite nam za više informacija.</p>

<p>Dagnja Harlequin u umaku od jakobovih kapica 13/18 tradicionalno je pripremljen konzervirani proizvod. Neto težina/Escu: 112 g/69 g Rok valjanosti: 5 godina Očuvanje: Okoliš Broj fileta/ Broj komada: 13/18 U Conservas Arlequín, naša je misija ponuditi izvrstan proizvod, najbolju uslugu i širok asortiman konzervirane ribe po najpovoljnijoj cijeni. Osim toga, specijalisti su za inćune, bijelu [&hellip;]</p>
