{"id":38825,"date":"2025-04-10T12:09:11","date_gmt":"2025-04-10T10:09:11","guid":{"rendered":"https:\/\/myspainfood.com\/producto\/mjesavina-sireva-bez-laktoze-250-gr-el-gran-cardenal\/"},"modified":"2025-06-24T13:38:21","modified_gmt":"2025-06-24T11:38:21","slug":"mjesavina-sireva-bez-laktoze-250-gr-el-gran-cardenal","status":"publish","type":"product","link":"https:\/\/myspainfood.com\/hr\/producto\/mjesavina-sireva-bez-laktoze-250-gr-el-gran-cardenal\/","title":{"rendered":"Mje\u0161avina sireva bez laktoze 250 gr El Gran Cardenal"},"content":{"rendered":"<div class=\"et_pb_blurb_container\">\n<div class=\"et_pb_blurb_container\">\n<div class=\"et_pb_blurb_container\">\n<h4 class=\"et_pb_module_header\">Mje\u0161avina bez laktoze<\/h4>\n<div class=\"et_pb_blurb_description\">Za one koji ne podnose laktozu, vi\u0161e se ne morate odre\u0107i odli\u010dnog sira.<\/p>\n<p> Napravljen od ov\u010djeg i kravljeg mlijeka, pa\u017eljivo tretiranog kako bi se uklonila laktoza, dobivamo sir blage intenzivnosti, kremaste teksture i blago slatkog okusa.<\/p>\n<p> I ostatak obitelji \u0107e to voljeti.<\/p><\/div>\n<\/div>\n<\/div>\n<\/div>\n","protected":false},"excerpt":{"rendered":"<p>Mje\u0161avina bez laktoze Za one koji ne podnose laktozu, vi\u0161e se ne morate odre\u0107i odli\u010dnog sira. Napravljen od ov\u010djeg i kravljeg mlijeka, pa\u017eljivo tretiranog kako bi se uklonila laktoza, dobivamo sir blage intenzivnosti, kremaste teksture i blago slatkog okusa. I ostatak obitelji \u0107e to voljeti.<\/p>\n","protected":false},"featured_media":38829,"template":"","meta":{"_et_pb_use_builder":"","_et_pb_old_content":"","_et_gb_content_width":""},"product_brand":[1319],"product_cat":[1876,2760,2304],"product_tag":[],"class_list":{"0":"post-38825","1":"product","2":"type-product","3":"status-publish","4":"has-post-thumbnail","6":"product_brand-el-gran-cardenal","7":"product_cat-hladno-hr","8":"product_cat-izlijecen","9":"product_cat-sir-i-kobasice","10":"product_shipping_class-hladna-dostava","12":"first","13":"outofstock","14":"sale","15":"taxable","16":"shipping-taxable","17":"purchasable","18":"product-type-simple"},"_links":{"self":[{"href":"https:\/\/myspainfood.com\/hr\/wp-json\/wp\/v2\/product\/38825","targetHints":{"allow":["GET"]}}],"collection":[{"href":"https:\/\/myspainfood.com\/hr\/wp-json\/wp\/v2\/product"}],"about":[{"href":"https:\/\/myspainfood.com\/hr\/wp-json\/wp\/v2\/types\/product"}],"wp:featuredmedia":[{"embeddable":true,"href":"https:\/\/myspainfood.com\/hr\/wp-json\/wp\/v2\/media\/38829"}],"wp:attachment":[{"href":"https:\/\/myspainfood.com\/hr\/wp-json\/wp\/v2\/media?parent=38825"}],"wp:term":[{"taxonomy":"product_brand","embeddable":true,"href":"https:\/\/myspainfood.com\/hr\/wp-json\/wp\/v2\/product_brand?post=38825"},{"taxonomy":"product_cat","embeddable":true,"href":"https:\/\/myspainfood.com\/hr\/wp-json\/wp\/v2\/product_cat?post=38825"},{"taxonomy":"product_tag","embeddable":true,"href":"https:\/\/myspainfood.com\/hr\/wp-json\/wp\/v2\/product_tag?post=38825"}],"curies":[{"name":"wp","href":"https:\/\/api.w.org\/{rel}","templated":true}]}}

Mješavina sireva bez laktoze 250 gr El Gran Cardenal

<div class="et_pb_blurb_container">
<div class="et_pb_blurb_container">
<div class="et_pb_blurb_container">
<h4 class="et_pb_module_header">Mješavina bez laktoze</h4>
<div class="et_pb_blurb_description">Za one koji ne podnose laktozu, više se ne morate odreći odličnog sira.</p>
<p> Napravljen od ovčjeg i kravljeg mlijeka, pažljivo tretiranog kako bi se uklonila laktoza, dobivamo sir blage intenzivnosti, kremaste teksture i blago slatkog okusa.</p>
<p> I ostatak obitelji će to voljeti.</p></div>
</div>
</div>
</div>

<p>Mješavina bez laktoze Za one koji ne podnose laktozu, više se ne morate odreći odličnog sira. Napravljen od ovčjeg i kravljeg mlijeka, pažljivo tretiranog kako bi se uklonila laktoza, dobivamo sir blage intenzivnosti, kremaste teksture i blago slatkog okusa. I ostatak obitelji će to voljeti.</p>
