{"id":39452,"date":"2025-04-10T12:09:43","date_gmt":"2025-04-10T10:09:43","guid":{"rendered":"https:\/\/myspainfood.com\/producto\/san-isidro-suseni-sir-el-gran-cardenal\/"},"modified":"2025-07-28T10:39:40","modified_gmt":"2025-07-28T08:39:40","slug":"san-isidro-suseni-sir-el-gran-cardenal","status":"publish","type":"product","link":"https:\/\/myspainfood.com\/hr\/producto\/san-isidro-suseni-sir-el-gran-cardenal\/","title":{"rendered":"San Isidro su\u0161eni sir El Gran Cardenal"},"content":{"rendered":"<div class=\"et_pb_blurb_container\">\n<div class=\"et_pb_blurb_container\">\n<p class=\"et_pb_module_header\">Najbla\u017ei od sireva, zbog ve\u0107eg udjela kravljeg mlijeka i najmanje 10% ov\u010djeg mlijeka.<\/p>\n<p> Mo\u017ee se na\u0107i u dvije vrste ovisno o vremenu su\u0161enja: polusu\u0161eni (2 do 4 mjeseca su\u0161enja) i su\u0161eni (4 do 6 mjeseci su\u0161enja).<\/p>\n<\/div>\n<\/div>\n","protected":false},"excerpt":{"rendered":"<p>Najbla\u017ei od sireva, zbog ve\u0107eg udjela kravljeg mlijeka i najmanje 10% ov\u010djeg mlijeka. Mo\u017ee se na\u0107i u dvije vrste ovisno o vremenu su\u0161enja: polusu\u0161eni (2 do 4 mjeseca su\u0161enja) i su\u0161eni (4 do 6 mjeseci su\u0161enja).<\/p>\n","protected":false},"featured_media":39455,"template":"","meta":{"_et_pb_use_builder":"","_et_pb_old_content":"","_et_gb_content_width":""},"product_brand":[1319],"product_cat":[1876,2760,2304],"product_tag":[],"class_list":{"0":"post-39452","1":"product","2":"type-product","3":"status-publish","4":"has-post-thumbnail","6":"product_brand-el-gran-cardenal","7":"product_cat-hladno-hr","8":"product_cat-izlijecen","9":"product_cat-sir-i-kobasice","10":"product_shipping_class-hladna-dostava","12":"first","13":"outofstock","14":"taxable","15":"shipping-taxable","16":"product-type-variable"},"_links":{"self":[{"href":"https:\/\/myspainfood.com\/hr\/wp-json\/wp\/v2\/product\/39452","targetHints":{"allow":["GET"]}}],"collection":[{"href":"https:\/\/myspainfood.com\/hr\/wp-json\/wp\/v2\/product"}],"about":[{"href":"https:\/\/myspainfood.com\/hr\/wp-json\/wp\/v2\/types\/product"}],"wp:featuredmedia":[{"embeddable":true,"href":"https:\/\/myspainfood.com\/hr\/wp-json\/wp\/v2\/media\/39455"}],"wp:attachment":[{"href":"https:\/\/myspainfood.com\/hr\/wp-json\/wp\/v2\/media?parent=39452"}],"wp:term":[{"taxonomy":"product_brand","embeddable":true,"href":"https:\/\/myspainfood.com\/hr\/wp-json\/wp\/v2\/product_brand?post=39452"},{"taxonomy":"product_cat","embeddable":true,"href":"https:\/\/myspainfood.com\/hr\/wp-json\/wp\/v2\/product_cat?post=39452"},{"taxonomy":"product_tag","embeddable":true,"href":"https:\/\/myspainfood.com\/hr\/wp-json\/wp\/v2\/product_tag?post=39452"}],"curies":[{"name":"wp","href":"https:\/\/api.w.org\/{rel}","templated":true}]}}

San Isidro sušeni sir El Gran Cardenal

<div class="et_pb_blurb_container">
<div class="et_pb_blurb_container">
<p class="et_pb_module_header">Najblaži od sireva, zbog većeg udjela kravljeg mlijeka i najmanje 10% ovčjeg mlijeka.</p>
<p> Može se naći u dvije vrste ovisno o vremenu sušenja: polusušeni (2 do 4 mjeseca sušenja) i sušeni (4 do 6 mjeseci sušenja).</p>
</div>
</div>

<p>Najblaži od sireva, zbog većeg udjela kravljeg mlijeka i najmanje 10% ovčjeg mlijeka. Može se naći u dvije vrste ovisno o vremenu sušenja: polusušeni (2 do 4 mjeseca sušenja) i sušeni (4 do 6 mjeseci sušenja).</p>
