{"id":41442,"date":"2025-04-10T12:12:57","date_gmt":"2025-04-10T10:12:57","guid":{"rendered":"https:\/\/myspainfood.com\/producto\/dzem-od-malina-iz-stare-tvornice-280-g\/"},"modified":"2025-04-10T12:12:57","modified_gmt":"2025-04-10T10:12:57","slug":"dzem-od-malina-iz-stare-tvornice-280-g","status":"publish","type":"product","link":"https:\/\/myspainfood.com\/hr\/producto\/dzem-od-malina-iz-stare-tvornice-280-g\/","title":{"rendered":"D\u017eem od malina iz stare tvornice 280 g"},"content":{"rendered":"<p>D\u017eem od maline La Vieja F\u00e1brica je gurmanski proizvod koji se isti\u010de svojim intenzivnim okusom i pripremom od najkvalitetnijih sastojaka. Napravljen od svje\u017eih, odabranih malina, ovaj d\u017eem nudi jedinstveno iskustvo okusa, obuhva\u0107aju\u0107i esenciju vo\u0107a u svakom zalogaju. <\/p>\n<p><span class=\"info-key \"><strong>Naziv jela<\/strong> :<\/span> D\u017eem od malina<\/p>\n<p><span class=\"info-key \"><strong>Naziv operatera<\/strong> :<\/span> \u00c1ngel Camacho Alimentaci\u00f3n, SL<\/p>\n<p><strong><span class=\"info-key \">Adresa operatera:<\/span><\/strong> Avda. del Pilar, 6 \u2013 41530 Mor\u00f3n de la Frontera (Sevilla)<\/p>\n<p><span class=\"info-key \"><strong>Mjesto podrijetla hrane<\/strong> :<\/span> Proizvod \u0160panjolske<\/p>\n<p><strong><span class=\"info-key \">Neto koli\u010dina:<\/span><\/strong> 350 g<\/p>\n<p><strong><span class=\"info-key \">Ostale obavezne informacije na etiketi:<\/span><\/strong> Napravljeno s 45 g malina na 100 g.<\/p>\n<p><strong>Ukupni sadr\u017eaj \u0161e\u0107era<\/strong> 50 g na 100 g.<\/p>\n","protected":false},"excerpt":{"rendered":"<p>D\u017eem od maline La Vieja F\u00e1brica je gurmanski proizvod koji se isti\u010de svojim intenzivnim okusom i pripremom od najkvalitetnijih sastojaka. Napravljen od svje\u017eih, odabranih malina, ovaj d\u017eem nudi jedinstveno iskustvo okusa, obuhva\u0107aju\u0107i esenciju vo\u0107a u svakom zalogaju. Naziv jela : D\u017eem od malina Naziv operatera : \u00c1ngel Camacho Alimentaci\u00f3n, SL Adresa operatera: Avda. del Pilar, [&hellip;]<\/p>\n","protected":false},"featured_media":41448,"template":"","meta":{"_et_pb_use_builder":"","_et_pb_old_content":"","_et_gb_content_width":""},"product_brand":[1460],"product_cat":[1917],"product_tag":[],"class_list":{"0":"post-41442","1":"product","2":"type-product","3":"status-publish","4":"has-post-thumbnail","6":"product_brand-la-vieja-fabrica","7":"product_cat-konzerve","9":"first","10":"outofstock","11":"taxable","12":"shipping-taxable","13":"product-type-variable"},"_links":{"self":[{"href":"https:\/\/myspainfood.com\/hr\/wp-json\/wp\/v2\/product\/41442","targetHints":{"allow":["GET"]}}],"collection":[{"href":"https:\/\/myspainfood.com\/hr\/wp-json\/wp\/v2\/product"}],"about":[{"href":"https:\/\/myspainfood.com\/hr\/wp-json\/wp\/v2\/types\/product"}],"wp:featuredmedia":[{"embeddable":true,"href":"https:\/\/myspainfood.com\/hr\/wp-json\/wp\/v2\/media\/41448"}],"wp:attachment":[{"href":"https:\/\/myspainfood.com\/hr\/wp-json\/wp\/v2\/media?parent=41442"}],"wp:term":[{"taxonomy":"product_brand","embeddable":true,"href":"https:\/\/myspainfood.com\/hr\/wp-json\/wp\/v2\/product_brand?post=41442"},{"taxonomy":"product_cat","embeddable":true,"href":"https:\/\/myspainfood.com\/hr\/wp-json\/wp\/v2\/product_cat?post=41442"},{"taxonomy":"product_tag","embeddable":true,"href":"https:\/\/myspainfood.com\/hr\/wp-json\/wp\/v2\/product_tag?post=41442"}],"curies":[{"name":"wp","href":"https:\/\/api.w.org\/{rel}","templated":true}]}}

Džem od malina iz stare tvornice 280 g

<p>Džem od maline La Vieja Fábrica je gurmanski proizvod koji se ističe svojim intenzivnim okusom i pripremom od najkvalitetnijih sastojaka. Napravljen od svježih, odabranih malina, ovaj džem nudi jedinstveno iskustvo okusa, obuhvaćajući esenciju voća u svakom zalogaju. </p>
<p><span class="info-key "><strong>Naziv jela</strong> :</span> Džem od malina</p>
<p><span class="info-key "><strong>Naziv operatera</strong> :</span> Ángel Camacho Alimentación, SL</p>
<p><strong><span class="info-key ">Adresa operatera:</span></strong> Avda. del Pilar, 6 – 41530 Morón de la Frontera (Sevilla)</p>
<p><span class="info-key "><strong>Mjesto podrijetla hrane</strong> :</span> Proizvod Španjolske</p>
<p><strong><span class="info-key ">Neto količina:</span></strong> 350 g</p>
<p><strong><span class="info-key ">Ostale obavezne informacije na etiketi:</span></strong> Napravljeno s 45 g malina na 100 g.</p>
<p><strong>Ukupni sadržaj šećera</strong> 50 g na 100 g.</p>

<p>Džem od maline La Vieja Fábrica je gurmanski proizvod koji se ističe svojim intenzivnim okusom i pripremom od najkvalitetnijih sastojaka. Napravljen od svježih, odabranih malina, ovaj džem nudi jedinstveno iskustvo okusa, obuhvaćajući esenciju voća u svakom zalogaju. Naziv jela : Džem od malina Naziv operatera : Ángel Camacho Alimentación, SL Adresa operatera: Avda. del Pilar, [&hellip;]</p>
