{"id":41995,"date":"2025-04-10T12:11:40","date_gmt":"2025-04-10T10:11:40","guid":{"rendered":"https:\/\/myspainfood.com\/producto\/srdele-u-suncokretovom-ulju-12-14-komada-111-gr\/"},"modified":"2025-04-10T12:11:40","modified_gmt":"2025-04-10T10:11:40","slug":"srdele-u-suncokretovom-ulju-12-14-komada-111-gr","status":"publish","type":"product","link":"https:\/\/myspainfood.com\/hr\/producto\/srdele-u-suncokretovom-ulju-12-14-komada-111-gr\/","title":{"rendered":"Srdele u suncokretovom ulju 12\/14 komada 111 gr"},"content":{"rendered":"<p>Otkrijte ukusan okus mora s na\u0161im sardinama u vrhunskom suncokretovom ulju! Svaki zalogaj je eksplozija svje\u017eine i kvalitete koja \u0107e odu\u0161eviti va\u0161e nepce i odvesti vas na najegzoti\u010dnije obale. <\/p>\n<p>Na\u0161e sardine pa\u017eljivo su ulovljene iz naj\u010di\u0161\u0107ih voda i odabrane kako bi se jam\u010dila njihova svje\u017eina i neusporediv okus. Natopljeni vrhunskim suncokretovim uljem, \u010duvamo njihovu nje\u017enu teksturu i prirodni okus kako bi svaki zalogaj bio nezaboravno iskustvo. <\/p>\n<p>Bogate omega-3 masnim kiselinama, esencijalnim vitaminima i mineralima, na\u0161e sardine u suncokretovom ulju nisu samo ukusne, ve\u0107 i hranjiv dodatak va\u0161oj svakodnevnoj prehrani. Koristite ih kao glavni sastojak u svje\u017eim salatama, gurmanskim zalogajima ili ih jednostavno u\u017eivajte izravno iz konzerve. <\/p>\n<p>Pripremate li elegantnu ve\u010deru ili tra\u017eite zdrav me\u0111uobrok za ponijeti, na\u0161e sardine u suncokretovom ulju savr\u0161en su izbor. Usudite se isprobati ih i otkrijte za\u0161to su najbolje \u010duvana tajna gurmana! <\/p>\n<p>Nabavite svoju konzervu sardina u suncokretovom ulju ve\u0107 danas i dodajte da\u0161ak okusa morskih plodova svojim omiljenim jelima!<\/p>\n","protected":false},"excerpt":{"rendered":"<p>Otkrijte ukusan okus mora s na\u0161im sardinama u vrhunskom suncokretovom ulju! Svaki zalogaj je eksplozija svje\u017eine i kvalitete koja \u0107e odu\u0161eviti va\u0161e nepce i odvesti vas na najegzoti\u010dnije obale. <\/p>\n","protected":false},"featured_media":41997,"template":"","meta":{"_et_pb_use_builder":"","_et_pb_old_content":"","_et_gb_content_width":""},"product_brand":[1358],"product_cat":[1917,3785],"product_tag":[],"class_list":{"0":"post-41995","1":"product","2":"type-product","3":"status-publish","4":"has-post-thumbnail","6":"product_brand-areoso","7":"product_cat-konzerve","8":"product_cat-srdele","10":"first","11":"outofstock","12":"taxable","13":"shipping-taxable","14":"product-type-simple"},"_links":{"self":[{"href":"https:\/\/myspainfood.com\/hr\/wp-json\/wp\/v2\/product\/41995","targetHints":{"allow":["GET"]}}],"collection":[{"href":"https:\/\/myspainfood.com\/hr\/wp-json\/wp\/v2\/product"}],"about":[{"href":"https:\/\/myspainfood.com\/hr\/wp-json\/wp\/v2\/types\/product"}],"wp:featuredmedia":[{"embeddable":true,"href":"https:\/\/myspainfood.com\/hr\/wp-json\/wp\/v2\/media\/41997"}],"wp:attachment":[{"href":"https:\/\/myspainfood.com\/hr\/wp-json\/wp\/v2\/media?parent=41995"}],"wp:term":[{"taxonomy":"product_brand","embeddable":true,"href":"https:\/\/myspainfood.com\/hr\/wp-json\/wp\/v2\/product_brand?post=41995"},{"taxonomy":"product_cat","embeddable":true,"href":"https:\/\/myspainfood.com\/hr\/wp-json\/wp\/v2\/product_cat?post=41995"},{"taxonomy":"product_tag","embeddable":true,"href":"https:\/\/myspainfood.com\/hr\/wp-json\/wp\/v2\/product_tag?post=41995"}],"curies":[{"name":"wp","href":"https:\/\/api.w.org\/{rel}","templated":true}]}}

<p>Otkrijte ukusan okus mora s našim sardinama u vrhunskom suncokretovom ulju! Svaki zalogaj je eksplozija svježine i kvalitete koja će oduševiti vaše nepce i odvesti vas na najegzotičnije obale. </p>
<p>Naše sardine pažljivo su ulovljene iz najčišćih voda i odabrane kako bi se jamčila njihova svježina i neusporediv okus. Natopljeni vrhunskim suncokretovim uljem, čuvamo njihovu nježnu teksturu i prirodni okus kako bi svaki zalogaj bio nezaboravno iskustvo. </p>
<p>Bogate omega-3 masnim kiselinama, esencijalnim vitaminima i mineralima, naše sardine u suncokretovom ulju nisu samo ukusne, već i hranjiv dodatak vašoj svakodnevnoj prehrani. Koristite ih kao glavni sastojak u svježim salatama, gurmanskim zalogajima ili ih jednostavno uživajte izravno iz konzerve. </p>
<p>Pripremate li elegantnu večeru ili tražite zdrav međuobrok za ponijeti, naše sardine u suncokretovom ulju savršen su izbor. Usudite se isprobati ih i otkrijte zašto su najbolje čuvana tajna gurmana! </p>
<p>Nabavite svoju konzervu sardina u suncokretovom ulju već danas i dodajte dašak okusa morskih plodova svojim omiljenim jelima!</p>

<p>Otkrijte ukusan okus mora s našim sardinama u vrhunskom suncokretovom ulju! Svaki zalogaj je eksplozija svježine i kvalitete koja će oduševiti vaše nepce i odvesti vas na najegzotičnije obale. </p>
