{"id":47628,"date":"2025-04-10T12:07:16","date_gmt":"2025-04-10T10:07:16","guid":{"rendered":"https:\/\/myspainfood.com\/producto\/banka-mlado-vino-senorio-de-nava-2022\/"},"modified":"2025-04-10T12:07:16","modified_gmt":"2025-04-10T10:07:16","slug":"banka-mlado-vino-senorio-de-nava-2022","status":"publish","type":"product","link":"https:\/\/myspainfood.com\/hr\/producto\/banka-mlado-vino-senorio-de-nava-2022\/","title":{"rendered":"Banka. Mlado vino Se\u00f1or\u00edo de Nava 2022"},"content":{"rendered":"<p>Bilje\u0161ke okusa Boja tre\u0161nje, dobro prekriveno, s kestenjastim rubovima; sna\u017ean i mladena\u010dki izgled, elegantan, svijetao, nepogre\u0161iv, koji ispunjava \u010da\u0161u crvenom \u010dipkom dok pada iz boce. Kompleksna i fina aroma; vrlo postojani za\u010dini, s vrhuncem balzami\u010dnog mirisa, pr\u017eeni i podsje\u0107aju na kavu i sladi\u0107. U ustima pokazuje koncentraciju, sjajnu strukturu, \u0161iroko, dobre tanine, uravnote\u017eeno, glatko na dodir i ostavlja osje\u0107aj fino\u0107e. Elegantno, sa \u0161irokim rasponom osjeta.   <\/p>\n<p>Gastronomija \u2013 Preporu\u010dena jela uz meso, ribu, pe\u010denja i svje\u017ee sireve.<\/p>\n","protected":false},"excerpt":{"rendered":"<p>Bilje\u0161ke okusa Boja tre\u0161nje, dobro prekriveno, s kestenjastim rubovima; sna\u017ean i mladena\u010dki izgled, elegantan, svijetao, nepogre\u0161iv, koji ispunjava \u010da\u0161u crvenom \u010dipkom dok pada iz boce. Kompleksna i fina aroma; vrlo postojani za\u010dini, s vrhuncem balzami\u010dnog mirisa, pr\u017eeni i podsje\u0107aju na kavu i sladi\u0107. U ustima pokazuje koncentraciju, sjajnu strukturu, \u0161iroko, dobre tanine, uravnote\u017eeno, glatko na [&hellip;]<\/p>\n","protected":false},"featured_media":47633,"template":"","meta":{"_et_pb_use_builder":"","_et_pb_old_content":"","_et_gb_content_width":""},"product_brand":[1224],"product_cat":[5275,4919],"product_tag":[5277],"class_list":{"0":"post-47628","1":"product","2":"type-product","3":"status-publish","4":"has-post-thumbnail","6":"product_brand-senorio-de-nava","7":"product_cat-dosao-hr","8":"product_cat-pica","9":"product_tag-rasplod","11":"first","12":"outofstock","13":"taxable","14":"shipping-taxable","15":"product-type-variable"},"_links":{"self":[{"href":"https:\/\/myspainfood.com\/hr\/wp-json\/wp\/v2\/product\/47628","targetHints":{"allow":["GET"]}}],"collection":[{"href":"https:\/\/myspainfood.com\/hr\/wp-json\/wp\/v2\/product"}],"about":[{"href":"https:\/\/myspainfood.com\/hr\/wp-json\/wp\/v2\/types\/product"}],"wp:featuredmedia":[{"embeddable":true,"href":"https:\/\/myspainfood.com\/hr\/wp-json\/wp\/v2\/media\/47633"}],"wp:attachment":[{"href":"https:\/\/myspainfood.com\/hr\/wp-json\/wp\/v2\/media?parent=47628"}],"wp:term":[{"taxonomy":"product_brand","embeddable":true,"href":"https:\/\/myspainfood.com\/hr\/wp-json\/wp\/v2\/product_brand?post=47628"},{"taxonomy":"product_cat","embeddable":true,"href":"https:\/\/myspainfood.com\/hr\/wp-json\/wp\/v2\/product_cat?post=47628"},{"taxonomy":"product_tag","embeddable":true,"href":"https:\/\/myspainfood.com\/hr\/wp-json\/wp\/v2\/product_tag?post=47628"}],"curies":[{"name":"wp","href":"https:\/\/api.w.org\/{rel}","templated":true}]}}

Banka. Mlado vino Señorío de Nava 2022

<p>Bilješke okusa Boja trešnje, dobro prekriveno, s kestenjastim rubovima; snažan i mladenački izgled, elegantan, svijetao, nepogrešiv, koji ispunjava čašu crvenom čipkom dok pada iz boce. Kompleksna i fina aroma; vrlo postojani začini, s vrhuncem balzamičnog mirisa, prženi i podsjećaju na kavu i sladić. U ustima pokazuje koncentraciju, sjajnu strukturu, široko, dobre tanine, uravnoteženo, glatko na dodir i ostavlja osjećaj finoće. Elegantno, sa širokim rasponom osjeta.   </p>
<p>Gastronomija – Preporučena jela uz meso, ribu, pečenja i svježe sireve.</p>

<p>Bilješke okusa Boja trešnje, dobro prekriveno, s kestenjastim rubovima; snažan i mladenački izgled, elegantan, svijetao, nepogrešiv, koji ispunjava čašu crvenom čipkom dok pada iz boce. Kompleksna i fina aroma; vrlo postojani začini, s vrhuncem balzamičnog mirisa, prženi i podsjećaju na kavu i sladić. U ustima pokazuje koncentraciju, sjajnu strukturu, široko, dobre tanine, uravnoteženo, glatko na [&hellip;]</p>
