{"id":33796,"date":"2025-04-10T12:09:55","date_gmt":"2025-04-10T10:09:55","guid":{"rendered":"https:\/\/myspainfood.com\/producto\/melva-de-andalucia-canutera-file-olivaolajban\/"},"modified":"2025-04-10T12:09:55","modified_gmt":"2025-04-10T10:09:55","slug":"melva-de-andalucia-canutera-file-olivaolajban","status":"publish","type":"product","link":"https:\/\/myspainfood.com\/hu\/producto\/melva-de-andalucia-canutera-file-olivaolajban\/","title":{"rendered":"Melva de Andalucia Canutera fil\u00e9 ol\u00edvaolajban"},"content":{"rendered":"<p>A PESASUR nem haszn\u00e1l semmilyen vegyi anyagot a gy\u00e1rt\u00e1si folyamat sor\u00e1n, \u00e9s a makr\u00e9lafil\u00e9t gener\u00e1ci\u00f3k \u00f3ta megmunk\u00e1l\u00f3 munkaer\u0151 tapasztalata biztos\u00edtja a hal t\u00f6k\u00e9letes tisztas\u00e1g\u00e1t \u00e9s a fil\u00e9k kiv\u00e1l\u00f3 megjelen\u00e9s\u00e9t minden form\u00e1tum\u00fa \u00fcvegben \u00e9s konzervdobozban.<\/p>\n<h4>A konzervek f\u0151 el\u0151nyei<\/h4>\n<ol>\n<li>Meg\u0151rzik mag\u00e1nak az \u00e9lelmiszernek minden t\u00e1panyagtartalm\u00e1t. Az \u00e9lelmiszer meg\u0151rzi frissess\u00e9g\u00e9t. <\/li>\n<li>A felhaszn\u00e1lt \u00e9lelmiszerek eg\u00e9szs\u00e9gesek, ez\u00e9rt magas vitamin- \u00e9s feh\u00e9rjetartalmuk miatt alkalmasak az optim\u00e1lis \u00e9trendre.<\/li>\n<li>Ezek a term\u00e9kek hosszabb \u00e9lettartam\u00faak (jellemz\u0151en 2-5 \u00e9v).<\/li>\n<li>A konzervek nagyon k\u00f6nnyen t\u00e1rolhat\u00f3k, mivel a csomagol\u00e1suk k\u00f6nnyen alkalmazhat\u00f3.<\/li>\n<\/ol>\n<p>Ha andal\u00faziai makr\u00e9l\u00e1t vagy b\u00e1rmilyen m\u00e1s t\u00edpus\u00fa <a href=\"https:\/\/latiendadesami.com\/categoria-producto\/conservas\/\" rel=\"noopener noreferrer nofollow\" target=\"_blank\">konzervet<\/a> szeretne v\u00e1s\u00e1rolni, ne habozzon, n\u00e9zze meg online katal\u00f3gusunkat, hogy l\u00e1thassa a <a href=\"https:\/\/latiendadesami.com\/categoria-producto\/conservas\/atun-y-bonito\/\" target=\"_blank\" rel=\"noopener noreferrer nofollow\">tonhalak<\/a> sz\u00e9les v\u00e1laszt\u00e9k\u00e1t.<\/p>\n<p>Tov\u00e1bbi inform\u00e1ci\u00f3\u00e9rt \u00edrjon nek\u00fcnk.<\/p>\n","protected":false},"excerpt":{"rendered":"<p>Andal\u00faziai makr\u00e9la ol\u00edvaolaj<\/p>\n","protected":false},"featured_media":12511,"template":"","meta":{"_et_pb_use_builder":"","_et_pb_old_content":"","_et_gb_content_width":""},"product_brand":[1205],"product_cat":[1955,7463],"product_tag":[],"class_list":{"0":"post-33796","1":"product","2":"type-product","3":"status-publish","4":"has-post-thumbnail","6":"product_brand-pesasur","7":"product_cat-megorzi-a","8":"product_cat-melva-hu","10":"first","11":"outofstock","12":"taxable","13":"shipping-taxable","14":"product-type-variable"},"_links":{"self":[{"href":"https:\/\/myspainfood.com\/hu\/wp-json\/wp\/v2\/product\/33796","targetHints":{"allow":["GET"]}}],"collection":[{"href":"https:\/\/myspainfood.com\/hu\/wp-json\/wp\/v2\/product"}],"about":[{"href":"https:\/\/myspainfood.com\/hu\/wp-json\/wp\/v2\/types\/product"}],"wp:featuredmedia":[{"embeddable":true,"href":"https:\/\/myspainfood.com\/hu\/wp-json\/wp\/v2\/media\/12511"}],"wp:attachment":[{"href":"https:\/\/myspainfood.com\/hu\/wp-json\/wp\/v2\/media?parent=33796"}],"wp:term":[{"taxonomy":"product_brand","embeddable":true,"href":"https:\/\/myspainfood.com\/hu\/wp-json\/wp\/v2\/product_brand?post=33796"},{"taxonomy":"product_cat","embeddable":true,"href":"https:\/\/myspainfood.com\/hu\/wp-json\/wp\/v2\/product_cat?post=33796"},{"taxonomy":"product_tag","embeddable":true,"href":"https:\/\/myspainfood.com\/hu\/wp-json\/wp\/v2\/product_tag?post=33796"}],"curies":[{"name":"wp","href":"https:\/\/api.w.org\/{rel}","templated":true}]}}

Melva de Andalucia Canutera filé olívaolajban

<p>A PESASUR nem használ semmilyen vegyi anyagot a gyártási folyamat során, és a makrélafilét generációk óta megmunkáló munkaerő tapasztalata biztosítja a hal tökéletes tisztaságát és a filék kiváló megjelenését minden formátumú üvegben és konzervdobozban.</p>
<h4>A konzervek fő előnyei</h4>
<ol>
<li>Megőrzik magának az élelmiszernek minden tápanyagtartalmát. Az élelmiszer megőrzi frissességét. </li>
<li>A felhasznált élelmiszerek egészségesek, ezért magas vitamin- és fehérjetartalmuk miatt alkalmasak az optimális étrendre.</li>
<li>Ezek a termékek hosszabb élettartamúak (jellemzően 2-5 év).</li>
<li>A konzervek nagyon könnyen tárolhatók, mivel a csomagolásuk könnyen alkalmazható.</li>
</ol>
<p>Ha andalúziai makrélát vagy bármilyen más típusú <a href="https://latiendadesami.com/categoria-producto/conservas/" rel="noopener noreferrer nofollow" target="_blank">konzervet</a> szeretne vásárolni, ne habozzon, nézze meg online katalógusunkat, hogy láthassa a <a href="https://latiendadesami.com/categoria-producto/conservas/atun-y-bonito/" target="_blank" rel="noopener noreferrer nofollow">tonhalak</a> széles választékát.</p>
<p>További információért írjon nekünk.</p>

<p>Andalúziai makréla olívaolaj</p>
