{"id":38713,"date":"2025-04-10T12:09:11","date_gmt":"2025-04-10T10:09:11","guid":{"rendered":"https:\/\/myspainfood.com\/producto\/laktozmentes-vegyes-sajt-250-gr-el-gran-cardenal\/"},"modified":"2025-06-24T13:37:12","modified_gmt":"2025-06-24T11:37:12","slug":"laktozmentes-vegyes-sajt-250-gr-el-gran-cardenal","status":"publish","type":"product","link":"https:\/\/myspainfood.com\/hu\/producto\/laktozmentes-vegyes-sajt-250-gr-el-gran-cardenal\/","title":{"rendered":"Lakt\u00f3zmentes vegyes sajt 250 gr El Gran Cardenal"},"content":{"rendered":"<div class=\"et_pb_blurb_container\">\n<div class=\"et_pb_blurb_container\">\n<div class=\"et_pb_blurb_container\">\n<h4 class=\"et_pb_module_header\">Lakt\u00f3zmentes kever\u00e9k<\/h4>\n<div class=\"et_pb_blurb_description\">A lakt\u00f3z\u00e9rz\u00e9kenyeknek sem kell t\u00f6bb\u00e9 lemondaniuk egy nagyszer\u0171 sajtr\u00f3l.<\/p>\n<p>A lakt\u00f3zmentes\u00edt\u00e9s c\u00e9lj\u00e1b\u00f3l megfelel\u0151en kezelt juh- \u00e9s teh\u00e9ntejb\u0151l k\u00e9sz\u00fclt, enyhe intenzit\u00e1s\u00fa, kr\u00e9mes \u00e1llag\u00fa \u00e9s enyh\u00e9n \u00e9des \u00edz\u0171 sajtot kapunk.<\/p>\n<p>A csal\u00e1d t\u00f6bbi tagja is szeretni fogja.<\/p><\/div>\n<\/div>\n<\/div>\n<\/div>\n","protected":false},"excerpt":{"rendered":"<p>Lakt\u00f3zmentes kever\u00e9k A lakt\u00f3z\u00e9rz\u00e9kenyeknek sem kell t\u00f6bb\u00e9 lemondaniuk egy nagyszer\u0171 sajtr\u00f3l. A lakt\u00f3zmentes\u00edt\u00e9s c\u00e9lj\u00e1b\u00f3l megfelel\u0151en kezelt juh- \u00e9s teh\u00e9ntejb\u0151l k\u00e9sz\u00fclt, enyhe intenzit\u00e1s\u00fa, kr\u00e9mes \u00e1llag\u00fa \u00e9s enyh\u00e9n \u00e9des \u00edz\u0171 sajtot kapunk. A csal\u00e1d t\u00f6bbi tagja is szeretni fogja.<\/p>\n","protected":false},"featured_media":11755,"template":"","meta":{"_et_pb_use_builder":"","_et_pb_old_content":"","_et_gb_content_width":""},"product_brand":[1319],"product_cat":[2740,1837,2278],"product_tag":[],"class_list":{"0":"post-38713","1":"product","2":"type-product","3":"status-publish","4":"has-post-thumbnail","6":"product_brand-el-gran-cardenal","7":"product_cat-gyogyitas","8":"product_cat-hideg","9":"product_cat-sajt-es-kolbasz","10":"product_shipping_class-hidegszallitas","12":"first","13":"outofstock","14":"sale","15":"taxable","16":"shipping-taxable","17":"purchasable","18":"product-type-simple"},"_links":{"self":[{"href":"https:\/\/myspainfood.com\/hu\/wp-json\/wp\/v2\/product\/38713","targetHints":{"allow":["GET"]}}],"collection":[{"href":"https:\/\/myspainfood.com\/hu\/wp-json\/wp\/v2\/product"}],"about":[{"href":"https:\/\/myspainfood.com\/hu\/wp-json\/wp\/v2\/types\/product"}],"wp:featuredmedia":[{"embeddable":true,"href":"https:\/\/myspainfood.com\/hu\/wp-json\/wp\/v2\/media\/11755"}],"wp:attachment":[{"href":"https:\/\/myspainfood.com\/hu\/wp-json\/wp\/v2\/media?parent=38713"}],"wp:term":[{"taxonomy":"product_brand","embeddable":true,"href":"https:\/\/myspainfood.com\/hu\/wp-json\/wp\/v2\/product_brand?post=38713"},{"taxonomy":"product_cat","embeddable":true,"href":"https:\/\/myspainfood.com\/hu\/wp-json\/wp\/v2\/product_cat?post=38713"},{"taxonomy":"product_tag","embeddable":true,"href":"https:\/\/myspainfood.com\/hu\/wp-json\/wp\/v2\/product_tag?post=38713"}],"curies":[{"name":"wp","href":"https:\/\/api.w.org\/{rel}","templated":true}]}}

Laktózmentes vegyes sajt 250 gr El Gran Cardenal

<div class="et_pb_blurb_container">
<div class="et_pb_blurb_container">
<div class="et_pb_blurb_container">
<h4 class="et_pb_module_header">Laktózmentes keverék</h4>
<div class="et_pb_blurb_description">A laktózérzékenyeknek sem kell többé lemondaniuk egy nagyszerű sajtról.</p>
<p>A laktózmentesítés céljából megfelelően kezelt juh- és tehéntejből készült, enyhe intenzitású, krémes állagú és enyhén édes ízű sajtot kapunk.</p>
<p>A család többi tagja is szeretni fogja.</p></div>
</div>
</div>
</div>

<p>Laktózmentes keverék A laktózérzékenyeknek sem kell többé lemondaniuk egy nagyszerű sajtról. A laktózmentesítés céljából megfelelően kezelt juh- és tehéntejből készült, enyhe intenzitású, krémes állagú és enyhén édes ízű sajtot kapunk. A család többi tagja is szeretni fogja.</p>
