{"id":40416,"date":"2025-04-10T12:12:57","date_gmt":"2025-04-10T10:12:57","guid":{"rendered":"https:\/\/myspainfood.com\/producto\/la-vieja-fabrica-malnalekvar-280-g\/"},"modified":"2025-09-02T10:53:05","modified_gmt":"2025-09-02T08:53:05","slug":"la-vieja-fabrica-malnalekvar-280-g","status":"publish","type":"product","link":"https:\/\/myspainfood.com\/hu\/producto\/la-vieja-fabrica-malnalekvar-280-g\/","title":{"rendered":"La Vieja F\u00e1brica m\u00e1lnalekv\u00e1r 280 g"},"content":{"rendered":"<p>A La Vieja F\u00e1brica m\u00e1lnalekv\u00e1r olyan \u00ednyenc term\u00e9k, amely intenz\u00edv \u00edz\u00e9vel \u00e9s a legmagasabb min\u0151s\u00e9g\u0171 alapanyagokb\u00f3l t\u00f6rt\u00e9n\u0151 elk\u00e9sz\u00edt\u00e9s\u00e9vel t\u0171nik ki. A friss \u00e9s v\u00e1logatott m\u00e1ln\u00e1b\u00f3l k\u00e9sz\u00fclt lekv\u00e1r egyed\u00fcl\u00e1ll\u00f3 \u00edz\u00e9lm\u00e9nyt ny\u00fajt, minden egyes falatban megragadva a gy\u00fcm\u00f6lcs esszenci\u00e1j\u00e1t. <\/p>\n<p><span class=\"info-key \"><strong>Az \u00e9lelmiszer neve<\/strong>:<\/span> M\u00e1lnalekv\u00e1r<\/p>\n<p><span class=\"info-key \"><strong>Az \u00fczemeltet\u0151 neve<\/strong>:<\/span> \u00c1ngel Camacho Alimentaci\u00f3n, S.L.<\/p>\n<p><strong><span class=\"info-key \">Az \u00fczemeltet\u0151 c\u00edme:<\/span><\/strong> del Pilar, 6 - 41530 Mor\u00f3n de la Frontera (Sevilla).<\/p>\n<p><span class=\"info-key \"><strong>Az \u00e9lelmiszer sz\u00e1rmaz\u00e1si helye<\/strong>:<\/span> spanyolorsz\u00e1gi term\u00e9k.<\/p>\n<p><strong><span class=\"info-key \">Nett\u00f3 mennyis\u00e9g:<\/span><\/strong> 350 g<\/p>\n<p><strong><span class=\"info-key \">Egy\u00e9b k\u00f6telez\u0151 inform\u00e1ci\u00f3k a c\u00edmk\u00e9n:<\/span><\/strong> M\u00e1lna 100 grammonk\u00e9nt 45 g m\u00e1ln\u00e1val k\u00e9sz\u00fclt.<\/p>\n<p><strong>Teljes cukortartalom<\/strong> 50 g\/100 g.<\/p>\n","protected":false},"excerpt":{"rendered":"<p>A La Vieja F\u00e1brica m\u00e1lnalekv\u00e1r olyan \u00ednyenc term\u00e9k, amely intenz\u00edv \u00edz\u00e9vel \u00e9s a legmagasabb min\u0151s\u00e9g\u0171 alapanyagokb\u00f3l t\u00f6rt\u00e9n\u0151 elk\u00e9sz\u00edt\u00e9s\u00e9vel t\u0171nik ki. A friss \u00e9s v\u00e1logatott m\u00e1ln\u00e1b\u00f3l k\u00e9sz\u00fclt lekv\u00e1r egyed\u00fcl\u00e1ll\u00f3 \u00edz\u00e9lm\u00e9nyt ny\u00fajt, minden egyes falatban megragadva a gy\u00fcm\u00f6lcs esszenci\u00e1j\u00e1t. Az \u00e9lelmiszer neve: M\u00e1lnalekv\u00e1r Az \u00fczemeltet\u0151 neve: \u00c1ngel Camacho Alimentaci\u00f3n, S.L. Az \u00fczemeltet\u0151 c\u00edme: del Pilar, 6 - [&hellip;]<\/p>\n","protected":false},"featured_media":14446,"template":"","meta":{"_et_pb_use_builder":"","_et_pb_old_content":"","_et_gb_content_width":""},"product_brand":[1460],"product_cat":[1955],"product_tag":[],"class_list":{"0":"post-40416","1":"product","2":"type-product","3":"status-publish","4":"has-post-thumbnail","6":"product_brand-la-vieja-fabrica","7":"product_cat-megorzi-a","9":"first","10":"outofstock","11":"taxable","12":"shipping-taxable","13":"product-type-variable"},"_links":{"self":[{"href":"https:\/\/myspainfood.com\/hu\/wp-json\/wp\/v2\/product\/40416","targetHints":{"allow":["GET"]}}],"collection":[{"href":"https:\/\/myspainfood.com\/hu\/wp-json\/wp\/v2\/product"}],"about":[{"href":"https:\/\/myspainfood.com\/hu\/wp-json\/wp\/v2\/types\/product"}],"wp:featuredmedia":[{"embeddable":true,"href":"https:\/\/myspainfood.com\/hu\/wp-json\/wp\/v2\/media\/14446"}],"wp:attachment":[{"href":"https:\/\/myspainfood.com\/hu\/wp-json\/wp\/v2\/media?parent=40416"}],"wp:term":[{"taxonomy":"product_brand","embeddable":true,"href":"https:\/\/myspainfood.com\/hu\/wp-json\/wp\/v2\/product_brand?post=40416"},{"taxonomy":"product_cat","embeddable":true,"href":"https:\/\/myspainfood.com\/hu\/wp-json\/wp\/v2\/product_cat?post=40416"},{"taxonomy":"product_tag","embeddable":true,"href":"https:\/\/myspainfood.com\/hu\/wp-json\/wp\/v2\/product_tag?post=40416"}],"curies":[{"name":"wp","href":"https:\/\/api.w.org\/{rel}","templated":true}]}}

La Vieja Fábrica málnalekvár 280 g

<p>A La Vieja Fábrica málnalekvár olyan ínyenc termék, amely intenzív ízével és a legmagasabb minőségű alapanyagokból történő elkészítésével tűnik ki. A friss és válogatott málnából készült lekvár egyedülálló ízélményt nyújt, minden egyes falatban megragadva a gyümölcs esszenciáját. </p>
<p><span class="info-key "><strong>Az élelmiszer neve</strong>:</span> Málnalekvár</p>
<p><span class="info-key "><strong>Az üzemeltető neve</strong>:</span> Ángel Camacho Alimentación, S.L.</p>
<p><strong><span class="info-key ">Az üzemeltető címe:</span></strong> del Pilar, 6 - 41530 Morón de la Frontera (Sevilla).</p>
<p><span class="info-key "><strong>Az élelmiszer származási helye</strong>:</span> spanyolországi termék.</p>
<p><strong><span class="info-key ">Nettó mennyiség:</span></strong> 350 g</p>
<p><strong><span class="info-key ">Egyéb kötelező információk a címkén:</span></strong> Málna 100 grammonként 45 g málnával készült.</p>
<p><strong>Teljes cukortartalom</strong> 50 g/100 g.</p>

<p>A La Vieja Fábrica málnalekvár olyan ínyenc termék, amely intenzív ízével és a legmagasabb minőségű alapanyagokból történő elkészítésével tűnik ki. A friss és válogatott málnából készült lekvár egyedülálló ízélményt nyújt, minden egyes falatban megragadva a gyümölcs esszenciáját. Az élelmiszer neve: Málnalekvár Az üzemeltető neve: Ángel Camacho Alimentación, S.L. Az üzemeltető címe: del Pilar, 6 - [&hellip;]</p>
