{"id":46380,"date":"2025-04-10T12:07:16","date_gmt":"2025-04-10T10:07:16","guid":{"rendered":"https:\/\/myspainfood.com\/producto\/ribera-senorio-de-nava-2022-fiatal-bor\/"},"modified":"2025-04-10T12:07:16","modified_gmt":"2025-04-10T10:07:16","slug":"ribera-senorio-de-nava-2022-fiatal-bor","status":"publish","type":"product","link":"https:\/\/myspainfood.com\/hu\/producto\/ribera-senorio-de-nava-2022-fiatal-bor\/","title":{"rendered":"Ribera. Se\u00f1or\u00edo de Nava 2022 fiatal bor"},"content":{"rendered":"<p>K\u00f3stol\u00e1si jegyzetek Cseresznyepiros sz\u00edn, j\u00f3l fedett, gr\u00e1n\u00e1tv\u00f6r\u00f6s peremmel; er\u0151teljes \u00e9s fiatalos megjelen\u00e9s, eleg\u00e1ns, f\u00e9nyes, \u00f6sszet\u00e9veszthetetlen, amely a palackb\u00f3l lecseppenve v\u00f6r\u00f6s csipk\u00e9vel t\u00f6lti meg a poharat. \u00d6sszetett \u00e9s finom illat; nagyon tart\u00f3s f\u0171szerek, a balzsamecetes arom\u00e1k cs\u00facs\u00e1val, p\u00f6rk\u00f6lt k\u00e1v\u00e9val \u00e9s \u00e9desgy\u00f6k\u00e9rrel. Sz\u00e1jban koncentr\u00e1lt, pomp\u00e1s szerkezet\u0171, b\u0151s\u00e9ges, j\u00f3 tannin\u00fa, kiegyens\u00falyozott, zs\u00edros tapint\u00e1s\u00fa, \u00e9s a fineszess\u00e9g \u00e9rzet\u00e9t hagyja maga ut\u00e1n. Eleg\u00e1ns, az \u00e9rzetek sz\u00e9les sk\u00e1l\u00e1j\u00e1val.   <\/p>\n<p>Gasztron\u00f3mia-Javasolt \u00e9telek H\u00fasok, halak, s\u00fcltek \u00e9s friss sajtok mell\u00e9.<\/p>\n","protected":false},"excerpt":{"rendered":"<p>K\u00f3stol\u00e1si jegyzetek Cseresznyepiros sz\u00edn, j\u00f3l fedett, gr\u00e1n\u00e1tv\u00f6r\u00f6s peremmel; er\u0151teljes \u00e9s fiatalos megjelen\u00e9s, eleg\u00e1ns, f\u00e9nyes, \u00f6sszet\u00e9veszthetetlen, amely a palackb\u00f3l lecseppenve v\u00f6r\u00f6s csipk\u00e9vel t\u00f6lti meg a poharat. \u00d6sszetett \u00e9s finom illat; nagyon tart\u00f3s f\u0171szerek, a balzsamecetes arom\u00e1k cs\u00facs\u00e1val, p\u00f6rk\u00f6lt k\u00e1v\u00e9val \u00e9s \u00e9desgy\u00f6k\u00e9rrel. Sz\u00e1jban koncentr\u00e1lt, pomp\u00e1s szerkezet\u0171, b\u0151s\u00e9ges, j\u00f3 tannin\u00fa, kiegyens\u00falyozott, zs\u00edros tapint\u00e1s\u00fa, \u00e9s a fineszess\u00e9g \u00e9rzet\u00e9t hagyja [&hellip;]<\/p>\n","protected":false},"featured_media":9703,"template":"","meta":{"_et_pb_use_builder":"","_et_pb_old_content":"","_et_gb_content_width":""},"product_brand":[1224],"product_cat":[5267,4875],"product_tag":[5269],"class_list":{"0":"post-46380","1":"product","2":"type-product","3":"status-publish","4":"has-post-thumbnail","6":"product_brand-senorio-de-nava","7":"product_cat-bor-hu","8":"product_cat-italok","9":"product_tag-neveles","11":"first","12":"outofstock","13":"taxable","14":"shipping-taxable","15":"product-type-variable"},"_links":{"self":[{"href":"https:\/\/myspainfood.com\/hu\/wp-json\/wp\/v2\/product\/46380","targetHints":{"allow":["GET"]}}],"collection":[{"href":"https:\/\/myspainfood.com\/hu\/wp-json\/wp\/v2\/product"}],"about":[{"href":"https:\/\/myspainfood.com\/hu\/wp-json\/wp\/v2\/types\/product"}],"wp:featuredmedia":[{"embeddable":true,"href":"https:\/\/myspainfood.com\/hu\/wp-json\/wp\/v2\/media\/9703"}],"wp:attachment":[{"href":"https:\/\/myspainfood.com\/hu\/wp-json\/wp\/v2\/media?parent=46380"}],"wp:term":[{"taxonomy":"product_brand","embeddable":true,"href":"https:\/\/myspainfood.com\/hu\/wp-json\/wp\/v2\/product_brand?post=46380"},{"taxonomy":"product_cat","embeddable":true,"href":"https:\/\/myspainfood.com\/hu\/wp-json\/wp\/v2\/product_cat?post=46380"},{"taxonomy":"product_tag","embeddable":true,"href":"https:\/\/myspainfood.com\/hu\/wp-json\/wp\/v2\/product_tag?post=46380"}],"curies":[{"name":"wp","href":"https:\/\/api.w.org\/{rel}","templated":true}]}}

Ribera. Señorío de Nava 2022 fiatal bor

<p>Kóstolási jegyzetek Cseresznyepiros szín, jól fedett, gránátvörös peremmel; erőteljes és fiatalos megjelenés, elegáns, fényes, összetéveszthetetlen, amely a palackból lecseppenve vörös csipkével tölti meg a poharat. Összetett és finom illat; nagyon tartós fűszerek, a balzsamecetes aromák csúcsával, pörkölt kávéval és édesgyökérrel. Szájban koncentrált, pompás szerkezetű, bőséges, jó tanninú, kiegyensúlyozott, zsíros tapintású, és a fineszesség érzetét hagyja maga után. Elegáns, az érzetek széles skálájával.   </p>
<p>Gasztronómia-Javasolt ételek Húsok, halak, sültek és friss sajtok mellé.</p>

<p>Kóstolási jegyzetek Cseresznyepiros szín, jól fedett, gránátvörös peremmel; erőteljes és fiatalos megjelenés, elegáns, fényes, összetéveszthetetlen, amely a palackból lecseppenve vörös csipkével tölti meg a poharat. Összetett és finom illat; nagyon tartós fűszerek, a balzsamecetes aromák csúcsával, pörkölt kávéval és édesgyökérrel. Szájban koncentrált, pompás szerkezetű, bőséges, jó tanninú, kiegyensúlyozott, zsíros tapintású, és a fineszesség érzetét hagyja [&hellip;]</p>
