{"id":49285,"date":"2025-04-10T12:07:47","date_gmt":"2025-04-10T10:07:47","guid":{"rendered":"https:\/\/myspainfood.com\/producto\/manzanilla-4-kg-242-aperitif\/"},"modified":"2025-04-10T12:07:47","modified_gmt":"2025-04-10T10:07:47","slug":"manzanilla-4-kg-242-aperitif","status":"publish","type":"product","link":"https:\/\/myspainfood.com\/hu\/producto\/manzanilla-4-kg-242-aperitif\/","title":{"rendered":"Manzanilla 4 kg 242 aperitif"},"content":{"rendered":"<p>A &#8222;manzanilla&#8221; elnevez\u00e9st az olajfa (Olea europaea) k\u00fcl\u00f6nb\u00f6z\u0151 fajt\u00e1inak adt\u00e1k. Ezt a nevet kapta az \u00e1ltaluk termelt gy\u00fcm\u00f6lcs vagy olajbogy\u00f3 is. A legfontosabb fajt\u00e1k a manzanilla sevillana, a manzanilla cacere\u00f1a \u00e9s a manzanilla alore\u00f1a.    <\/p>\n","protected":false},"excerpt":{"rendered":"<p>A &#8222;manzanilla&#8221; elnevez\u00e9st az olajfa (Olea europaea) k\u00fcl\u00f6nb\u00f6z\u0151 fajt\u00e1inak adt\u00e1k. Ezt a nevet kapta az \u00e1ltaluk termelt gy\u00fcm\u00f6lcs vagy olajbogy\u00f3 is. A legfontosabb fajt\u00e1k a manzanilla sevillana, a manzanilla cacere\u00f1a \u00e9s a manzanilla alore\u00f1a.<\/p>\n","protected":false},"featured_media":10144,"template":"","meta":{"_et_pb_use_builder":"","_et_pb_old_content":"","_et_gb_content_width":""},"product_brand":[1069],"product_cat":[1569,1568],"product_tag":[2048],"class_list":{"0":"post-49285","1":"product","2":"type-product","3":"status-publish","4":"has-post-thumbnail","6":"product_brand-sangar","7":"product_cat-olajbogyo","8":"product_cat-savanyusagok","9":"product_tag-kamilla","11":"first","12":"outofstock","13":"taxable","14":"shipping-taxable","15":"purchasable","16":"product-type-simple"},"_links":{"self":[{"href":"https:\/\/myspainfood.com\/hu\/wp-json\/wp\/v2\/product\/49285","targetHints":{"allow":["GET"]}}],"collection":[{"href":"https:\/\/myspainfood.com\/hu\/wp-json\/wp\/v2\/product"}],"about":[{"href":"https:\/\/myspainfood.com\/hu\/wp-json\/wp\/v2\/types\/product"}],"wp:featuredmedia":[{"embeddable":true,"href":"https:\/\/myspainfood.com\/hu\/wp-json\/wp\/v2\/media\/10144"}],"wp:attachment":[{"href":"https:\/\/myspainfood.com\/hu\/wp-json\/wp\/v2\/media?parent=49285"}],"wp:term":[{"taxonomy":"product_brand","embeddable":true,"href":"https:\/\/myspainfood.com\/hu\/wp-json\/wp\/v2\/product_brand?post=49285"},{"taxonomy":"product_cat","embeddable":true,"href":"https:\/\/myspainfood.com\/hu\/wp-json\/wp\/v2\/product_cat?post=49285"},{"taxonomy":"product_tag","embeddable":true,"href":"https:\/\/myspainfood.com\/hu\/wp-json\/wp\/v2\/product_tag?post=49285"}],"curies":[{"name":"wp","href":"https:\/\/api.w.org\/{rel}","templated":true}]}}

<p>A &#8222;manzanilla&#8221; elnevezést az olajfa (Olea europaea) különböző fajtáinak adták. Ezt a nevet kapta az általuk termelt gyümölcs vagy olajbogyó is. A legfontosabb fajták a manzanilla sevillana, a manzanilla cacereña és a manzanilla aloreña.    </p>

<p>A &#8222;manzanilla&#8221; elnevezést az olajfa (Olea europaea) különböző fajtáinak adták. Ezt a nevet kapta az általuk termelt gyümölcs vagy olajbogyó is. A legfontosabb fajták a manzanilla sevillana, a manzanilla cacereña és a manzanilla aloreña.</p>
