{"id":43815,"date":"2025-04-10T12:10:04","date_gmt":"2025-04-10T10:10:04","guid":{"rendered":"https:\/\/myspainfood.com\/producto\/vino-senorio-de-nava-2021-ribera-60-unita\/"},"modified":"2025-04-10T12:10:04","modified_gmt":"2025-04-10T10:10:04","slug":"vino-senorio-de-nava-2021-ribera-60-unita","status":"publish","type":"product","link":"https:\/\/myspainfood.com\/it\/producto\/vino-senorio-de-nava-2021-ribera-60-unita\/","title":{"rendered":"Vino Se\u00f1or\u00edo de Nava 2021 Ribera 60 unit\u00e0"},"content":{"rendered":"<p>Note di degustazione Colore rosso ciliegia, ben coperto, con orlo granato; aspetto vigoroso e giovanile, elegante, luminoso, inconfondibile, che riempie il bicchiere di pizzo rosso mentre scende dalla bottiglia. Aroma complesso e fine; spezie molto persistenti, con un picco di aromi balsamici, caff\u00e8 tostato e liquirizia. In bocca mostra concentrazione, splendida struttura, ampia, buon tannino, equilibrato, con un tocco untuoso e lascia una sensazione di finezza. Elegante, con un&#8217;ampia gamma di sensazioni.   <\/p>\n<p>Gastronomia-Piatti consigliati Per accompagnare carne, pesce, arrosti e formaggi freschi.<\/p>\n","protected":false},"excerpt":{"rendered":"<p>Note di degustazione Colore rosso ciliegia, ben coperto, con orlo granato; aspetto vigoroso e giovanile, elegante, luminoso, inconfondibile, che riempie il bicchiere di pizzo rosso mentre scende dalla bottiglia. Aroma complesso e fine; spezie molto persistenti, con un picco di aromi balsamici, caff\u00e8 tostato e liquirizia. In bocca mostra concentrazione, splendida struttura, ampia, buon tannino, [&hellip;]<\/p>\n","protected":false},"featured_media":9722,"template":"","meta":{"_et_pb_use_builder":"","_et_pb_old_content":"","_et_gb_content_width":""},"product_brand":[1224],"product_cat":[2903,7380],"product_tag":[5264],"class_list":{"0":"post-43815","1":"product","2":"type-product","3":"status-publish","4":"has-post-thumbnail","6":"product_brand-senorio-de-nava","7":"product_cat-allingrosso","8":"product_cat-bevande-it","9":"product_tag-educazione","11":"first","12":"outofstock","13":"taxable","14":"shipping-taxable","15":"purchasable","16":"product-type-simple"},"_links":{"self":[{"href":"https:\/\/myspainfood.com\/it\/wp-json\/wp\/v2\/product\/43815","targetHints":{"allow":["GET"]}}],"collection":[{"href":"https:\/\/myspainfood.com\/it\/wp-json\/wp\/v2\/product"}],"about":[{"href":"https:\/\/myspainfood.com\/it\/wp-json\/wp\/v2\/types\/product"}],"wp:featuredmedia":[{"embeddable":true,"href":"https:\/\/myspainfood.com\/it\/wp-json\/wp\/v2\/media\/9722"}],"wp:attachment":[{"href":"https:\/\/myspainfood.com\/it\/wp-json\/wp\/v2\/media?parent=43815"}],"wp:term":[{"taxonomy":"product_brand","embeddable":true,"href":"https:\/\/myspainfood.com\/it\/wp-json\/wp\/v2\/product_brand?post=43815"},{"taxonomy":"product_cat","embeddable":true,"href":"https:\/\/myspainfood.com\/it\/wp-json\/wp\/v2\/product_cat?post=43815"},{"taxonomy":"product_tag","embeddable":true,"href":"https:\/\/myspainfood.com\/it\/wp-json\/wp\/v2\/product_tag?post=43815"}],"curies":[{"name":"wp","href":"https:\/\/api.w.org\/{rel}","templated":true}]}}

Vino Señorío de Nava 2021 Ribera 60 unità

<p>Note di degustazione Colore rosso ciliegia, ben coperto, con orlo granato; aspetto vigoroso e giovanile, elegante, luminoso, inconfondibile, che riempie il bicchiere di pizzo rosso mentre scende dalla bottiglia. Aroma complesso e fine; spezie molto persistenti, con un picco di aromi balsamici, caffè tostato e liquirizia. In bocca mostra concentrazione, splendida struttura, ampia, buon tannino, equilibrato, con un tocco untuoso e lascia una sensazione di finezza. Elegante, con un&#8217;ampia gamma di sensazioni.   </p>
<p>Gastronomia-Piatti consigliati Per accompagnare carne, pesce, arrosti e formaggi freschi.</p>

<p>Note di degustazione Colore rosso ciliegia, ben coperto, con orlo granato; aspetto vigoroso e giovanile, elegante, luminoso, inconfondibile, che riempie il bicchiere di pizzo rosso mentre scende dalla bottiglia. Aroma complesso e fine; spezie molto persistenti, con un picco di aromi balsamici, caffè tostato e liquirizia. In bocca mostra concentrazione, splendida struttura, ampia, buon tannino, [&hellip;]</p>
