{"id":46291,"date":"2025-04-10T12:07:16","date_gmt":"2025-04-10T10:07:16","guid":{"rendered":"https:\/\/myspainfood.com\/producto\/anciuviu-file-mateo-950-gr\/"},"modified":"2025-09-02T10:39:17","modified_gmt":"2025-09-02T08:39:17","slug":"anciuviu-file-mateo-950-gr","status":"publish","type":"product","link":"https:\/\/myspainfood.com\/lt\/producto\/anciuviu-file-mateo-950-gr\/","title":{"rendered":"An\u010diuvi\u0173 fil\u0117 Mateo 950 gr"},"content":{"rendered":"<p>An\u010diuvi\u0173 fil\u0117 Mateo 950 gr <a href=\"https:\/\/twitter.com\/mca_spain\" target=\"_blank\" rel=\"noopener noreferrer nofollow\">saul\u0117gr\u0105\u017e\u0173<\/a> aliejuje.<\/p>\n<p>Sudedamosios dalys: An\u010diuviai, saul\u0117gr\u0105\u017e\u0173 aliejus (32 %) ir druska.<\/p>\n<p>Atidaryt\u0105 laikykite \u0161aldytuve ir suvartokite per 5 dienas.<\/p>\n<p>&#8222;La Viuda de Mateo&#8221; yra vienas i\u0161 komercini\u0173 prek\u0117s \u017eenkl\u0173, su kuriais &#8222;MCA Spain&#8221; grup\u0117 prekiauja rinkoje.<\/p>\n<p>&#8222;MCA Spain&#8221; i\u0161takos - dabartinio generalinio direktoriaus Carloso Ripos patirtis, \u012fgyta de\u0161imtmet\u012f dirbant \u0161eimos \u012fmon\u0117je, susijusioje su ma\u017emenine maisto produkt\u0173 prekyba.<\/p>\n<p>Ta\u010diau a\u0161tuntojo de\u0161imtme\u010dio viduryje Ripa savo gimtajame mieste (Mendavijoje, Navaroje) prad\u0117jo asmenin\u012f projekt\u0105 - konserv\u0173 gamybos \u012fmon\u0119 MCA Spain.<\/p>\n<p>\u0160i bendrov\u0117, gaminanti dar\u017eovi\u0173 ir \u017euvies konservus, \u012fsitvirtino Ispanijos \u017eem\u0117s \u016bkio ir maisto produkt\u0173 sektoriaus pirmajame skyriuje.<\/p>\n<p>\u012esp\u016bdingas pokytis, kuris neb\u016bt\u0173 \u012fmanomas be auk\u0161\u010diausios klas\u0117s komandos ir pa\u0161aukimo aptarnauti klientus.<\/p>\n<p>Jei norite \u012fsigyti &#8222;Mateo&#8221; an\u010diuvi\u0173 fil\u0117 950 gr arba bet kokio kito <a href=\"https:\/\/latiendadesami.com\/categoria-producto\/frio\/\" rel=\"noopener noreferrer nofollow\" target=\"_blank\">\u0161alto maisto,<\/a> nedvejodami per\u017ei\u016br\u0117kite vis\u0105 m\u016bs\u0173 internetin\u012f katalog\u0105.<\/p>\n<p>Mes si\u016blome auk\u0161\u010diausi\u0105 kokyb\u0119 u\u017e geriausi\u0105 kain\u0105.<\/p>\n<p>Para\u0161ykite mums, jei norite gauti daugiau informacijos arba turite klausim\u0173 apie \u0161\u012f ar kit\u0105 m\u016bs\u0173 kataloge esant\u012f gamin\u012f.<\/p>\n","protected":false},"excerpt":{"rendered":"<p>An\u010diuvi\u0173 fil\u0117 Mateo 950 gr saul\u0117gr\u0105\u017e\u0173 aliejuje. Sudedamosios dalys: An\u010diuviai, saul\u0117gr\u0105\u017e\u0173 aliejus (32 %) ir druska. Atidaryt\u0105 laikykite \u0161aldytuve ir suvartokite per 5 dienas. &#8222;La Viuda de Mateo&#8221; yra vienas i\u0161 komercini\u0173 prek\u0117s \u017eenkl\u0173, su kuriais &#8222;MCA Spain&#8221; grup\u0117 prekiauja rinkoje. &#8222;MCA Spain&#8221; i\u0161takos - dabartinio generalinio direktoriaus Carloso Ripos patirtis, \u012fgyta de\u0161imtmet\u012f dirbant \u0161eimos [&hellip;]<\/p>\n","protected":false},"featured_media":46298,"template":"","meta":{"_et_pb_use_builder":"","_et_pb_old_content":"","_et_gb_content_width":""},"product_brand":[1129],"product_cat":[1814,1812],"product_tag":[],"class_list":{"0":"post-46291","1":"product","2":"type-product","3":"status-publish","4":"has-post-thumbnail","6":"product_brand-mateo","7":"product_cat-anciuviai","8":"product_cat-saltas","9":"product_shipping_class-saltoji-siunta","11":"first","12":"outofstock","13":"taxable","14":"shipping-taxable","15":"product-type-variable"},"_links":{"self":[{"href":"https:\/\/myspainfood.com\/lt\/wp-json\/wp\/v2\/product\/46291","targetHints":{"allow":["GET"]}}],"collection":[{"href":"https:\/\/myspainfood.com\/lt\/wp-json\/wp\/v2\/product"}],"about":[{"href":"https:\/\/myspainfood.com\/lt\/wp-json\/wp\/v2\/types\/product"}],"wp:featuredmedia":[{"embeddable":true,"href":"https:\/\/myspainfood.com\/lt\/wp-json\/wp\/v2\/media\/46298"}],"wp:attachment":[{"href":"https:\/\/myspainfood.com\/lt\/wp-json\/wp\/v2\/media?parent=46291"}],"wp:term":[{"taxonomy":"product_brand","embeddable":true,"href":"https:\/\/myspainfood.com\/lt\/wp-json\/wp\/v2\/product_brand?post=46291"},{"taxonomy":"product_cat","embeddable":true,"href":"https:\/\/myspainfood.com\/lt\/wp-json\/wp\/v2\/product_cat?post=46291"},{"taxonomy":"product_tag","embeddable":true,"href":"https:\/\/myspainfood.com\/lt\/wp-json\/wp\/v2\/product_tag?post=46291"}],"curies":[{"name":"wp","href":"https:\/\/api.w.org\/{rel}","templated":true}]}}

Ančiuvių filė Mateo 950 gr

<p>Ančiuvių filė Mateo 950 gr <a href="https://twitter.com/mca_spain" target="_blank" rel="noopener noreferrer nofollow">saulėgrąžų</a> aliejuje.</p>
<p>Sudedamosios dalys: Ančiuviai, saulėgrąžų aliejus (32 %) ir druska.</p>
<p>Atidarytą laikykite šaldytuve ir suvartokite per 5 dienas.</p>
<p>&#8222;La Viuda de Mateo&#8221; yra vienas iš komercinių prekės ženklų, su kuriais &#8222;MCA Spain&#8221; grupė prekiauja rinkoje.</p>
<p>&#8222;MCA Spain&#8221; ištakos - dabartinio generalinio direktoriaus Carloso Ripos patirtis, įgyta dešimtmetį dirbant šeimos įmonėje, susijusioje su mažmenine maisto produktų prekyba.</p>
<p>Tačiau aštuntojo dešimtmečio viduryje Ripa savo gimtajame mieste (Mendavijoje, Navaroje) pradėjo asmeninį projektą - konservų gamybos įmonę MCA Spain.</p>
<p>Ši bendrovė, gaminanti daržovių ir žuvies konservus, įsitvirtino Ispanijos žemės ūkio ir maisto produktų sektoriaus pirmajame skyriuje.</p>
<p>Įspūdingas pokytis, kuris nebūtų įmanomas be aukščiausios klasės komandos ir pašaukimo aptarnauti klientus.</p>
<p>Jei norite įsigyti &#8222;Mateo&#8221; ančiuvių filė 950 gr arba bet kokio kito <a href="https://latiendadesami.com/categoria-producto/frio/" rel="noopener noreferrer nofollow" target="_blank">šalto maisto,</a> nedvejodami peržiūrėkite visą mūsų internetinį katalogą.</p>
<p>Mes siūlome aukščiausią kokybę už geriausią kainą.</p>
<p>Parašykite mums, jei norite gauti daugiau informacijos arba turite klausimų apie šį ar kitą mūsų kataloge esantį gaminį.</p>

<p>Ančiuvių filė Mateo 950 gr saulėgrąžų aliejuje. Sudedamosios dalys: Ančiuviai, saulėgrąžų aliejus (32 %) ir druska. Atidarytą laikykite šaldytuve ir suvartokite per 5 dienas. &#8222;La Viuda de Mateo&#8221; yra vienas iš komercinių prekės ženklų, su kuriais &#8222;MCA Spain&#8221; grupė prekiauja rinkoje. &#8222;MCA Spain&#8221; ištakos - dabartinio generalinio direktoriaus Carloso Ripos patirtis, įgyta dešimtmetį dirbant šeimos [&hellip;]</p>
