{"id":19894,"date":"2025-04-10T12:16:17","date_gmt":"2025-04-10T10:16:17","guid":{"rendered":"https:\/\/myspainfood.com\/producto\/san-isidro-puscietais-siers-3-kg-aptuveni\/"},"modified":"2026-01-30T14:34:30","modified_gmt":"2026-01-30T13:34:30","slug":"san-isidro-puscietais-siers-3-kg-aptuveni","status":"publish","type":"product","link":"https:\/\/myspainfood.com\/lv\/producto\/san-isidro-puscietais-siers-3-kg-aptuveni\/","title":{"rendered":"Puscietais siers San Isidro - 3 kg (aptuveni)"},"content":{"rendered":"<h3><strong>San Isidro puscietais siers - 3 kg<\/strong><\/h3>\n<p><strong>San Isidro puscietais siers<\/strong> 3,4 kg ir ide\u0101la izv\u0113le tradicion\u0101l\u0101 siera cien\u012bt\u0101jiem. T\u0101 kr\u0113m\u012bg\u0101 konsistence un maig\u0101 gar\u0161a ar intens\u012bv\u0101m nians\u0113m ir l\u012bdzsvaroti nogatavin\u0101ta, t\u0101p\u0113c tas ir ide\u0101li piem\u0113rots jebkuram gad\u012bjumam. <\/p>\n<h4><strong>Galven\u0101s iez\u012bmes:<\/strong><\/h4>\n<ul>\n<li><strong>Ide\u0101lais svars<\/strong>: 3,4 kg, paredz\u0113ts koplieto\u0161anai vai baud\u012b\u0161anai lielos pas\u0101kumos.<\/li>\n<li><strong>Amatniecisk\u0101 ra\u017eo\u0161ana<\/strong>: viet\u0113jo siera ra\u017eo\u0161anas trad\u012bciju iev\u0113ro\u0161ana.<\/li>\n<li><strong>Unik\u0101la gar\u0161a<\/strong>: maigas piena notis ar brieduma punktu, kas to izce\u013c.<\/li>\n<\/ul>\n<p>Pasniedziet kop\u0101 ar <a href=\"https:\/\/latiendadesami.com\/categoria-producto\/queso-embutido\/\" rel=\"noopener noreferrer nofollow\" target=\"_blank\">m\u016bsu Iberijas k\u016bpin\u0101t\u0101m ga\u013c\u0101m<\/a>, lai izveidotu perfektu siera galdu.<\/p>\n","protected":false},"excerpt":{"rendered":"<p>San Isidro puscietais siers - 3 kg San Isidro puscietais siers 3,4 kg ir ide\u0101la izv\u0113le tradicion\u0101l\u0101 siera cien\u012bt\u0101jiem. T\u0101 kr\u0113m\u012bg\u0101 konsistence un maig\u0101 gar\u0161a ar intens\u012bv\u0101m nians\u0113m ir l\u012bdzsvaroti nogatavin\u0101ta, t\u0101p\u0113c tas ir ide\u0101li piem\u0113rots jebkuram gad\u012bjumam. Galven\u0101s iez\u012bmes: Ide\u0101lais svars: 3,4 kg, paredz\u0113ts koplieto\u0161anai vai baud\u012b\u0161anai lielos pas\u0101kumos. Amatniecisk\u0101 ra\u017eo\u0161ana: viet\u0113jo siera ra\u017eo\u0161anas [&hellip;]<\/p>\n","protected":false},"featured_media":19900,"template":"","meta":{"_et_pb_use_builder":"","_et_pb_old_content":"","_et_gb_content_width":""},"product_brand":[],"product_cat":[5734,2274],"product_tag":[],"class_list":{"0":"post-19894","1":"product","2":"type-product","3":"status-publish","4":"has-post-thumbnail","6":"product_cat-arstesana-lv","7":"product_cat-siers-un-desa","9":"first","10":"instock","11":"taxable","12":"shipping-taxable","13":"purchasable","14":"product-type-variable"},"_links":{"self":[{"href":"https:\/\/myspainfood.com\/lv\/wp-json\/wp\/v2\/product\/19894","targetHints":{"allow":["GET"]}}],"collection":[{"href":"https:\/\/myspainfood.com\/lv\/wp-json\/wp\/v2\/product"}],"about":[{"href":"https:\/\/myspainfood.com\/lv\/wp-json\/wp\/v2\/types\/product"}],"wp:featuredmedia":[{"embeddable":true,"href":"https:\/\/myspainfood.com\/lv\/wp-json\/wp\/v2\/media\/19900"}],"wp:attachment":[{"href":"https:\/\/myspainfood.com\/lv\/wp-json\/wp\/v2\/media?parent=19894"}],"wp:term":[{"taxonomy":"product_brand","embeddable":true,"href":"https:\/\/myspainfood.com\/lv\/wp-json\/wp\/v2\/product_brand?post=19894"},{"taxonomy":"product_cat","embeddable":true,"href":"https:\/\/myspainfood.com\/lv\/wp-json\/wp\/v2\/product_cat?post=19894"},{"taxonomy":"product_tag","embeddable":true,"href":"https:\/\/myspainfood.com\/lv\/wp-json\/wp\/v2\/product_tag?post=19894"}],"curies":[{"name":"wp","href":"https:\/\/api.w.org\/{rel}","templated":true}]}}

<h3><strong>San Isidro puscietais siers - 3 kg</strong></h3>
<p><strong>San Isidro puscietais siers</strong> 3,4 kg ir ideāla izvēle tradicionālā siera cienītājiem. Tā krēmīgā konsistence un maigā garša ar intensīvām niansēm ir līdzsvaroti nogatavināta, tāpēc tas ir ideāli piemērots jebkuram gadījumam. </p>
<h4><strong>Galvenās iezīmes:</strong></h4>
<ul>
<li><strong>Ideālais svars</strong>: 3,4 kg, paredzēts koplietošanai vai baudīšanai lielos pasākumos.</li>
<li><strong>Amatnieciskā ražošana</strong>: vietējo siera ražošanas tradīciju ievērošana.</li>
<li><strong>Unikāla garša</strong>: maigas piena notis ar brieduma punktu, kas to izceļ.</li>
</ul>
<p>Pasniedziet kopā ar <a href="https://latiendadesami.com/categoria-producto/queso-embutido/" rel="noopener noreferrer nofollow" target="_blank">mūsu Iberijas kūpinātām gaļām</a>, lai izveidotu perfektu siera galdu.</p>

<p>San Isidro puscietais siers - 3 kg San Isidro puscietais siers 3,4 kg ir ideāla izvēle tradicionālā siera cienītājiem. Tā krēmīgā konsistence un maigā garša ar intensīvām niansēm ir līdzsvaroti nogatavināta, tāpēc tas ir ideāli piemērots jebkuram gadījumam. Galvenās iezīmes: Ideālais svars: 3,4 kg, paredzēts koplietošanai vai baudīšanai lielos pasākumos. Amatnieciskā ražošana: vietējo siera ražošanas [&hellip;]</p>
