{"id":23798,"date":"2025-04-10T12:06:37","date_gmt":"2025-04-10T10:06:37","guid":{"rendered":"https:\/\/myspainfood.com\/producto\/bonito-olivella-220-gr-arlequin\/"},"modified":"2025-04-10T12:06:37","modified_gmt":"2025-04-10T10:06:37","slug":"bonito-olivella-220-gr-arlequin","status":"publish","type":"product","link":"https:\/\/myspainfood.com\/lv\/producto\/bonito-olivella-220-gr-arlequin\/","title":{"rendered":"Bonito Ol\u012bve\u013c\u013ca 220 gr Arlequin"},"content":{"rendered":"<p>Arlequ\u00edn Bonito <a href=\"https:\/\/conservasarlequin.com\/arlequin\/\" target=\"_blank\" rel=\"noopener noreferrer nofollow\">Arlequ\u00edn<\/a> ol\u012bve\u013c\u013ca 220gr ir konserv\u0113ts produkts, kas gatavots tradicion\u0101l\u0101 veid\u0101.<\/p>\n<p><strong>Neto \/ nosusin\u0101ts svars:<\/strong> 220g \/ 150g<\/p>\n<p><strong>Der\u012bguma termi\u0146\u0161:<\/strong> 5 gadi<\/p>\n<p><strong>Aizsardz\u012bba:<\/strong> vide<\/p>\n<p>Conservas <a href=\"https:\/\/latiendadesami.com\/marca\/arlequin\/\" target=\"_blank\" rel=\"noopener noreferrer nofollow\">Arlequ\u00edn<\/a> misija ir pied\u0101v\u0101t lielisku produktu, vislab\u0101ko apkalpo\u0161anu un pla\u0161u zivju konservu kl\u0101stu par lab\u0101ko cenu.<\/p>\n<p>Vi\u0146i specializ\u0113jas ar\u012b an\u0161ovu, an\u0161ovu, an\u0161ovu, an\u0161ovu, Bonito, Bonito Arlequ\u00edn ol\u012bve\u013c\u013cas 220gr, dzeltenspuru tunzivju, gliemenes, skumbrijas un sard\u012bnes p\u0101rdo\u0161an\u0101.<\/p>\n<p>Piem\u0113ram, laikrakst\u0101 El Pa\u00eds Comidista par ventresku raksta: &#8220;T\u0101 ir tik maiga, gandr\u012bz kr\u0113m\u012bga, ka gribas to apprec\u0113t un dz\u012bvot laim\u012bgi, l\u012bdz Kungs tevi pa\u0146ems&#8221;.<\/p>\n<h4>Galven\u0101s konservu priek\u0161roc\u012bbas<\/h4>\n<ol>\n<li>Tie saglab\u0101 visas p\u0101rtikas produkta uzturv\u0113rt\u012bbas. P\u0101rtika saglab\u0101 savu svaigumu. <\/li>\n<li>Izmantotie p\u0101rtikas produkti ir vesel\u012bgi un t\u0101p\u0113c piem\u0113roti optim\u0101lam uzturam, jo tajos ir liels vitam\u012bnu un olbaltumvielu saturs.<\/li>\n<li>\u0160iem izstr\u0101d\u0101jumiem ir ilg\u0101ks kalpo\u0161anas laiks (parasti 2-5 gadi).<\/li>\n<li>Konservi ir \u013coti \u0113rti uzglab\u0101jami, jo to iepakojums ir viegli uzkl\u0101jams.<\/li>\n<\/ol>\n<p>Ja v\u0113laties ieg\u0101d\u0101ties tunzivis vai cita veida <a href=\"https:\/\/latiendadesami.com\/categoria-producto\/conservas\/\" rel=\"noopener noreferrer nofollow\" target=\"_blank\">konservus<\/a>, nevilcinieties un iel\u016bkojieties m\u016bsu tie\u0161saistes katalog\u0101, lai iepaz\u012btos ar m\u016bsu pla\u0161o <a href=\"https:\/\/latiendadesami.com\/categoria-producto\/conservas\/atun-y-bonito\/\" target=\"_blank\" rel=\"noopener noreferrer nofollow\">tunzivju<\/a> kl\u0101stu.<\/p>\n<p>Lai ieg\u016btu vair\u0101k inform\u0101cijas, rakstiet mums.<\/p>\n","protected":false},"excerpt":{"rendered":"<p>Harlequin tuncis ol\u012bve\u013c\u013c\u0101 220 g<\/p>\n","protected":false},"featured_media":23803,"template":"","meta":{"_et_pb_use_builder":"","_et_pb_old_content":"","_et_gb_content_width":""},"product_brand":[1162],"product_cat":[1963,4268],"product_tag":[],"class_list":{"0":"post-23798","1":"product","2":"type-product","3":"status-publish","4":"has-post-thumbnail","6":"product_brand-arlequin","7":"product_cat-saglaba","8":"product_cat-tunzivis-un-bonito","10":"first","11":"outofstock","12":"taxable","13":"shipping-taxable","14":"product-type-variable"},"_links":{"self":[{"href":"https:\/\/myspainfood.com\/lv\/wp-json\/wp\/v2\/product\/23798","targetHints":{"allow":["GET"]}}],"collection":[{"href":"https:\/\/myspainfood.com\/lv\/wp-json\/wp\/v2\/product"}],"about":[{"href":"https:\/\/myspainfood.com\/lv\/wp-json\/wp\/v2\/types\/product"}],"wp:featuredmedia":[{"embeddable":true,"href":"https:\/\/myspainfood.com\/lv\/wp-json\/wp\/v2\/media\/23803"}],"wp:attachment":[{"href":"https:\/\/myspainfood.com\/lv\/wp-json\/wp\/v2\/media?parent=23798"}],"wp:term":[{"taxonomy":"product_brand","embeddable":true,"href":"https:\/\/myspainfood.com\/lv\/wp-json\/wp\/v2\/product_brand?post=23798"},{"taxonomy":"product_cat","embeddable":true,"href":"https:\/\/myspainfood.com\/lv\/wp-json\/wp\/v2\/product_cat?post=23798"},{"taxonomy":"product_tag","embeddable":true,"href":"https:\/\/myspainfood.com\/lv\/wp-json\/wp\/v2\/product_tag?post=23798"}],"curies":[{"name":"wp","href":"https:\/\/api.w.org\/{rel}","templated":true}]}}

Bonito Olīveļļa 220 gr Arlequin

<p>Arlequín Bonito <a href="https://conservasarlequin.com/arlequin/" target="_blank" rel="noopener noreferrer nofollow">Arlequín</a> olīveļļa 220gr ir konservēts produkts, kas gatavots tradicionālā veidā.</p>
<p><strong>Neto / nosusināts svars:</strong> 220g / 150g</p>
<p><strong>Derīguma termiņš:</strong> 5 gadi</p>
<p><strong>Aizsardzība:</strong> vide</p>
<p>Conservas <a href="https://latiendadesami.com/marca/arlequin/" target="_blank" rel="noopener noreferrer nofollow">Arlequín</a> misija ir piedāvāt lielisku produktu, vislabāko apkalpošanu un plašu zivju konservu klāstu par labāko cenu.</p>
<p>Viņi specializējas arī anšovu, anšovu, anšovu, anšovu, Bonito, Bonito Arlequín olīveļļas 220gr, dzeltenspuru tunzivju, gliemenes, skumbrijas un sardīnes pārdošanā.</p>
<p>Piemēram, laikrakstā El País Comidista par ventresku raksta: &#8220;Tā ir tik maiga, gandrīz krēmīga, ka gribas to apprecēt un dzīvot laimīgi, līdz Kungs tevi paņems&#8221;.</p>
<h4>Galvenās konservu priekšrocības</h4>
<ol>
<li>Tie saglabā visas pārtikas produkta uzturvērtības. Pārtika saglabā savu svaigumu. </li>
<li>Izmantotie pārtikas produkti ir veselīgi un tāpēc piemēroti optimālam uzturam, jo tajos ir liels vitamīnu un olbaltumvielu saturs.</li>
<li>Šiem izstrādājumiem ir ilgāks kalpošanas laiks (parasti 2-5 gadi).</li>
<li>Konservi ir ļoti ērti uzglabājami, jo to iepakojums ir viegli uzklājams.</li>
</ol>
<p>Ja vēlaties iegādāties tunzivis vai cita veida <a href="https://latiendadesami.com/categoria-producto/conservas/" rel="noopener noreferrer nofollow" target="_blank">konservus</a>, nevilcinieties un ielūkojieties mūsu tiešsaistes katalogā, lai iepazītos ar mūsu plašo <a href="https://latiendadesami.com/categoria-producto/conservas/atun-y-bonito/" target="_blank" rel="noopener noreferrer nofollow">tunzivju</a> klāstu.</p>
<p>Lai iegūtu vairāk informācijas, rakstiet mums.</p>

<p>Harlequin tuncis olīveļļā 220 g</p>
