{"id":49294,"date":"2025-04-10T12:07:47","date_gmt":"2025-04-10T10:07:47","guid":{"rendered":"https:\/\/myspainfood.com\/producto\/manzanilla-4-kg-242-aperitivs\/"},"modified":"2025-04-10T12:07:47","modified_gmt":"2025-04-10T10:07:47","slug":"manzanilla-4-kg-242-aperitivs","status":"publish","type":"product","link":"https:\/\/myspainfood.com\/lv\/producto\/manzanilla-4-kg-242-aperitivs\/","title":{"rendered":"Manzanilla 4 kg 242 aperit\u012bvs"},"content":{"rendered":"<p>Ar nosaukumu &#8220;manzanilla&#8221; apz\u012bm\u0113 da\u017e\u0101das ol\u012bvkoka (Olea europaea) \u0161\u0137irnes. Ar \u0161o nosaukumu apz\u012bm\u0113 ar\u012b aug\u013cus vai ol\u012bvas, ko t\u0101s ra\u017eo. Galven\u0101s \u0161\u0137irnes ir manzanilla sevillana, manzanilla cacere\u00f1a un manzanilla alore\u00f1a.    <\/p>\n","protected":false},"excerpt":{"rendered":"<p>Ar nosaukumu &#8220;manzanilla&#8221; apz\u012bm\u0113 da\u017e\u0101das ol\u012bvkoka (Olea europaea) \u0161\u0137irnes. Ar \u0161o nosaukumu apz\u012bm\u0113 ar\u012b aug\u013cus vai ol\u012bvas, ko t\u0101s ra\u017eo. Galven\u0101s \u0161\u0137irnes ir manzanilla sevillana, manzanilla cacere\u00f1a un manzanilla alore\u00f1a.<\/p>\n","protected":false},"featured_media":49296,"template":"","meta":{"_et_pb_use_builder":"","_et_pb_old_content":"","_et_gb_content_width":""},"product_brand":[1069],"product_cat":[1731,1729],"product_tag":[2049],"class_list":{"0":"post-49294","1":"product","2":"type-product","3":"status-publish","4":"has-post-thumbnail","6":"product_brand-sangar","7":"product_cat-olivas","8":"product_cat-pickles-lv","9":"product_tag-kumelite","11":"first","12":"outofstock","13":"taxable","14":"shipping-taxable","15":"purchasable","16":"product-type-simple"},"_links":{"self":[{"href":"https:\/\/myspainfood.com\/lv\/wp-json\/wp\/v2\/product\/49294","targetHints":{"allow":["GET"]}}],"collection":[{"href":"https:\/\/myspainfood.com\/lv\/wp-json\/wp\/v2\/product"}],"about":[{"href":"https:\/\/myspainfood.com\/lv\/wp-json\/wp\/v2\/types\/product"}],"wp:featuredmedia":[{"embeddable":true,"href":"https:\/\/myspainfood.com\/lv\/wp-json\/wp\/v2\/media\/49296"}],"wp:attachment":[{"href":"https:\/\/myspainfood.com\/lv\/wp-json\/wp\/v2\/media?parent=49294"}],"wp:term":[{"taxonomy":"product_brand","embeddable":true,"href":"https:\/\/myspainfood.com\/lv\/wp-json\/wp\/v2\/product_brand?post=49294"},{"taxonomy":"product_cat","embeddable":true,"href":"https:\/\/myspainfood.com\/lv\/wp-json\/wp\/v2\/product_cat?post=49294"},{"taxonomy":"product_tag","embeddable":true,"href":"https:\/\/myspainfood.com\/lv\/wp-json\/wp\/v2\/product_tag?post=49294"}],"curies":[{"name":"wp","href":"https:\/\/api.w.org\/{rel}","templated":true}]}}

Manzanilla 4 kg 242 aperitīvs

<p>Ar nosaukumu &#8220;manzanilla&#8221; apzīmē dažādas olīvkoka (Olea europaea) šķirnes. Ar šo nosaukumu apzīmē arī augļus vai olīvas, ko tās ražo. Galvenās šķirnes ir manzanilla sevillana, manzanilla cacereña un manzanilla aloreña.    </p>

<p>Ar nosaukumu &#8220;manzanilla&#8221; apzīmē dažādas olīvkoka (Olea europaea) šķirnes. Ar šo nosaukumu apzīmē arī augļus vai olīvas, ko tās ražo. Galvenās šķirnes ir manzanilla sevillana, manzanilla cacereña un manzanilla aloreña.</p>
