{"id":16610,"date":"2025-04-10T12:05:06","date_gmt":"2025-04-10T10:05:06","guid":{"rendered":"https:\/\/myspainfood.com\/producto\/gordal-i-hjemmekoselig-stil\/"},"modified":"2026-02-27T07:33:30","modified_gmt":"2026-02-27T06:33:30","slug":"gordal-i-hjemmekoselig-stil","status":"publish","type":"product","link":"https:\/\/myspainfood.com\/no\/producto\/gordal-i-hjemmekoselig-stil\/","title":{"rendered":"Gordal i hjemmekoselig stil"},"content":{"rendered":"<p>[et_pb_section fb_built=&raquo;1&#8243; _builder_version=&raquo;4.16&#8243; custom_padding=&raquo;0px||||false|false&raquo; global_colors_info=&raquo;{}&raquo;][et_pb_row _builder_version=&raquo;4.16&#8243; background_size=&raquo;initial&raquo; background_position=&raquo;top_left&raquo; background_repeat=&raquo;repeat&raquo; width=&raquo;100%&raquo; custom_padding=&raquo;0px||0px||false|false&raquo; global_colors_info=&raquo;{}&raquo;][et_pb_column type=&raquo;4_4&#8243; _builder_version=&raquo;4.16&#8243; custom_padding=&raquo;|||&raquo; global_colors_info=&raquo;{}&raquo; custom_padding__hover=&raquo;|||&raquo;][et_pb_wc_breadcrumb _builder_version=&raquo;4.16&#8243; global_colors_info=&raquo;{}&raquo;][\/et_pb_wc_breadcrumb][et_pb_wc_cart_notice _builder_version=&raquo;4.16&#8243; global_colors_info=&raquo;{}&raquo;][\/et_pb_wc_cart_notice][\/et_pb_column][\/et_pb_row][et_pb_row column_structure=&raquo;1_2,1_2&#8243; _builder_version=&raquo;4.16&#8243; background_size=&raquo;initial&raquo; background_position=&raquo;top_left&raquo; background_repeat=&raquo;repeat&raquo; width=&raquo;100%&raquo; custom_padding=&raquo;0px||||false|false&raquo; global_colors_info=&raquo;{}&raquo;][et_pb_column type=&raquo;1_2&#8243; _builder_version=&raquo;4.16&#8243; custom_padding=&raquo;|||&raquo; global_colors_info=&raquo;{}&raquo; custom_padding__hover=&raquo;|||&raquo;][et_pb_wc_images _builder_version=&raquo;4.16&#8243; global_colors_info=&raquo;{}&raquo;][\/et_pb_wc_images][\/et_pb_column][et_pb_column type=&raquo;1_2&#8243; _builder_version=&raquo;4.16&#8243; custom_padding=&raquo;|||&raquo; global_colors_info=&raquo;{}&raquo; custom_padding__hover=&raquo;|||&raquo;][et_pb_wc_title _builder_version=&raquo;4.16&#8243; global_colors_info=&raquo;{}&raquo;][\/et_pb_wc_title][et_pb_wc_rating _builder_version=&raquo;4.16&#8243; global_colors_info=&raquo;{}&raquo;][\/et_pb_wc_rating][et_pb_wc_price _builder_version=&raquo;4.16&#8243; global_colors_info=&raquo;{}&raquo;][\/et_pb_wc_price][et_pb_wc_description _builder_version=&raquo;4.16&#8243; global_colors_info=&raquo;{}&raquo;][\/et_pb_wc_description][et_pb_wc_add_to_cart _builder_version=&raquo;4.16&#8243; global_colors_info=&raquo;{}&raquo;][\/et_pb_wc_add_to_cart][et_pb_wc_meta _builder_version=&raquo;4.16&#8243; global_colors_info=&raquo;{}&raquo;][\/et_pb_wc_meta][\/et_pb_column][\/et_pb_row][et_pb_row _builder_version=&raquo;4.16&#8243; background_size=&raquo;initial&raquo; background_position=&raquo;top_left&raquo; background_repeat=&raquo;repeat&raquo; width=&raquo;100%&raquo; global_colors_info=&raquo;{}&raquo;][et_pb_column type=&raquo;4_4&#8243; _builder_version=&raquo;4.16&#8243; custom_padding=&raquo;|||&raquo; global_colors_info=&raquo;{}&raquo; custom_padding__hover=&raquo;|||&raquo;][et_pb_wc_tabs _builder_version=&raquo;4.16&#8243; global_colors_info=&raquo;{}&raquo;]\t\t\t\t\t[\/et_pb_wc_tabs][et_pb_wc_upsells _builder_version=&raquo;4.16&#8243; global_colors_info=&raquo;{}&raquo;][\/et_pb_wc_upsells][et_pb_wc_related_products _builder_version=&raquo;4.16&#8243; global_colors_info=&raquo;{}&raquo;][\/et_pb_wc_related_products][\/et_pb_column][\/et_pb_row][\/et_pb_section]<\/p>\n","protected":false},"excerpt":{"rendered":"","protected":false},"featured_media":6969,"template":"","meta":{"_et_pb_use_builder":"on","_et_pb_old_content":"<strong>Gordal Estilo Casero<\/strong> er <a href=\"https:\/\/aceitunaschiconlebron.com\/catalogo-productos\/comprar-aceitunas\/deshuesadas\/\" target=\"_blank\" rel=\"noopener\">utsteinede<\/a> oliven som er krydret etter en tradisjonell oppskrift.\n\nDisse hjemmelagde gordal-olivenene er typiske for landsbyen Antequera.\n\nDe har en grundig temperaturkontroll som, sammen med bruken av helt naturlige krydder, gir dem en umiskjennelig smak.\n\nDet smakfulle fruktkj\u00f8ttet og behandlingen som er utf\u00f8rt for \u00e5 redusere surhetsgraden i disse hjemmelagde olivenene, gj\u00f8r dem til et yndet tilbeh\u00f8r til retter i hjemmet, p\u00e5 terrassen, i restauranter og p\u00e5 hoteller.\n\nGordal Estilo Casero er en av de mest brukte bordolivenene og <a href=\"https:\/\/latiendadesami.com\/categoria-producto\/encurtidos\/\">sylteagurkene<\/a> b\u00e5de i Spania og i utlandet.\n\nDen kjennetegnes av sin st\u00f8rrelse, da den vanligvis er st\u00f8rre enn andre sorter.\n\nDette gj\u00f8r den til en ideell oliven \u00e5 servere til bords med alle typer dressing eller fylt med typiske matvarer som agurker eller ansjos.\n\nNavnet <em>\"Aceituna Gordal\"<\/em> kommer av st\u00f8rrelsen, og man kan si at den skiller seg ut med sitt attraktive og i\u00f8ynefallende utseende.\n\nSelv om den har sin opprinnelse i Andalusia, har forbruket av hjemmelagde <strong>gordal-oliven <\/strong>spredt seg til USA, som er det stedet der den har blitt mest utbredt utenfor Spania.","_et_gb_content_width":""},"product_brand":[1036],"product_cat":[1556,1555],"product_tag":[],"class_list":{"0":"post-16610","1":"product","2":"type-product","3":"status-publish","4":"has-post-thumbnail","6":"product_brand-chicon","7":"product_cat-oliven","8":"product_cat-pickles-no","10":"first","11":"outofstock","12":"taxable","13":"shipping-taxable","14":"product-type-variable"},"_links":{"self":[{"href":"https:\/\/myspainfood.com\/no\/wp-json\/wp\/v2\/product\/16610","targetHints":{"allow":["GET"]}}],"collection":[{"href":"https:\/\/myspainfood.com\/no\/wp-json\/wp\/v2\/product"}],"about":[{"href":"https:\/\/myspainfood.com\/no\/wp-json\/wp\/v2\/types\/product"}],"wp:featuredmedia":[{"embeddable":true,"href":"https:\/\/myspainfood.com\/no\/wp-json\/wp\/v2\/media\/6969"}],"wp:attachment":[{"href":"https:\/\/myspainfood.com\/no\/wp-json\/wp\/v2\/media?parent=16610"}],"wp:term":[{"taxonomy":"product_brand","embeddable":true,"href":"https:\/\/myspainfood.com\/no\/wp-json\/wp\/v2\/product_brand?post=16610"},{"taxonomy":"product_cat","embeddable":true,"href":"https:\/\/myspainfood.com\/no\/wp-json\/wp\/v2\/product_cat?post=16610"},{"taxonomy":"product_tag","embeddable":true,"href":"https:\/\/myspainfood.com\/no\/wp-json\/wp\/v2\/product_tag?post=16610"}],"curies":[{"name":"wp","href":"https:\/\/api.w.org\/{rel}","templated":true}]}}

<strong>Gordal Estilo Casero</strong> er <a href="https://aceitunaschiconlebron.com/catalogo-productos/comprar-aceitunas/deshuesadas/" target="_blank" rel="noopener">utsteinede</a> oliven som er krydret etter en tradisjonell oppskrift.

Disse hjemmelagde gordal-olivenene er typiske for landsbyen Antequera.

De har en grundig temperaturkontroll som, sammen med bruken av helt naturlige krydder, gir dem en umiskjennelig smak.

Det smakfulle fruktkjøttet og behandlingen som er utført for å redusere surhetsgraden i disse hjemmelagde olivenene, gjør dem til et yndet tilbehør til retter i hjemmet, på terrassen, i restauranter og på hoteller.

Gordal Estilo Casero er en av de mest brukte bordolivenene og <a href="https://latiendadesami.com/categoria-producto/encurtidos/">sylteagurkene</a> både i Spania og i utlandet.

Den kjennetegnes av sin størrelse, da den vanligvis er større enn andre sorter.

Dette gjør den til en ideell oliven å servere til bords med alle typer dressing eller fylt med typiske matvarer som agurker eller ansjos.

Navnet <em>"Aceituna Gordal"</em> kommer av størrelsen, og man kan si at den skiller seg ut med sitt attraktive og iøynefallende utseende.

Selv om den har sin opprinnelse i Andalusia, har forbruket av hjemmelagde <strong>gordal-oliven </strong>spredt seg til USA, som er det stedet der den har blitt mest utbredt utenfor Spania.
