{"id":38700,"date":"2025-04-10T12:09:11","date_gmt":"2025-04-10T10:09:11","guid":{"rendered":"https:\/\/myspainfood.com\/producto\/laktosefri-ost-250-g-el-gran-cardenal\/"},"modified":"2025-09-02T10:42:55","modified_gmt":"2025-09-02T08:42:55","slug":"laktosefri-ost-250-g-el-gran-cardenal","status":"publish","type":"product","link":"https:\/\/myspainfood.com\/no\/producto\/laktosefri-ost-250-g-el-gran-cardenal\/","title":{"rendered":"Laktosefri ost 250 g El Gran Cardenal"},"content":{"rendered":"<div class=\"et_pb_blurb_container\">\n<div class=\"et_pb_blurb_container\">\n<div class=\"et_pb_blurb_container\">\n<h4 class=\"et_pb_module_header\">Laktosefri blanding<\/h4>\n<div class=\"et_pb_blurb_description\">Laktoseintolerante trenger ikke lenger \u00e5 gi avkall p\u00e5 en god ost.<\/p>\n<p>Laget av saue- og kumelk som er behandlet for \u00e5 eliminere laktose, f\u00e5r vi en ost med mild intensitet, kremaktig konsistens og en lett s\u00f8tlig smak.<\/p>\n<p>Resten av familien vil ogs\u00e5 like den.<\/p><\/div>\n<\/div>\n<\/div>\n<\/div>\n","protected":false},"excerpt":{"rendered":"<p>Laktosefri blanding Laktoseintolerante trenger ikke lenger \u00e5 gi avkall p\u00e5 en god ost. Laget av saue- og kumelk som er behandlet for \u00e5 eliminere laktose, f\u00e5r vi en ost med mild intensitet, kremaktig konsistens og en lett s\u00f8tlig smak. Resten av familien vil ogs\u00e5 like den.<\/p>\n","protected":false},"featured_media":11757,"template":"","meta":{"_et_pb_use_builder":"","_et_pb_old_content":"","_et_gb_content_width":""},"product_brand":[1319],"product_cat":[2724,1805,2252],"product_tag":[],"class_list":{"0":"post-38700","1":"product","2":"type-product","3":"status-publish","4":"has-post-thumbnail","6":"product_brand-el-gran-cardenal","7":"product_cat-herding","8":"product_cat-kald","9":"product_cat-ost-og-polse","10":"product_shipping_class-kald-forsendelse","12":"first","13":"outofstock","14":"sale","15":"taxable","16":"shipping-taxable","17":"purchasable","18":"product-type-simple"},"_links":{"self":[{"href":"https:\/\/myspainfood.com\/no\/wp-json\/wp\/v2\/product\/38700","targetHints":{"allow":["GET"]}}],"collection":[{"href":"https:\/\/myspainfood.com\/no\/wp-json\/wp\/v2\/product"}],"about":[{"href":"https:\/\/myspainfood.com\/no\/wp-json\/wp\/v2\/types\/product"}],"wp:featuredmedia":[{"embeddable":true,"href":"https:\/\/myspainfood.com\/no\/wp-json\/wp\/v2\/media\/11757"}],"wp:attachment":[{"href":"https:\/\/myspainfood.com\/no\/wp-json\/wp\/v2\/media?parent=38700"}],"wp:term":[{"taxonomy":"product_brand","embeddable":true,"href":"https:\/\/myspainfood.com\/no\/wp-json\/wp\/v2\/product_brand?post=38700"},{"taxonomy":"product_cat","embeddable":true,"href":"https:\/\/myspainfood.com\/no\/wp-json\/wp\/v2\/product_cat?post=38700"},{"taxonomy":"product_tag","embeddable":true,"href":"https:\/\/myspainfood.com\/no\/wp-json\/wp\/v2\/product_tag?post=38700"}],"curies":[{"name":"wp","href":"https:\/\/api.w.org\/{rel}","templated":true}]}}

<div class="et_pb_blurb_container">
<div class="et_pb_blurb_container">
<div class="et_pb_blurb_container">
<h4 class="et_pb_module_header">Laktosefri blanding</h4>
<div class="et_pb_blurb_description">Laktoseintolerante trenger ikke lenger å gi avkall på en god ost.</p>
<p>Laget av saue- og kumelk som er behandlet for å eliminere laktose, får vi en ost med mild intensitet, kremaktig konsistens og en lett søtlig smak.</p>
<p>Resten av familien vil også like den.</p></div>
</div>
</div>
</div>

<p>Laktosefri blanding Laktoseintolerante trenger ikke lenger å gi avkall på en god ost. Laget av saue- og kumelk som er behandlet for å eliminere laktose, får vi en ost med mild intensitet, kremaktig konsistens og en lett søtlig smak. Resten av familien vil også like den.</p>
