{"id":46327,"date":"2025-04-10T12:07:16","date_gmt":"2025-04-10T10:07:16","guid":{"rendered":"https:\/\/myspainfood.com\/producto\/ribera-senorio-de-nava-2022-ung-vin\/"},"modified":"2025-04-10T12:07:16","modified_gmt":"2025-04-10T10:07:16","slug":"ribera-senorio-de-nava-2022-ung-vin","status":"publish","type":"product","link":"https:\/\/myspainfood.com\/no\/producto\/ribera-senorio-de-nava-2022-ung-vin\/","title":{"rendered":"Ribera. Se\u00f1or\u00edo de Nava 2022 ung vin"},"content":{"rendered":"<p>Smaksnotater Kirseb\u00e6rr\u00f8d farge, godt dekket, med granatkant; kraftig og ungdommelig utseende, elegant, lys, umiskjennelig, som fyller glasset med r\u00f8de blonder n\u00e5r det faller fra flasken. Kompleks og fin aroma; veldig vedvarende krydder, med en topp av balsamico-aromaer, stekt kaffe og lakris. I munnen viser den konsentrasjon, fantastisk struktur, rikelig, god tannin, balansert, med et smekkert preg og etterlater en f\u00f8lelse av finesse. Elegant, med et bredt spekter av opplevelser.   <\/p>\n<p>Gastronomi - Anbefalte retter til kj\u00f8tt, fisk, steker og ferske oster.<\/p>\n","protected":false},"excerpt":{"rendered":"<p>Smaksnotater Kirseb\u00e6rr\u00f8d farge, godt dekket, med granatkant; kraftig og ungdommelig utseende, elegant, lys, umiskjennelig, som fyller glasset med r\u00f8de blonder n\u00e5r det faller fra flasken. Kompleks og fin aroma; veldig vedvarende krydder, med en topp av balsamico-aromaer, stekt kaffe og lakris. I munnen viser den konsentrasjon, fantastisk struktur, rikelig, god tannin, balansert, med et smekkert [&hellip;]<\/p>\n","protected":false},"featured_media":9705,"template":"","meta":{"_et_pb_use_builder":"","_et_pb_old_content":"","_et_gb_content_width":""},"product_brand":[1224],"product_cat":[4884,5246],"product_tag":[5247],"class_list":{"0":"post-46327","1":"product","2":"type-product","3":"status-publish","4":"has-post-thumbnail","6":"product_brand-senorio-de-nava","7":"product_cat-drikkevarer","8":"product_cat-vin-no-2","9":"product_tag-oppdragelse","11":"first","12":"outofstock","13":"taxable","14":"shipping-taxable","15":"product-type-variable"},"_links":{"self":[{"href":"https:\/\/myspainfood.com\/no\/wp-json\/wp\/v2\/product\/46327","targetHints":{"allow":["GET"]}}],"collection":[{"href":"https:\/\/myspainfood.com\/no\/wp-json\/wp\/v2\/product"}],"about":[{"href":"https:\/\/myspainfood.com\/no\/wp-json\/wp\/v2\/types\/product"}],"wp:featuredmedia":[{"embeddable":true,"href":"https:\/\/myspainfood.com\/no\/wp-json\/wp\/v2\/media\/9705"}],"wp:attachment":[{"href":"https:\/\/myspainfood.com\/no\/wp-json\/wp\/v2\/media?parent=46327"}],"wp:term":[{"taxonomy":"product_brand","embeddable":true,"href":"https:\/\/myspainfood.com\/no\/wp-json\/wp\/v2\/product_brand?post=46327"},{"taxonomy":"product_cat","embeddable":true,"href":"https:\/\/myspainfood.com\/no\/wp-json\/wp\/v2\/product_cat?post=46327"},{"taxonomy":"product_tag","embeddable":true,"href":"https:\/\/myspainfood.com\/no\/wp-json\/wp\/v2\/product_tag?post=46327"}],"curies":[{"name":"wp","href":"https:\/\/api.w.org\/{rel}","templated":true}]}}

Ribera. Señorío de Nava 2022 ung vin

<p>Smaksnotater Kirsebærrød farge, godt dekket, med granatkant; kraftig og ungdommelig utseende, elegant, lys, umiskjennelig, som fyller glasset med røde blonder når det faller fra flasken. Kompleks og fin aroma; veldig vedvarende krydder, med en topp av balsamico-aromaer, stekt kaffe og lakris. I munnen viser den konsentrasjon, fantastisk struktur, rikelig, god tannin, balansert, med et smekkert preg og etterlater en følelse av finesse. Elegant, med et bredt spekter av opplevelser.   </p>
<p>Gastronomi - Anbefalte retter til kjøtt, fisk, steker og ferske oster.</p>

<p>Smaksnotater Kirsebærrød farge, godt dekket, med granatkant; kraftig og ungdommelig utseende, elegant, lys, umiskjennelig, som fyller glasset med røde blonder når det faller fra flasken. Kompleks og fin aroma; veldig vedvarende krydder, med en topp av balsamico-aromaer, stekt kaffe og lakris. I munnen viser den konsentrasjon, fantastisk struktur, rikelig, god tannin, balansert, med et smekkert [&hellip;]</p>
