{"id":26624,"date":"2025-04-10T12:07:15","date_gmt":"2025-04-10T10:07:15","guid":{"rendered":"https:\/\/myspainfood.com\/producto\/andaluzyjska-makrela-d-o-oliwa-z-oliwek\/"},"modified":"2025-04-10T12:07:15","modified_gmt":"2025-04-10T10:07:15","slug":"andaluzyjska-makrela-d-o-oliwa-z-oliwek","status":"publish","type":"product","link":"https:\/\/myspainfood.com\/pl\/producto\/andaluzyjska-makrela-d-o-oliwa-z-oliwek\/","title":{"rendered":"Andaluzyjska makrela D.O. oliwa z oliwek"},"content":{"rendered":"<p style=\"text-align: left\">Czyste filety z makreli andaluzyjskiej, zapakowane w szklany s\u0142oik i metalow\u0105 kapsu\u0142k\u0119.<\/p>\n<p style=\"text-align: left\">Produkcja i jako\u015b\u0107 ustanowione przepisami <span class=\"file\">Rady Regulacyjnej Chronionych Oznacze\u0144 Geograficznych dla makreli i makreli fregaty z Andaluzji<\/span>, do kt\u00f3rej nale\u017cy <a href=\"https:\/\/pesasur.com\/calidad\/\" target=\"_blank\" rel=\"noopener noreferrer nofollow\">Pesasur<\/a>.<\/p>\n<p style=\"text-align: left\">Szaro-bia\u0142y kolor, g\u0142adka konsystencja i przyjemny zapach, charakterystyczny, niepowtarzalny smak.<\/p>\n<p><strong>SK\u0141ADNIKI<\/strong><\/p>\n<ul>\n<li>Makrele<\/li>\n<li>Oliwa z oliwek<\/li>\n<li>S\u00f3l<\/li>\n<\/ul>\n<p>PESASUR wykorzystuje makrel\u0119 andaluzyjsk\u0105 (I.G.P. Specyficzna Nazwa Pochodzenia Regionu Andaluzji), kt\u00f3ra jest przetwarzana w fabryce w stanie \u015bwie\u017cym przez wi\u0119ksz\u0105 cz\u0119\u015b\u0107 roku.<\/p>\n<p>PESASUR nie u\u017cywa produkt\u00f3w chemicznych w procesie produkcji, a do\u015bwiadczenie si\u0142y roboczej, kt\u00f3ra pracuje z filetami z makreli od pokole\u0144, zapewnia doskona\u0142\u0105 czysto\u015b\u0107 ryb i doskona\u0142\u0105 prezentacj\u0119 filet\u00f3w w s\u0142oikach i puszkach wszystkich format\u00f3w.<\/p>\n<h4>G\u0142\u00f3wne zalety \u017cywno\u015bci w puszkach<\/h4>\n<ol>\n<li>Zachowuj\u0105 one wszystkie w\u0142a\u015bciwo\u015bci od\u017cywcze samej \u017cywno\u015bci. \u017bywno\u015b\u0107 zachowuje swoj\u0105 \u015bwie\u017co\u015b\u0107. <\/li>\n<li>Stosowana \u017cywno\u015b\u0107 jest zdrowa i dlatego nadaje si\u0119 do optymalnej diety ze wzgl\u0119du na wysok\u0105 zawarto\u015b\u0107 witamin i bia\u0142ka.<\/li>\n<li>Produkty te maj\u0105 d\u0142u\u017csz\u0105 \u017cywotno\u015b\u0107 (typowo 2-5 lat).<\/li>\n<li>Przetwory s\u0105 bardzo \u0142atwe w przechowywaniu, poniewa\u017c ich opakowanie jest \u0142atwe do na\u0142o\u017cenia.<\/li>\n<\/ol>\n<p>Je\u015bli chc\u0105 Pa\u0144stwo kupi\u0107 makrel\u0119 andaluzyjsk\u0105 lub jakikolwiek inny rodzaj <a href=\"https:\/\/latiendadesami.com\/categoria-producto\/conservas\/\" rel=\"noopener noreferrer nofollow\" target=\"_blank\">karmy w puszkach<\/a>, zach\u0119camy do zapoznania si\u0119 z naszym katalogiem online, w kt\u00f3rym znajd\u0105 Pa\u0144stwo szeroki wyb\u00f3r <a href=\"https:\/\/latiendadesami.com\/categoria-producto\/conservas\/atun-y-bonito\/\" target=\"_blank\" rel=\"noopener noreferrer nofollow\">tu\u0144czyka<\/a>.<\/p>\n<p>Prosz\u0119 napisa\u0107 do nas, aby uzyska\u0107 wi\u0119cej informacji.<\/p>\n","protected":false},"excerpt":{"rendered":"<p>Oliwa z oliwek z makreli andaluzyjskiej<\/p>\n","protected":false},"featured_media":9544,"template":"","meta":{"_et_pb_use_builder":"","_et_pb_old_content":"","_et_gb_content_width":""},"product_brand":[1205],"product_cat":[1969,3315],"product_tag":[],"class_list":{"0":"post-26624","1":"product","2":"type-product","3":"status-publish","4":"has-post-thumbnail","6":"product_brand-pesasur","7":"product_cat-konserwy","8":"product_cat-makrela-pl","10":"first","11":"outofstock","12":"taxable","13":"shipping-taxable","14":"product-type-variable"},"_links":{"self":[{"href":"https:\/\/myspainfood.com\/pl\/wp-json\/wp\/v2\/product\/26624","targetHints":{"allow":["GET"]}}],"collection":[{"href":"https:\/\/myspainfood.com\/pl\/wp-json\/wp\/v2\/product"}],"about":[{"href":"https:\/\/myspainfood.com\/pl\/wp-json\/wp\/v2\/types\/product"}],"wp:featuredmedia":[{"embeddable":true,"href":"https:\/\/myspainfood.com\/pl\/wp-json\/wp\/v2\/media\/9544"}],"wp:attachment":[{"href":"https:\/\/myspainfood.com\/pl\/wp-json\/wp\/v2\/media?parent=26624"}],"wp:term":[{"taxonomy":"product_brand","embeddable":true,"href":"https:\/\/myspainfood.com\/pl\/wp-json\/wp\/v2\/product_brand?post=26624"},{"taxonomy":"product_cat","embeddable":true,"href":"https:\/\/myspainfood.com\/pl\/wp-json\/wp\/v2\/product_cat?post=26624"},{"taxonomy":"product_tag","embeddable":true,"href":"https:\/\/myspainfood.com\/pl\/wp-json\/wp\/v2\/product_tag?post=26624"}],"curies":[{"name":"wp","href":"https:\/\/api.w.org\/{rel}","templated":true}]}}

<p style="text-align: left">Czyste filety z makreli andaluzyjskiej, zapakowane w szklany słoik i metalową kapsułkę.</p>
<p style="text-align: left">Produkcja i jakość ustanowione przepisami <span class="file">Rady Regulacyjnej Chronionych Oznaczeń Geograficznych dla makreli i makreli fregaty z Andaluzji</span>, do której należy <a href="https://pesasur.com/calidad/" target="_blank" rel="noopener noreferrer nofollow">Pesasur</a>.</p>
<p style="text-align: left">Szaro-biały kolor, gładka konsystencja i przyjemny zapach, charakterystyczny, niepowtarzalny smak.</p>
<p><strong>SKŁADNIKI</strong></p>
<ul>
<li>Makrele</li>
<li>Oliwa z oliwek</li>
<li>Sól</li>
</ul>
<p>PESASUR wykorzystuje makrelę andaluzyjską (I.G.P. Specyficzna Nazwa Pochodzenia Regionu Andaluzji), która jest przetwarzana w fabryce w stanie świeżym przez większą część roku.</p>
<p>PESASUR nie używa produktów chemicznych w procesie produkcji, a doświadczenie siły roboczej, która pracuje z filetami z makreli od pokoleń, zapewnia doskonałą czystość ryb i doskonałą prezentację filetów w słoikach i puszkach wszystkich formatów.</p>
<h4>Główne zalety żywności w puszkach</h4>
<ol>
<li>Zachowują one wszystkie właściwości odżywcze samej żywności. Żywność zachowuje swoją świeżość. </li>
<li>Stosowana żywność jest zdrowa i dlatego nadaje się do optymalnej diety ze względu na wysoką zawartość witamin i białka.</li>
<li>Produkty te mają dłuższą żywotność (typowo 2-5 lat).</li>
<li>Przetwory są bardzo łatwe w przechowywaniu, ponieważ ich opakowanie jest łatwe do nałożenia.</li>
</ol>
<p>Jeśli chcą Państwo kupić makrelę andaluzyjską lub jakikolwiek inny rodzaj <a href="https://latiendadesami.com/categoria-producto/conservas/" rel="noopener noreferrer nofollow" target="_blank">karmy w puszkach</a>, zachęcamy do zapoznania się z naszym katalogiem online, w którym znajdą Państwo szeroki wybór <a href="https://latiendadesami.com/categoria-producto/conservas/atun-y-bonito/" target="_blank" rel="noopener noreferrer nofollow">tuńczyka</a>.</p>
<p>Proszę napisać do nas, aby uzyskać więcej informacji.</p>
