{"id":38873,"date":"2025-04-10T12:09:11","date_gmt":"2025-04-10T10:09:11","guid":{"rendered":"https:\/\/myspainfood.com\/producto\/ser-mieszany-bez-laktozy-250-gr-el-gran-cardenal\/"},"modified":"2025-06-24T13:36:38","modified_gmt":"2025-06-24T11:36:38","slug":"ser-mieszany-bez-laktozy-250-gr-el-gran-cardenal","status":"publish","type":"product","link":"https:\/\/myspainfood.com\/pl\/producto\/ser-mieszany-bez-laktozy-250-gr-el-gran-cardenal\/","title":{"rendered":"Ser mieszany bez laktozy 250 gr El Gran Cardenal"},"content":{"rendered":"<div class=\"et_pb_blurb_container\">\n<div class=\"et_pb_blurb_container\">\n<div class=\"et_pb_blurb_container\">\n<h4 class=\"et_pb_module_header\">Mieszanka bez laktozy<\/h4>\n<div class=\"et_pb_blurb_description\">Osoby nietoleruj\u0105ce laktozy nie musz\u0105 ju\u017c rezygnowa\u0107 z doskona\u0142ego sera.<\/p>\n<p>Wyprodukowany z mleka owczego i krowiego, odpowiednio przetworzonego w celu wyeliminowania laktozy, otrzymujemy ser o \u0142agodnej intensywno\u015bci, kremowej konsystencji i lekko s\u0142odkim smaku.<\/p>\n<p>Reszta rodziny r\u00f3wnie\u017c go polubi.<\/p><\/div>\n<\/div>\n<\/div>\n<\/div>\n","protected":false},"excerpt":{"rendered":"<p>Mieszanka bez laktozy Osoby nietoleruj\u0105ce laktozy nie musz\u0105 ju\u017c rezygnowa\u0107 z doskona\u0142ego sera. Wyprodukowany z mleka owczego i krowiego, odpowiednio przetworzonego w celu wyeliminowania laktozy, otrzymujemy ser o \u0142agodnej intensywno\u015bci, kremowej konsystencji i lekko s\u0142odkim smaku. Reszta rodziny r\u00f3wnie\u017c go polubi.<\/p>\n","protected":false},"featured_media":11758,"template":"","meta":{"_et_pb_use_builder":"","_et_pb_old_content":"","_et_gb_content_width":""},"product_brand":[1319],"product_cat":[2245,2722,1836],"product_tag":[],"class_list":{"0":"post-38873","1":"product","2":"type-product","3":"status-publish","4":"has-post-thumbnail","6":"product_brand-el-gran-cardenal","7":"product_cat-ser-i-kielbasa","8":"product_cat-utwardzanie","9":"product_cat-zimno","10":"product_shipping_class-wysylka-na-zimno","12":"first","13":"outofstock","14":"sale","15":"taxable","16":"shipping-taxable","17":"purchasable","18":"product-type-simple"},"_links":{"self":[{"href":"https:\/\/myspainfood.com\/pl\/wp-json\/wp\/v2\/product\/38873","targetHints":{"allow":["GET"]}}],"collection":[{"href":"https:\/\/myspainfood.com\/pl\/wp-json\/wp\/v2\/product"}],"about":[{"href":"https:\/\/myspainfood.com\/pl\/wp-json\/wp\/v2\/types\/product"}],"wp:featuredmedia":[{"embeddable":true,"href":"https:\/\/myspainfood.com\/pl\/wp-json\/wp\/v2\/media\/11758"}],"wp:attachment":[{"href":"https:\/\/myspainfood.com\/pl\/wp-json\/wp\/v2\/media?parent=38873"}],"wp:term":[{"taxonomy":"product_brand","embeddable":true,"href":"https:\/\/myspainfood.com\/pl\/wp-json\/wp\/v2\/product_brand?post=38873"},{"taxonomy":"product_cat","embeddable":true,"href":"https:\/\/myspainfood.com\/pl\/wp-json\/wp\/v2\/product_cat?post=38873"},{"taxonomy":"product_tag","embeddable":true,"href":"https:\/\/myspainfood.com\/pl\/wp-json\/wp\/v2\/product_tag?post=38873"}],"curies":[{"name":"wp","href":"https:\/\/api.w.org\/{rel}","templated":true}]}}

<div class="et_pb_blurb_container">
<div class="et_pb_blurb_container">
<div class="et_pb_blurb_container">
<h4 class="et_pb_module_header">Mieszanka bez laktozy</h4>
<div class="et_pb_blurb_description">Osoby nietolerujące laktozy nie muszą już rezygnować z doskonałego sera.</p>
<p>Wyprodukowany z mleka owczego i krowiego, odpowiednio przetworzonego w celu wyeliminowania laktozy, otrzymujemy ser o łagodnej intensywności, kremowej konsystencji i lekko słodkim smaku.</p>
<p>Reszta rodziny również go polubi.</p></div>
</div>
</div>
</div>

<p>Mieszanka bez laktozy Osoby nietolerujące laktozy nie muszą już rezygnować z doskonałego sera. Wyprodukowany z mleka owczego i krowiego, odpowiednio przetworzonego w celu wyeliminowania laktozy, otrzymujemy ser o łagodnej intensywności, kremowej konsystencji i lekko słodkim smaku. Reszta rodziny również go polubi.</p>
