{"id":46275,"date":"2025-04-10T12:07:16","date_gmt":"2025-04-10T10:07:16","guid":{"rendered":"https:\/\/myspainfood.com\/producto\/filet-z-sardeli-mateo-950-gr\/"},"modified":"2025-06-24T16:21:29","modified_gmt":"2025-06-24T14:21:29","slug":"filet-z-sardeli-mateo-950-gr","status":"publish","type":"product","link":"https:\/\/myspainfood.com\/pl\/producto\/filet-z-sardeli-mateo-950-gr\/","title":{"rendered":"Filet z sardeli Mateo 950 gr"},"content":{"rendered":"<p>Filet z sardeli Mateo 950 gr w oleju <a href=\"https:\/\/twitter.com\/mca_spain\" target=\"_blank\" rel=\"noopener noreferrer nofollow\">s\u0142onecznikowym<\/a>.<\/p>\n<p>Sk\u0142adniki: Sardela, olej s\u0142onecznikowy (32%) i s\u00f3l.<\/p>\n<p>Po otwarciu przechowywa\u0107 w lod\u00f3wce i spo\u017cy\u0107 najlepiej w ci\u0105gu 5 dni.<\/p>\n<p>La Viuda de Mateo jest jedn\u0105 z marek handlowych, pod kt\u00f3rymi grupa MCA Spain wchodzi na rynek.<\/p>\n<p>Pocz\u0105tki MCA Spain le\u017c\u0105 w do\u015bwiadczeniu Carlosa Ripy, obecnego dyrektora generalnego, po dekadzie pracy w rodzinnej firmie zwi\u0105zanej z sektorem handlu detalicznego \u017cywno\u015bci\u0105.<\/p>\n<p>Jednak w po\u0142owie lat 80-tych Ripa uruchomi\u0142 sw\u00f3j w\u0142asny projekt w swoim rodzinnym mie\u015bcie (Mendavia, Navarra): firm\u0119 produkuj\u0105c\u0105 puszki, MCA Spain.<\/p>\n<p>Firma ta pozycjonuje si\u0119 w pierwszej lidze hiszpa\u0144skiego sektora rolno-spo\u017cywczego, bazuj\u0105c na przetworach warzywnych i rybnych.<\/p>\n<p>Spektakularny rozw\u00f3j, kt\u00f3ry nie by\u0142by mo\u017cliwy bez pierwszorz\u0119dnego zespo\u0142u i powo\u0142ania do obs\u0142ugi klienta.<\/p>\n<p>Je\u015bli chc\u0105 Pa\u0144stwo kupi\u0107 Mateo anchois filet 950 gr lub jakikolwiek inny rodzaj <a href=\"https:\/\/latiendadesami.com\/categoria-producto\/frio\/\" rel=\"noopener noreferrer nofollow\" target=\"_blank\">zimnej \u017cywno\u015bci<\/a>, prosz\u0119 nie waha\u0107 si\u0119 spojrze\u0107 na nasz ca\u0142y katalog online.<\/p>\n<p>Mamy najwy\u017csz\u0105 jako\u015b\u0107 w najlepszej cenie.<\/p>\n<p>Prosimy napisa\u0107 do nas, aby uzyska\u0107 wi\u0119cej informacji lub je\u015bli maj\u0105 Pa\u0144stwo pytania dotycz\u0105ce tego lub innego produktu z naszego katalogu.<\/p>\n","protected":false},"excerpt":{"rendered":"<p>Filet z sardeli Mateo 950 gr w oleju s\u0142onecznikowym. Sk\u0142adniki: Sardela, olej s\u0142onecznikowy (32%) i s\u00f3l. Po otwarciu przechowywa\u0107 w lod\u00f3wce i spo\u017cy\u0107 najlepiej w ci\u0105gu 5 dni. La Viuda de Mateo jest jedn\u0105 z marek handlowych, pod kt\u00f3rymi grupa MCA Spain wchodzi na rynek. Pocz\u0105tki MCA Spain le\u017c\u0105 w do\u015bwiadczeniu Carlosa Ripy, obecnego dyrektora [&hellip;]<\/p>\n","protected":false},"featured_media":9751,"template":"","meta":{"_et_pb_use_builder":"","_et_pb_old_content":"","_et_gb_content_width":""},"product_brand":[1129],"product_cat":[1838,1836],"product_tag":[],"class_list":{"0":"post-46275","1":"product","2":"type-product","3":"status-publish","4":"has-post-thumbnail","6":"product_brand-mateo","7":"product_cat-sardele-pl","8":"product_cat-zimno","9":"product_shipping_class-wysylka-na-zimno","11":"first","12":"outofstock","13":"taxable","14":"shipping-taxable","15":"product-type-variable"},"_links":{"self":[{"href":"https:\/\/myspainfood.com\/pl\/wp-json\/wp\/v2\/product\/46275","targetHints":{"allow":["GET"]}}],"collection":[{"href":"https:\/\/myspainfood.com\/pl\/wp-json\/wp\/v2\/product"}],"about":[{"href":"https:\/\/myspainfood.com\/pl\/wp-json\/wp\/v2\/types\/product"}],"wp:featuredmedia":[{"embeddable":true,"href":"https:\/\/myspainfood.com\/pl\/wp-json\/wp\/v2\/media\/9751"}],"wp:attachment":[{"href":"https:\/\/myspainfood.com\/pl\/wp-json\/wp\/v2\/media?parent=46275"}],"wp:term":[{"taxonomy":"product_brand","embeddable":true,"href":"https:\/\/myspainfood.com\/pl\/wp-json\/wp\/v2\/product_brand?post=46275"},{"taxonomy":"product_cat","embeddable":true,"href":"https:\/\/myspainfood.com\/pl\/wp-json\/wp\/v2\/product_cat?post=46275"},{"taxonomy":"product_tag","embeddable":true,"href":"https:\/\/myspainfood.com\/pl\/wp-json\/wp\/v2\/product_tag?post=46275"}],"curies":[{"name":"wp","href":"https:\/\/api.w.org\/{rel}","templated":true}]}}

<p>Filet z sardeli Mateo 950 gr w oleju <a href="https://twitter.com/mca_spain" target="_blank" rel="noopener noreferrer nofollow">słonecznikowym</a>.</p>
<p>Składniki: Sardela, olej słonecznikowy (32%) i sól.</p>
<p>Po otwarciu przechowywać w lodówce i spożyć najlepiej w ciągu 5 dni.</p>
<p>La Viuda de Mateo jest jedną z marek handlowych, pod którymi grupa MCA Spain wchodzi na rynek.</p>
<p>Początki MCA Spain leżą w doświadczeniu Carlosa Ripy, obecnego dyrektora generalnego, po dekadzie pracy w rodzinnej firmie związanej z sektorem handlu detalicznego żywnością.</p>
<p>Jednak w połowie lat 80-tych Ripa uruchomił swój własny projekt w swoim rodzinnym mieście (Mendavia, Navarra): firmę produkującą puszki, MCA Spain.</p>
<p>Firma ta pozycjonuje się w pierwszej lidze hiszpańskiego sektora rolno-spożywczego, bazując na przetworach warzywnych i rybnych.</p>
<p>Spektakularny rozwój, który nie byłby możliwy bez pierwszorzędnego zespołu i powołania do obsługi klienta.</p>
<p>Jeśli chcą Państwo kupić Mateo anchois filet 950 gr lub jakikolwiek inny rodzaj <a href="https://latiendadesami.com/categoria-producto/frio/" rel="noopener noreferrer nofollow" target="_blank">zimnej żywności</a>, proszę nie wahać się spojrzeć na nasz cały katalog online.</p>
<p>Mamy najwyższą jakość w najlepszej cenie.</p>
<p>Prosimy napisać do nas, aby uzyskać więcej informacji lub jeśli mają Państwo pytania dotyczące tego lub innego produktu z naszego katalogu.</p>

<p>Filet z sardeli Mateo 950 gr w oleju słonecznikowym. Składniki: Sardela, olej słonecznikowy (32%) i sól. Po otwarciu przechowywać w lodówce i spożyć najlepiej w ciągu 5 dni. La Viuda de Mateo jest jedną z marek handlowych, pod którymi grupa MCA Spain wchodzi na rynek. Początki MCA Spain leżą w doświadczeniu Carlosa Ripy, obecnego dyrektora [&hellip;]</p>
