{"id":46317,"date":"2025-04-10T12:07:16","date_gmt":"2025-04-10T10:07:16","guid":{"rendered":"https:\/\/myspainfood.com\/producto\/ribera-mlode-wino-senorio-de-nava-2022\/"},"modified":"2025-04-10T12:07:16","modified_gmt":"2025-04-10T10:07:16","slug":"ribera-mlode-wino-senorio-de-nava-2022","status":"publish","type":"product","link":"https:\/\/myspainfood.com\/pl\/producto\/ribera-mlode-wino-senorio-de-nava-2022\/","title":{"rendered":"Ribera. M\u0142ode wino Se\u00f1or\u00edo de Nava 2022"},"content":{"rendered":"<p>Nuty degustacyjne Wi\u015bniowo-czerwony kolor, dobrze kryj\u0105cy, z granatow\u0105 obw\u00f3dk\u0105; energiczny i m\u0142odzie\u0144czy wygl\u0105d, elegancki, jasny, niepowtarzalny, kt\u00f3ry wype\u0142nia kieliszek czerwon\u0105 koronk\u0105, gdy spada z butelki. Z\u0142o\u017cony i delikatny aromat; bardzo trwa\u0142e przyprawy, ze szczytem aromat\u00f3w balsamicznych, palonej kawy i lukrecji. W ustach wykazuje koncentracj\u0119, wspania\u0142\u0105 struktur\u0119, obfite, dobre taniny, zr\u00f3wnowa\u017cone, z aksamitnym dotykiem i pozostawia wra\u017cenie finezji. Eleganckie, z szerokim wachlarzem dozna\u0144.   <\/p>\n<p>Gastronomia - Zalecane potrawy do mi\u0119s, ryb, pieczeni i \u015bwie\u017cych ser\u00f3w.<\/p>\n","protected":false},"excerpt":{"rendered":"<p>Nuty degustacyjne Wi\u015bniowo-czerwony kolor, dobrze kryj\u0105cy, z granatow\u0105 obw\u00f3dk\u0105; energiczny i m\u0142odzie\u0144czy wygl\u0105d, elegancki, jasny, niepowtarzalny, kt\u00f3ry wype\u0142nia kieliszek czerwon\u0105 koronk\u0105, gdy spada z butelki. Z\u0142o\u017cony i delikatny aromat; bardzo trwa\u0142e przyprawy, ze szczytem aromat\u00f3w balsamicznych, palonej kawy i lukrecji. W ustach wykazuje koncentracj\u0119, wspania\u0142\u0105 struktur\u0119, obfite, dobre taniny, zr\u00f3wnowa\u017cone, z aksamitnym dotykiem i pozostawia [&hellip;]<\/p>\n","protected":false},"featured_media":9706,"template":"","meta":{"_et_pb_use_builder":"","_et_pb_old_content":"","_et_gb_content_width":""},"product_brand":[1224],"product_cat":[4877,5254],"product_tag":[5255],"class_list":{"0":"post-46317","1":"product","2":"type-product","3":"status-publish","4":"has-post-thumbnail","6":"product_brand-senorio-de-nava","7":"product_cat-napoje-pl","8":"product_cat-wino-pl","9":"product_tag-wychowanie","11":"first","12":"outofstock","13":"taxable","14":"shipping-taxable","15":"product-type-variable"},"_links":{"self":[{"href":"https:\/\/myspainfood.com\/pl\/wp-json\/wp\/v2\/product\/46317","targetHints":{"allow":["GET"]}}],"collection":[{"href":"https:\/\/myspainfood.com\/pl\/wp-json\/wp\/v2\/product"}],"about":[{"href":"https:\/\/myspainfood.com\/pl\/wp-json\/wp\/v2\/types\/product"}],"wp:featuredmedia":[{"embeddable":true,"href":"https:\/\/myspainfood.com\/pl\/wp-json\/wp\/v2\/media\/9706"}],"wp:attachment":[{"href":"https:\/\/myspainfood.com\/pl\/wp-json\/wp\/v2\/media?parent=46317"}],"wp:term":[{"taxonomy":"product_brand","embeddable":true,"href":"https:\/\/myspainfood.com\/pl\/wp-json\/wp\/v2\/product_brand?post=46317"},{"taxonomy":"product_cat","embeddable":true,"href":"https:\/\/myspainfood.com\/pl\/wp-json\/wp\/v2\/product_cat?post=46317"},{"taxonomy":"product_tag","embeddable":true,"href":"https:\/\/myspainfood.com\/pl\/wp-json\/wp\/v2\/product_tag?post=46317"}],"curies":[{"name":"wp","href":"https:\/\/api.w.org\/{rel}","templated":true}]}}

Ribera. Młode wino Señorío de Nava 2022

<p>Nuty degustacyjne Wiśniowo-czerwony kolor, dobrze kryjący, z granatową obwódką; energiczny i młodzieńczy wygląd, elegancki, jasny, niepowtarzalny, który wypełnia kieliszek czerwoną koronką, gdy spada z butelki. Złożony i delikatny aromat; bardzo trwałe przyprawy, ze szczytem aromatów balsamicznych, palonej kawy i lukrecji. W ustach wykazuje koncentrację, wspaniałą strukturę, obfite, dobre taniny, zrównoważone, z aksamitnym dotykiem i pozostawia wrażenie finezji. Eleganckie, z szerokim wachlarzem doznań.   </p>
<p>Gastronomia - Zalecane potrawy do mięs, ryb, pieczeni i świeżych serów.</p>

<p>Nuty degustacyjne Wiśniowo-czerwony kolor, dobrze kryjący, z granatową obwódką; energiczny i młodzieńczy wygląd, elegancki, jasny, niepowtarzalny, który wypełnia kieliszek czerwoną koronką, gdy spada z butelki. Złożony i delikatny aromat; bardzo trwałe przyprawy, ze szczytem aromatów balsamicznych, palonej kawy i lukrecji. W ustach wykazuje koncentrację, wspaniałą strukturę, obfite, dobre taniny, zrównoważone, z aksamitnym dotykiem i pozostawia [&hellip;]</p>
