{"id":48045,"date":"2025-04-10T12:06:39","date_gmt":"2025-04-10T10:06:39","guid":{"rendered":"https:\/\/myspainfood.com\/producto\/cale-papryczki-piquillo-extra-mateo\/"},"modified":"2025-04-10T12:06:39","modified_gmt":"2025-04-10T10:06:39","slug":"cale-papryczki-piquillo-extra-mateo","status":"publish","type":"product","link":"https:\/\/myspainfood.com\/pl\/producto\/cale-papryczki-piquillo-extra-mateo\/","title":{"rendered":"Ca\u0142e papryczki piquillo extra Mateo"},"content":{"rendered":"<p>Ca\u0142e papryczki piquillo extra Mateo to <a href=\"https:\/\/twitter.com\/mca_spain\" target=\"_blank\" rel=\"noopener noreferrer nofollow\">produkt firmy MCA Spain<\/a>.<\/p>\n<p>Sk\u0142adniki: Papryka Piquillo, czosnek, s\u00f3l, substancja zakwaszaj\u0105ca: kwas cytrynowy.<\/p>\n<p>Po otwarciu przechowywa\u0107 w lod\u00f3wce i spo\u017cy\u0107 najlepiej w ci\u0105gu 5 dni.<\/p>\n<p>La Viuda de Mateo jest jedn\u0105 z marek handlowych, pod kt\u00f3rymi grupa MCA Spain wchodzi na rynek.<\/p>\n<p>Pocz\u0105tki MCA Spain le\u017c\u0105 w do\u015bwiadczeniu Carlosa Ripy, obecnego dyrektora generalnego, po dekadzie pracy w rodzinnej firmie zwi\u0105zanej z sektorem handlu detalicznego \u017cywno\u015bci\u0105.<\/p>\n<p>Jednak w po\u0142owie lat 80-tych Ripa uruchomi\u0142 sw\u00f3j w\u0142asny projekt w swoim rodzinnym mie\u015bcie (Mendavia, Navarra): firm\u0119 produkuj\u0105c\u0105 puszki, MCA Spain.<\/p>\n<p>Firma ta pozycjonuje si\u0119 w pierwszej lidze hiszpa\u0144skiego sektora rolno-spo\u017cywczego, bazuj\u0105c na przetworach warzywnych i rybnych.<\/p>\n<p>Spektakularny rozw\u00f3j, kt\u00f3ry nie by\u0142by mo\u017cliwy bez pierwszorz\u0119dnego zespo\u0142u i powo\u0142ania do obs\u0142ugi klienta.<\/p>\n<p>Je\u015bli chc\u0105 Pa\u0144stwo kupi\u0107 ca\u0142e papryczki piquillo extra Mateo lub jakikolwiek inny rodzaj <a href=\"https:\/\/latiendadesami.com\/categoria-producto\/conservas\/\" rel=\"noopener noreferrer nofollow\" target=\"_blank\">\u017cywno\u015bci w puszkach<\/a>, zapraszamy do zapoznania si\u0119 z naszym katalogiem online.<\/p>\n<p>Mamy najwy\u017csz\u0105 jako\u015b\u0107 w najlepszej cenie.<\/p>\n<p>Prosimy napisa\u0107 do nas, aby uzyska\u0107 wi\u0119cej informacji lub je\u015bli maj\u0105 Pa\u0144stwo pytania dotycz\u0105ce tego lub innego produktu z naszego katalogu.<\/p>\n","protected":false},"excerpt":{"rendered":"<p>Ca\u0142e papryczki piquillo extra Mateo to produkt firmy MCA Spain. Sk\u0142adniki: Papryka Piquillo, czosnek, s\u00f3l, substancja zakwaszaj\u0105ca: kwas cytrynowy. Po otwarciu przechowywa\u0107 w lod\u00f3wce i spo\u017cy\u0107 najlepiej w ci\u0105gu 5 dni. La Viuda de Mateo jest jedn\u0105 z marek handlowych, pod kt\u00f3rymi grupa MCA Spain wchodzi na rynek. Pocz\u0105tki MCA Spain le\u017c\u0105 w do\u015bwiadczeniu Carlosa [&hellip;]<\/p>\n","protected":false},"featured_media":8698,"template":"","meta":{"_et_pb_use_builder":"","_et_pb_old_content":"","_et_gb_content_width":""},"product_brand":[1129],"product_cat":[1969,2311],"product_tag":[4818],"class_list":{"0":"post-48045","1":"product","2":"type-product","3":"status-publish","4":"has-post-thumbnail","6":"product_brand-mateo","7":"product_cat-konserwy","8":"product_cat-papryka","9":"product_tag-piquillo-pl","11":"first","12":"outofstock","13":"taxable","14":"shipping-taxable","15":"purchasable","16":"product-type-simple"},"_links":{"self":[{"href":"https:\/\/myspainfood.com\/pl\/wp-json\/wp\/v2\/product\/48045","targetHints":{"allow":["GET"]}}],"collection":[{"href":"https:\/\/myspainfood.com\/pl\/wp-json\/wp\/v2\/product"}],"about":[{"href":"https:\/\/myspainfood.com\/pl\/wp-json\/wp\/v2\/types\/product"}],"wp:featuredmedia":[{"embeddable":true,"href":"https:\/\/myspainfood.com\/pl\/wp-json\/wp\/v2\/media\/8698"}],"wp:attachment":[{"href":"https:\/\/myspainfood.com\/pl\/wp-json\/wp\/v2\/media?parent=48045"}],"wp:term":[{"taxonomy":"product_brand","embeddable":true,"href":"https:\/\/myspainfood.com\/pl\/wp-json\/wp\/v2\/product_brand?post=48045"},{"taxonomy":"product_cat","embeddable":true,"href":"https:\/\/myspainfood.com\/pl\/wp-json\/wp\/v2\/product_cat?post=48045"},{"taxonomy":"product_tag","embeddable":true,"href":"https:\/\/myspainfood.com\/pl\/wp-json\/wp\/v2\/product_tag?post=48045"}],"curies":[{"name":"wp","href":"https:\/\/api.w.org\/{rel}","templated":true}]}}

Całe papryczki piquillo extra Mateo

<p>Całe papryczki piquillo extra Mateo to <a href="https://twitter.com/mca_spain" target="_blank" rel="noopener noreferrer nofollow">produkt firmy MCA Spain</a>.</p>
<p>Składniki: Papryka Piquillo, czosnek, sól, substancja zakwaszająca: kwas cytrynowy.</p>
<p>Po otwarciu przechowywać w lodówce i spożyć najlepiej w ciągu 5 dni.</p>
<p>La Viuda de Mateo jest jedną z marek handlowych, pod którymi grupa MCA Spain wchodzi na rynek.</p>
<p>Początki MCA Spain leżą w doświadczeniu Carlosa Ripy, obecnego dyrektora generalnego, po dekadzie pracy w rodzinnej firmie związanej z sektorem handlu detalicznego żywnością.</p>
<p>Jednak w połowie lat 80-tych Ripa uruchomił swój własny projekt w swoim rodzinnym mieście (Mendavia, Navarra): firmę produkującą puszki, MCA Spain.</p>
<p>Firma ta pozycjonuje się w pierwszej lidze hiszpańskiego sektora rolno-spożywczego, bazując na przetworach warzywnych i rybnych.</p>
<p>Spektakularny rozwój, który nie byłby możliwy bez pierwszorzędnego zespołu i powołania do obsługi klienta.</p>
<p>Jeśli chcą Państwo kupić całe papryczki piquillo extra Mateo lub jakikolwiek inny rodzaj <a href="https://latiendadesami.com/categoria-producto/conservas/" rel="noopener noreferrer nofollow" target="_blank">żywności w puszkach</a>, zapraszamy do zapoznania się z naszym katalogiem online.</p>
<p>Mamy najwyższą jakość w najlepszej cenie.</p>
<p>Prosimy napisać do nas, aby uzyskać więcej informacji lub jeśli mają Państwo pytania dotyczące tego lub innego produktu z naszego katalogu.</p>

<p>Całe papryczki piquillo extra Mateo to produkt firmy MCA Spain. Składniki: Papryka Piquillo, czosnek, sól, substancja zakwaszająca: kwas cytrynowy. Po otwarciu przechowywać w lodówce i spożyć najlepiej w ciągu 5 dni. La Viuda de Mateo jest jedną z marek handlowych, pod którymi grupa MCA Spain wchodzi na rynek. Początki MCA Spain leżą w doświadczeniu Carlosa [&hellip;]</p>
