{"id":26616,"date":"2025-04-10T12:07:15","date_gmt":"2025-04-10T10:07:15","guid":{"rendered":"https:\/\/myspainfood.com\/producto\/macrou-andaluz-d-o-ulei-de-masline\/"},"modified":"2025-04-10T12:07:15","modified_gmt":"2025-04-10T10:07:15","slug":"macrou-andaluz-d-o-ulei-de-masline","status":"publish","type":"product","link":"https:\/\/myspainfood.com\/ro\/producto\/macrou-andaluz-d-o-ulei-de-masline\/","title":{"rendered":"Macrou andaluz D.O. ulei de m\u0103sline"},"content":{"rendered":"<p style=\"text-align: left\">Fileuri curate de macrou andaluz, ambalate \u00eentr-un borcan de sticl\u0103 \u0219i o capsul\u0103 metalic\u0103.<\/p>\n<p style=\"text-align: left\">Produc\u021bia \u0219i calitatea sunt stabilite de regulamentele <span class=\"file\">Consiliului de reglementare al indica\u021biilor geografice protejate pentru macrou \u0219i macrou fregat din Andaluzia<\/span>, din care face parte <a href=\"https:\/\/pesasur.com\/calidad\/\" target=\"_blank\" rel=\"noopener noreferrer nofollow\">Pesasur<\/a>.<\/p>\n<p style=\"text-align: left\">Culoare alb-cenu\u0219ie, consisten\u021b\u0103 neted\u0103 \u0219i miros pl\u0103cut, o arom\u0103 caracteristic\u0103, unic\u0103.<\/p>\n<p><strong>INGREDIENTE<\/strong><\/p>\n<ul>\n<li>Macrou<\/li>\n<li>Ulei de m\u0103sline<\/li>\n<li>Sare<\/li>\n<\/ul>\n<p>PESASUR utilizeaz\u0103 macrou andaluz (I.G.P. Denumire specific\u0103 de origine a regiunii andaluze) care este prelucrat \u00een stare proasp\u0103t\u0103 \u00een fabric\u0103 \u00een cea mai mare parte a anului.<\/p>\n<p>PESASUR nu utilizeaz\u0103 produse chimice \u00een timpul procesului de produc\u021bie, iar experien\u021ba for\u021bei de munc\u0103 care lucreaz\u0103 cu fileuri de macrou de genera\u021bii \u00eentregi asigur\u0103 cur\u0103\u021benia perfect\u0103 a pe\u0219telui \u0219i o prezentare excelent\u0103 a fileurilor \u00een borcane \u0219i conserve de toate formatele.<\/p>\n<h4>Principalele beneficii ale alimentelor conservate<\/h4>\n<ol>\n<li>P\u0103streaz\u0103 toate propriet\u0103\u021bile nutritive ale alimentelor \u00een sine. Alimentele \u00ee\u0219i p\u0103streaz\u0103 prospe\u021bimea. <\/li>\n<li>Alimentele utilizate sunt s\u0103n\u0103toase \u0219i, prin urmare, potrivite pentru o diet\u0103 optim\u0103 datorit\u0103 con\u021binutului lor ridicat de vitamine \u0219i proteine.<\/li>\n<li>Aceste produse au o durat\u0103 de via\u021b\u0103 mai lung\u0103 (2-5 ani este tipic).<\/li>\n<li>Conservele sunt foarte u\u0219or de depozitat, deoarece ambalajul lor este u\u0219or de aplicat.<\/li>\n<\/ol>\n<p>Dac\u0103 dori\u021bi s\u0103 cump\u0103ra\u021bi macrou andaluz sau orice alt tip de <a href=\"https:\/\/latiendadesami.com\/categoria-producto\/conservas\/\" rel=\"noopener noreferrer nofollow\" target=\"_blank\">conserv\u0103<\/a>, nu ezita\u021bi s\u0103 arunca\u021bi o privire la catalogul nostru online pentru a vedea varietatea larg\u0103 de <a href=\"https:\/\/latiendadesami.com\/categoria-producto\/conservas\/atun-y-bonito\/\" target=\"_blank\" rel=\"noopener noreferrer nofollow\">ton<\/a> pe care o avem.<\/p>\n<p>Scrie\u021bi-ne pentru mai multe informa\u021bii.<\/p>\n","protected":false},"excerpt":{"rendered":"<p>Ulei de m\u0103sline de macrou andaluz<\/p>\n","protected":false},"featured_media":9545,"template":"","meta":{"_et_pb_use_builder":"","_et_pb_old_content":"","_et_gb_content_width":""},"product_brand":[1205],"product_cat":[1975,3302],"product_tag":[],"class_list":{"0":"post-26616","1":"product","2":"type-product","3":"status-publish","4":"has-post-thumbnail","6":"product_brand-pesasur","7":"product_cat-conserve-ro","8":"product_cat-macrou","10":"first","11":"outofstock","12":"taxable","13":"shipping-taxable","14":"product-type-variable"},"_links":{"self":[{"href":"https:\/\/myspainfood.com\/ro\/wp-json\/wp\/v2\/product\/26616","targetHints":{"allow":["GET"]}}],"collection":[{"href":"https:\/\/myspainfood.com\/ro\/wp-json\/wp\/v2\/product"}],"about":[{"href":"https:\/\/myspainfood.com\/ro\/wp-json\/wp\/v2\/types\/product"}],"wp:featuredmedia":[{"embeddable":true,"href":"https:\/\/myspainfood.com\/ro\/wp-json\/wp\/v2\/media\/9545"}],"wp:attachment":[{"href":"https:\/\/myspainfood.com\/ro\/wp-json\/wp\/v2\/media?parent=26616"}],"wp:term":[{"taxonomy":"product_brand","embeddable":true,"href":"https:\/\/myspainfood.com\/ro\/wp-json\/wp\/v2\/product_brand?post=26616"},{"taxonomy":"product_cat","embeddable":true,"href":"https:\/\/myspainfood.com\/ro\/wp-json\/wp\/v2\/product_cat?post=26616"},{"taxonomy":"product_tag","embeddable":true,"href":"https:\/\/myspainfood.com\/ro\/wp-json\/wp\/v2\/product_tag?post=26616"}],"curies":[{"name":"wp","href":"https:\/\/api.w.org\/{rel}","templated":true}]}}

Macrou andaluz D.O. ulei de măsline

<p style="text-align: left">Fileuri curate de macrou andaluz, ambalate într-un borcan de sticlă și o capsulă metalică.</p>
<p style="text-align: left">Producția și calitatea sunt stabilite de regulamentele <span class="file">Consiliului de reglementare al indicațiilor geografice protejate pentru macrou și macrou fregat din Andaluzia</span>, din care face parte <a href="https://pesasur.com/calidad/" target="_blank" rel="noopener noreferrer nofollow">Pesasur</a>.</p>
<p style="text-align: left">Culoare alb-cenușie, consistență netedă și miros plăcut, o aromă caracteristică, unică.</p>
<p><strong>INGREDIENTE</strong></p>
<ul>
<li>Macrou</li>
<li>Ulei de măsline</li>
<li>Sare</li>
</ul>
<p>PESASUR utilizează macrou andaluz (I.G.P. Denumire specifică de origine a regiunii andaluze) care este prelucrat în stare proaspătă în fabrică în cea mai mare parte a anului.</p>
<p>PESASUR nu utilizează produse chimice în timpul procesului de producție, iar experiența forței de muncă care lucrează cu fileuri de macrou de generații întregi asigură curățenia perfectă a peștelui și o prezentare excelentă a fileurilor în borcane și conserve de toate formatele.</p>
<h4>Principalele beneficii ale alimentelor conservate</h4>
<ol>
<li>Păstrează toate proprietățile nutritive ale alimentelor în sine. Alimentele își păstrează prospețimea. </li>
<li>Alimentele utilizate sunt sănătoase și, prin urmare, potrivite pentru o dietă optimă datorită conținutului lor ridicat de vitamine și proteine.</li>
<li>Aceste produse au o durată de viață mai lungă (2-5 ani este tipic).</li>
<li>Conservele sunt foarte ușor de depozitat, deoarece ambalajul lor este ușor de aplicat.</li>
</ol>
<p>Dacă doriți să cumpărați macrou andaluz sau orice alt tip de <a href="https://latiendadesami.com/categoria-producto/conservas/" rel="noopener noreferrer nofollow" target="_blank">conservă</a>, nu ezitați să aruncați o privire la catalogul nostru online pentru a vedea varietatea largă de <a href="https://latiendadesami.com/categoria-producto/conservas/atun-y-bonito/" target="_blank" rel="noopener noreferrer nofollow">ton</a> pe care o avem.</p>
<p>Scrieți-ne pentru mai multe informații.</p>

<p>Ulei de măsline de macrou andaluz</p>
