{"id":33758,"date":"2025-04-10T12:09:55","date_gmt":"2025-04-10T10:09:55","guid":{"rendered":"https:\/\/myspainfood.com\/producto\/fileuri-de-melva-de-andalucia-canutera-in-ulei-de-masline\/"},"modified":"2025-04-10T12:09:55","modified_gmt":"2025-04-10T10:09:55","slug":"fileuri-de-melva-de-andalucia-canutera-in-ulei-de-masline","status":"publish","type":"product","link":"https:\/\/myspainfood.com\/ro\/producto\/fileuri-de-melva-de-andalucia-canutera-in-ulei-de-masline\/","title":{"rendered":"Fileuri de Melva de Andalucia Canutera \u00een ulei de m\u0103sline"},"content":{"rendered":"<p>PESASUR nu utilizeaz\u0103 niciun produs chimic \u00een timpul procesului de produc\u021bie, iar experien\u021ba for\u021bei de munc\u0103 care lucreaz\u0103 fileurile de macrou de genera\u021bii \u00eentregi asigur\u0103 cur\u0103\u021benia perfect\u0103 a pe\u0219telui \u0219i o prezentare excelent\u0103 a fileurilor \u00een borcane \u0219i cutii de toate formatele.<\/p>\n<h4>Principalele beneficii ale alimentelor conservate<\/h4>\n<ol>\n<li>P\u0103streaz\u0103 toate propriet\u0103\u021bile nutritive ale alimentelor \u00een sine. Alimentele \u00ee\u0219i p\u0103streaz\u0103 prospe\u021bimea. <\/li>\n<li>Alimentele utilizate sunt s\u0103n\u0103toase \u0219i, prin urmare, potrivite pentru o diet\u0103 optim\u0103 datorit\u0103 con\u021binutului lor ridicat de vitamine \u0219i proteine.<\/li>\n<li>Aceste produse au o durat\u0103 de via\u021b\u0103 mai lung\u0103 (2-5 ani este tipic).<\/li>\n<li>Conservele sunt foarte u\u0219or de depozitat, deoarece ambalajul lor este u\u0219or de aplicat.<\/li>\n<\/ol>\n<p>Dac\u0103 dori\u021bi s\u0103 cump\u0103ra\u021bi macrou andaluz sau orice alt tip de <a href=\"https:\/\/latiendadesami.com\/categoria-producto\/conservas\/\" rel=\"noopener noreferrer nofollow\" target=\"_blank\">conserv\u0103<\/a>, nu ezita\u021bi s\u0103 arunca\u021bi o privire la catalogul nostru online pentru a vedea varietatea larg\u0103 de <a href=\"https:\/\/latiendadesami.com\/categoria-producto\/conservas\/atun-y-bonito\/\" target=\"_blank\" rel=\"noopener noreferrer nofollow\">ton<\/a> pe care o avem.<\/p>\n<p>Scrie\u021bi-ne pentru mai multe informa\u021bii.<\/p>\n","protected":false},"excerpt":{"rendered":"<p>Ulei de m\u0103sline de macrou andaluz<\/p>\n","protected":false},"featured_media":12515,"template":"","meta":{"_et_pb_use_builder":"","_et_pb_old_content":"","_et_gb_content_width":""},"product_brand":[1205],"product_cat":[1975,7428],"product_tag":[],"class_list":{"0":"post-33758","1":"product","2":"type-product","3":"status-publish","4":"has-post-thumbnail","6":"product_brand-pesasur","7":"product_cat-conserve-ro","8":"product_cat-melva-ro","10":"first","11":"outofstock","12":"taxable","13":"shipping-taxable","14":"product-type-variable"},"_links":{"self":[{"href":"https:\/\/myspainfood.com\/ro\/wp-json\/wp\/v2\/product\/33758","targetHints":{"allow":["GET"]}}],"collection":[{"href":"https:\/\/myspainfood.com\/ro\/wp-json\/wp\/v2\/product"}],"about":[{"href":"https:\/\/myspainfood.com\/ro\/wp-json\/wp\/v2\/types\/product"}],"wp:featuredmedia":[{"embeddable":true,"href":"https:\/\/myspainfood.com\/ro\/wp-json\/wp\/v2\/media\/12515"}],"wp:attachment":[{"href":"https:\/\/myspainfood.com\/ro\/wp-json\/wp\/v2\/media?parent=33758"}],"wp:term":[{"taxonomy":"product_brand","embeddable":true,"href":"https:\/\/myspainfood.com\/ro\/wp-json\/wp\/v2\/product_brand?post=33758"},{"taxonomy":"product_cat","embeddable":true,"href":"https:\/\/myspainfood.com\/ro\/wp-json\/wp\/v2\/product_cat?post=33758"},{"taxonomy":"product_tag","embeddable":true,"href":"https:\/\/myspainfood.com\/ro\/wp-json\/wp\/v2\/product_tag?post=33758"}],"curies":[{"name":"wp","href":"https:\/\/api.w.org\/{rel}","templated":true}]}}

Fileuri de Melva de Andalucia Canutera în ulei de măsline

<p>PESASUR nu utilizează niciun produs chimic în timpul procesului de producție, iar experiența forței de muncă care lucrează fileurile de macrou de generații întregi asigură curățenia perfectă a peștelui și o prezentare excelentă a fileurilor în borcane și cutii de toate formatele.</p>
<h4>Principalele beneficii ale alimentelor conservate</h4>
<ol>
<li>Păstrează toate proprietățile nutritive ale alimentelor în sine. Alimentele își păstrează prospețimea. </li>
<li>Alimentele utilizate sunt sănătoase și, prin urmare, potrivite pentru o dietă optimă datorită conținutului lor ridicat de vitamine și proteine.</li>
<li>Aceste produse au o durată de viață mai lungă (2-5 ani este tipic).</li>
<li>Conservele sunt foarte ușor de depozitat, deoarece ambalajul lor este ușor de aplicat.</li>
</ol>
<p>Dacă doriți să cumpărați macrou andaluz sau orice alt tip de <a href="https://latiendadesami.com/categoria-producto/conservas/" rel="noopener noreferrer nofollow" target="_blank">conservă</a>, nu ezitați să aruncați o privire la catalogul nostru online pentru a vedea varietatea largă de <a href="https://latiendadesami.com/categoria-producto/conservas/atun-y-bonito/" target="_blank" rel="noopener noreferrer nofollow">ton</a> pe care o avem.</p>
<p>Scrieți-ne pentru mai multe informații.</p>

<p>Ulei de măsline de macrou andaluz</p>
