{"id":38699,"date":"2025-04-10T12:09:11","date_gmt":"2025-04-10T10:09:11","guid":{"rendered":"https:\/\/myspainfood.com\/producto\/branza-mixta-fara-lactoza-250-gr-el-gran-cardenal\/"},"modified":"2025-06-24T13:36:31","modified_gmt":"2025-06-24T11:36:31","slug":"branza-mixta-fara-lactoza-250-gr-el-gran-cardenal","status":"publish","type":"product","link":"https:\/\/myspainfood.com\/ro\/producto\/branza-mixta-fara-lactoza-250-gr-el-gran-cardenal\/","title":{"rendered":"Br\u00e2nz\u0103 mixt\u0103 f\u0103r\u0103 lactoz\u0103 250 gr El Gran Cardenal"},"content":{"rendered":"<div class=\"et_pb_blurb_container\">\n<div class=\"et_pb_blurb_container\">\n<div class=\"et_pb_blurb_container\">\n<h4 class=\"et_pb_module_header\">Amestec f\u0103r\u0103 lactoz\u0103<\/h4>\n<div class=\"et_pb_blurb_description\">Persoanele cu intoleran\u021b\u0103 la lactoz\u0103 nu mai trebuie s\u0103 renun\u021be la o br\u00e2nz\u0103 grozav\u0103.<\/p>\n<p>Fabricat\u0103 din lapte de oaie \u0219i de vac\u0103, tratat corespunz\u0103tor pentru a elimina lactoza, ob\u021binem o br\u00e2nz\u0103 cu o intensitate u\u0219oar\u0103, textur\u0103 cremoas\u0103 \u0219i gust u\u0219or dulce.<\/p>\n<p>\u0218i restul familiei o va aprecia.<\/p><\/div>\n<\/div>\n<\/div>\n<\/div>\n","protected":false},"excerpt":{"rendered":"<p>Amestec f\u0103r\u0103 lactoz\u0103 Persoanele cu intoleran\u021b\u0103 la lactoz\u0103 nu mai trebuie s\u0103 renun\u021be la o br\u00e2nz\u0103 grozav\u0103. Fabricat\u0103 din lapte de oaie \u0219i de vac\u0103, tratat corespunz\u0103tor pentru a elimina lactoza, ob\u021binem o br\u00e2nz\u0103 cu o intensitate u\u0219oar\u0103, textur\u0103 cremoas\u0103 \u0219i gust u\u0219or dulce. \u0218i restul familiei o va aprecia.<\/p>\n","protected":false},"featured_media":11759,"template":"","meta":{"_et_pb_use_builder":"","_et_pb_old_content":"","_et_gb_content_width":""},"product_brand":[1319],"product_cat":[2239,2720,1828],"product_tag":[],"class_list":{"0":"post-38699","1":"product","2":"type-product","3":"status-publish","4":"has-post-thumbnail","6":"product_brand-el-gran-cardenal","7":"product_cat-branza-si-carnati","8":"product_cat-curatare","9":"product_cat-rece","10":"product_shipping_class-transport-la-rece","12":"first","13":"outofstock","14":"sale","15":"taxable","16":"shipping-taxable","17":"purchasable","18":"product-type-simple"},"_links":{"self":[{"href":"https:\/\/myspainfood.com\/ro\/wp-json\/wp\/v2\/product\/38699","targetHints":{"allow":["GET"]}}],"collection":[{"href":"https:\/\/myspainfood.com\/ro\/wp-json\/wp\/v2\/product"}],"about":[{"href":"https:\/\/myspainfood.com\/ro\/wp-json\/wp\/v2\/types\/product"}],"wp:featuredmedia":[{"embeddable":true,"href":"https:\/\/myspainfood.com\/ro\/wp-json\/wp\/v2\/media\/11759"}],"wp:attachment":[{"href":"https:\/\/myspainfood.com\/ro\/wp-json\/wp\/v2\/media?parent=38699"}],"wp:term":[{"taxonomy":"product_brand","embeddable":true,"href":"https:\/\/myspainfood.com\/ro\/wp-json\/wp\/v2\/product_brand?post=38699"},{"taxonomy":"product_cat","embeddable":true,"href":"https:\/\/myspainfood.com\/ro\/wp-json\/wp\/v2\/product_cat?post=38699"},{"taxonomy":"product_tag","embeddable":true,"href":"https:\/\/myspainfood.com\/ro\/wp-json\/wp\/v2\/product_tag?post=38699"}],"curies":[{"name":"wp","href":"https:\/\/api.w.org\/{rel}","templated":true}]}}

Brânză mixtă fără lactoză 250 gr El Gran Cardenal

<div class="et_pb_blurb_container">
<div class="et_pb_blurb_container">
<div class="et_pb_blurb_container">
<h4 class="et_pb_module_header">Amestec fără lactoză</h4>
<div class="et_pb_blurb_description">Persoanele cu intoleranță la lactoză nu mai trebuie să renunțe la o brânză grozavă.</p>
<p>Fabricată din lapte de oaie și de vacă, tratat corespunzător pentru a elimina lactoza, obținem o brânză cu o intensitate ușoară, textură cremoasă și gust ușor dulce.</p>
<p>Și restul familiei o va aprecia.</p></div>
</div>
</div>
</div>

<p>Amestec fără lactoză Persoanele cu intoleranță la lactoză nu mai trebuie să renunțe la o brânză grozavă. Fabricată din lapte de oaie și de vacă, tratat corespunzător pentru a elimina lactoza, obținem o brânză cu o intensitate ușoară, textură cremoasă și gust ușor dulce. Și restul familiei o va aprecia.</p>
