{"id":46366,"date":"2025-04-10T12:07:16","date_gmt":"2025-04-10T10:07:16","guid":{"rendered":"https:\/\/myspainfood.com\/producto\/ribera-senorio-de-nava-2022-vin-tanar\/"},"modified":"2025-09-02T10:39:15","modified_gmt":"2025-09-02T08:39:15","slug":"ribera-senorio-de-nava-2022-vin-tanar","status":"publish","type":"product","link":"https:\/\/myspainfood.com\/ro\/producto\/ribera-senorio-de-nava-2022-vin-tanar\/","title":{"rendered":"Ribera. Se\u00f1or\u00edo de Nava 2022 vin t\u00e2n\u0103r"},"content":{"rendered":"<p>Note de degustare Culoare ro\u0219u vi\u0219iniu, bine acoperit\u0103, cu margini granate; aspect viguros \u0219i tineresc, elegant, str\u0103lucitor, inconfundabil, care umple paharul cu dantel\u0103 ro\u0219ie pe m\u0103sur\u0103 ce cade din sticl\u0103. Arom\u0103 complex\u0103 \u0219i fin\u0103; condimente foarte persistente, cu un v\u00e2rf de arome balsamice, cafea pr\u0103jit\u0103 \u0219i lemn dulce. \u00cen gur\u0103 prezint\u0103 concentrare, structur\u0103 splendid\u0103, tanin amplu, bun, echilibrat, cu o atingere onctuoas\u0103 \u0219i las\u0103 o senza\u021bie de fine\u021be. Elegant, cu o gam\u0103 larg\u0103 de senza\u021bii.   <\/p>\n<p>Gastronomie-M\u00e2nc\u0103ruri recomandate Pentru a \u00eenso\u021bi carnea, pe\u0219tele, fripturile \u0219i br\u00e2nzeturile proaspete.<\/p>\n","protected":false},"excerpt":{"rendered":"<p>Note de degustare Culoare ro\u0219u vi\u0219iniu, bine acoperit\u0103, cu margini granate; aspect viguros \u0219i tineresc, elegant, str\u0103lucitor, inconfundabil, care umple paharul cu dantel\u0103 ro\u0219ie pe m\u0103sur\u0103 ce cade din sticl\u0103. Arom\u0103 complex\u0103 \u0219i fin\u0103; condimente foarte persistente, cu un v\u00e2rf de arome balsamice, cafea pr\u0103jit\u0103 \u0219i lemn dulce. \u00cen gur\u0103 prezint\u0103 concentrare, structur\u0103 splendid\u0103, tanin [&hellip;]<\/p>\n","protected":false},"featured_media":9707,"template":"","meta":{"_et_pb_use_builder":"","_et_pb_old_content":"","_et_gb_content_width":""},"product_brand":[1224],"product_cat":[4868,5250],"product_tag":[5251],"class_list":{"0":"post-46366","1":"product","2":"type-product","3":"status-publish","4":"has-post-thumbnail","6":"product_brand-senorio-de-nava","7":"product_cat-bauturi","8":"product_cat-vin-ro-2","9":"product_tag-educatie","11":"first","12":"outofstock","13":"taxable","14":"shipping-taxable","15":"product-type-variable"},"_links":{"self":[{"href":"https:\/\/myspainfood.com\/ro\/wp-json\/wp\/v2\/product\/46366","targetHints":{"allow":["GET"]}}],"collection":[{"href":"https:\/\/myspainfood.com\/ro\/wp-json\/wp\/v2\/product"}],"about":[{"href":"https:\/\/myspainfood.com\/ro\/wp-json\/wp\/v2\/types\/product"}],"wp:featuredmedia":[{"embeddable":true,"href":"https:\/\/myspainfood.com\/ro\/wp-json\/wp\/v2\/media\/9707"}],"wp:attachment":[{"href":"https:\/\/myspainfood.com\/ro\/wp-json\/wp\/v2\/media?parent=46366"}],"wp:term":[{"taxonomy":"product_brand","embeddable":true,"href":"https:\/\/myspainfood.com\/ro\/wp-json\/wp\/v2\/product_brand?post=46366"},{"taxonomy":"product_cat","embeddable":true,"href":"https:\/\/myspainfood.com\/ro\/wp-json\/wp\/v2\/product_cat?post=46366"},{"taxonomy":"product_tag","embeddable":true,"href":"https:\/\/myspainfood.com\/ro\/wp-json\/wp\/v2\/product_tag?post=46366"}],"curies":[{"name":"wp","href":"https:\/\/api.w.org\/{rel}","templated":true}]}}

Ribera. Señorío de Nava 2022 vin tânăr

<p>Note de degustare Culoare roșu vișiniu, bine acoperită, cu margini granate; aspect viguros și tineresc, elegant, strălucitor, inconfundabil, care umple paharul cu dantelă roșie pe măsură ce cade din sticlă. Aromă complexă și fină; condimente foarte persistente, cu un vârf de arome balsamice, cafea prăjită și lemn dulce. În gură prezintă concentrare, structură splendidă, tanin amplu, bun, echilibrat, cu o atingere onctuoasă și lasă o senzație de finețe. Elegant, cu o gamă largă de senzații.   </p>
<p>Gastronomie-Mâncăruri recomandate Pentru a însoți carnea, peștele, fripturile și brânzeturile proaspete.</p>

<p>Note de degustare Culoare roșu vișiniu, bine acoperită, cu margini granate; aspect viguros și tineresc, elegant, strălucitor, inconfundabil, care umple paharul cu dantelă roșie pe măsură ce cade din sticlă. Aromă complexă și fină; condimente foarte persistente, cu un vârf de arome balsamice, cafea prăjită și lemn dulce. În gură prezintă concentrare, structură splendidă, tanin [&hellip;]</p>
