{"id":49282,"date":"2025-04-10T12:07:47","date_gmt":"2025-04-10T10:07:47","guid":{"rendered":"https:\/\/myspainfood.com\/producto\/manzanilla-4-kg-242-aperitiv\/"},"modified":"2025-04-10T12:07:47","modified_gmt":"2025-04-10T10:07:47","slug":"manzanilla-4-kg-242-aperitiv","status":"publish","type":"product","link":"https:\/\/myspainfood.com\/ro\/producto\/manzanilla-4-kg-242-aperitiv\/","title":{"rendered":"Manzanilla 4 kg 242 aperitiv"},"content":{"rendered":"<p>Denumirea &#8222;manzanilla&#8221; se acord\u0103 diferitelor variet\u0103\u021bi de m\u0103slin (Olea europaea). De asemenea, acest nume este dat fructului sau m\u0103slinului pe care \u00eel produc. Principalele soiuri sunt manzanilla sevillana, manzanilla cacere\u00f1a \u0219i manzanilla alore\u00f1a.    <\/p>\n","protected":false},"excerpt":{"rendered":"<p>Denumirea &#8222;manzanilla&#8221; se acord\u0103 diferitelor variet\u0103\u021bi de m\u0103slin (Olea europaea). De asemenea, acest nume este dat fructului sau m\u0103slinului pe care \u00eel produc. Principalele soiuri sunt manzanilla sevillana, manzanilla cacere\u00f1a \u0219i manzanilla alore\u00f1a.<\/p>\n","protected":false},"featured_media":10148,"template":"","meta":{"_et_pb_use_builder":"","_et_pb_old_content":"","_et_gb_content_width":""},"product_brand":[1069],"product_cat":[1600,1598],"product_tag":[2056],"class_list":{"0":"post-49282","1":"product","2":"type-product","3":"status-publish","4":"has-post-thumbnail","6":"product_brand-sangar","7":"product_cat-masline","8":"product_cat-muraturi","9":"product_tag-musetel","11":"first","12":"outofstock","13":"taxable","14":"shipping-taxable","15":"purchasable","16":"product-type-simple"},"_links":{"self":[{"href":"https:\/\/myspainfood.com\/ro\/wp-json\/wp\/v2\/product\/49282","targetHints":{"allow":["GET"]}}],"collection":[{"href":"https:\/\/myspainfood.com\/ro\/wp-json\/wp\/v2\/product"}],"about":[{"href":"https:\/\/myspainfood.com\/ro\/wp-json\/wp\/v2\/types\/product"}],"wp:featuredmedia":[{"embeddable":true,"href":"https:\/\/myspainfood.com\/ro\/wp-json\/wp\/v2\/media\/10148"}],"wp:attachment":[{"href":"https:\/\/myspainfood.com\/ro\/wp-json\/wp\/v2\/media?parent=49282"}],"wp:term":[{"taxonomy":"product_brand","embeddable":true,"href":"https:\/\/myspainfood.com\/ro\/wp-json\/wp\/v2\/product_brand?post=49282"},{"taxonomy":"product_cat","embeddable":true,"href":"https:\/\/myspainfood.com\/ro\/wp-json\/wp\/v2\/product_cat?post=49282"},{"taxonomy":"product_tag","embeddable":true,"href":"https:\/\/myspainfood.com\/ro\/wp-json\/wp\/v2\/product_tag?post=49282"}],"curies":[{"name":"wp","href":"https:\/\/api.w.org\/{rel}","templated":true}]}}

<p>Denumirea &#8222;manzanilla&#8221; se acordă diferitelor varietăți de măslin (Olea europaea). De asemenea, acest nume este dat fructului sau măslinului pe care îl produc. Principalele soiuri sunt manzanilla sevillana, manzanilla cacereña și manzanilla aloreña.    </p>

<p>Denumirea &#8222;manzanilla&#8221; se acordă diferitelor varietăți de măslin (Olea europaea). De asemenea, acest nume este dat fructului sau măslinului pe care îl produc. Principalele soiuri sunt manzanilla sevillana, manzanilla cacereña și manzanilla aloreña.</p>
