{"id":26644,"date":"2025-04-10T12:07:15","date_gmt":"2025-04-10T10:07:15","guid":{"rendered":"https:\/\/myspainfood.com\/producto\/andaluzska-makrela-d-o-olivovy-olej\/"},"modified":"2025-04-10T12:07:15","modified_gmt":"2025-04-10T10:07:15","slug":"andaluzska-makrela-d-o-olivovy-olej","status":"publish","type":"product","link":"https:\/\/myspainfood.com\/sk\/producto\/andaluzska-makrela-d-o-olivovy-olej\/","title":{"rendered":"Andal\u00fazska makrela D.O. olivov\u00fd olej"},"content":{"rendered":"<p style=\"text-align: left\">\u010cist\u00e9 filety z andal\u00fazskej makrely zabalen\u00e9 v sklenenej n\u00e1dobe a kovovej kapsule.<\/p>\n<p style=\"text-align: left\">V\u00fdroba a kvalita stanoven\u00e1 predpismi <span class=\"file\">Regula\u010dnej rady chr\u00e1nen\u00fdch zemepisn\u00fdch ozna\u010den\u00ed pre andal\u00fazske makrely a makrely fregaty<\/span>, ku ktor\u00fdm patr\u00ed aj <a href=\"https:\/\/pesasur.com\/calidad\/\" target=\"_blank\" rel=\"noopener noreferrer nofollow\">Pesasur<\/a>.<\/p>\n<p style=\"text-align: left\">Sivobiela farba, hladk\u00e1 konzistencia a pr\u00edjemn\u00e1 v\u00f4\u0148a, charakteristick\u00e1, jedine\u010dn\u00e1 chu\u0165.<\/p>\n<p><strong>ZLO\u017dKY<\/strong><\/p>\n<ul>\n<li>Makrely<\/li>\n<li>Olivov\u00fd olej<\/li>\n<li>So\u013e<\/li>\n<\/ul>\n<p>PESASUR pou\u017e\u00edva andal\u00fazske makrely (\u0161pecifick\u00e9 ozna\u010denie p\u00f4vodu andal\u00fazskeho regi\u00f3nu I.G.P.), ktor\u00e9 sa v\u00e4\u010d\u0161inu roka spracov\u00e1vaj\u00fa \u010derstv\u00e9 v tov\u00e1rni.<\/p>\n<p>Spolo\u010dnos\u0165 PESASUR nepou\u017e\u00edva po\u010das v\u00fdrobn\u00e9ho procesu \u017eiadne chemick\u00e9 pr\u00edpravky a sk\u00fasenosti pracovnej sily, ktor\u00e1 pracuje s filetami z makrely u\u017e cel\u00e9 gener\u00e1cie, zaru\u010duj\u00fa dokonal\u00fa \u010distotu r\u00fdb a vynikaj\u00facu prezent\u00e1ciu filetov v n\u00e1dob\u00e1ch a plechovk\u00e1ch v\u0161etk\u00fdch form\u00e1tov.<\/p>\n<h4>Hlavn\u00e9 v\u00fdhody konzervovan\u00fdch potrav\u00edn<\/h4>\n<ol>\n<li>Zachov\u00e1vaj\u00fa v\u0161etky v\u00fd\u017eivov\u00e9 vlastnosti samotnej potraviny. Potraviny si zachov\u00e1vaj\u00fa svoju \u010derstvos\u0165. <\/li>\n<li>Pou\u017eit\u00e9 potraviny s\u00fa zdrav\u00e9, a preto vhodn\u00e9 pre optim\u00e1lnu stravu v\u010faka vysok\u00e9mu obsahu vitam\u00ednov a bielkov\u00edn.<\/li>\n<li>Tieto v\u00fdrobky maj\u00fa dlh\u0161iu \u017eivotnos\u0165 (zvy\u010dajne 2-5 rokov).<\/li>\n<li>Konzervy sa ve\u013emi \u013eahko skladuj\u00fa, preto\u017ee ich balenie sa \u013eahko aplikuje.<\/li>\n<\/ol>\n<p>Ak si chcete k\u00fapi\u0165 andal\u00fazsku makrelu alebo ak\u00fdko\u013evek in\u00fd druh <a href=\"https:\/\/latiendadesami.com\/categoria-producto\/conservas\/\" rel=\"noopener noreferrer nofollow\" target=\"_blank\">konzervy<\/a>, nev\u00e1hajte a pozrite si n\u00e1\u0161 online katal\u00f3g, v ktorom n\u00e1jdete \u0161irok\u00fa ponuku <a href=\"https:\/\/latiendadesami.com\/categoria-producto\/conservas\/atun-y-bonito\/\" target=\"_blank\" rel=\"noopener noreferrer nofollow\">tuniakov<\/a>.<\/p>\n<p>Nap\u00ed\u0161te n\u00e1m o viac inform\u00e1ci\u00ed.<\/p>\n","protected":false},"excerpt":{"rendered":"<p>Andal\u00fazsky olivov\u00fd olej z makrely<\/p>\n","protected":false},"featured_media":26652,"template":"","meta":{"_et_pb_use_builder":"","_et_pb_old_content":"","_et_gb_content_width":""},"product_brand":[1205],"product_cat":[3370,1979],"product_tag":[],"class_list":{"0":"post-26644","1":"product","2":"type-product","3":"status-publish","4":"has-post-thumbnail","6":"product_brand-pesasur","7":"product_cat-makrela-sk","8":"product_cat-zachovava-sk","10":"first","11":"outofstock","12":"taxable","13":"shipping-taxable","14":"product-type-variable"},"_links":{"self":[{"href":"https:\/\/myspainfood.com\/sk\/wp-json\/wp\/v2\/product\/26644","targetHints":{"allow":["GET"]}}],"collection":[{"href":"https:\/\/myspainfood.com\/sk\/wp-json\/wp\/v2\/product"}],"about":[{"href":"https:\/\/myspainfood.com\/sk\/wp-json\/wp\/v2\/types\/product"}],"wp:featuredmedia":[{"embeddable":true,"href":"https:\/\/myspainfood.com\/sk\/wp-json\/wp\/v2\/media\/26652"}],"wp:attachment":[{"href":"https:\/\/myspainfood.com\/sk\/wp-json\/wp\/v2\/media?parent=26644"}],"wp:term":[{"taxonomy":"product_brand","embeddable":true,"href":"https:\/\/myspainfood.com\/sk\/wp-json\/wp\/v2\/product_brand?post=26644"},{"taxonomy":"product_cat","embeddable":true,"href":"https:\/\/myspainfood.com\/sk\/wp-json\/wp\/v2\/product_cat?post=26644"},{"taxonomy":"product_tag","embeddable":true,"href":"https:\/\/myspainfood.com\/sk\/wp-json\/wp\/v2\/product_tag?post=26644"}],"curies":[{"name":"wp","href":"https:\/\/api.w.org\/{rel}","templated":true}]}}

Andalúzska makrela D.O. olivový olej

<p style="text-align: left">Čisté filety z andalúzskej makrely zabalené v sklenenej nádobe a kovovej kapsule.</p>
<p style="text-align: left">Výroba a kvalita stanovená predpismi <span class="file">Regulačnej rady chránených zemepisných označení pre andalúzske makrely a makrely fregaty</span>, ku ktorým patrí aj <a href="https://pesasur.com/calidad/" target="_blank" rel="noopener noreferrer nofollow">Pesasur</a>.</p>
<p style="text-align: left">Sivobiela farba, hladká konzistencia a príjemná vôňa, charakteristická, jedinečná chuť.</p>
<p><strong>ZLOŽKY</strong></p>
<ul>
<li>Makrely</li>
<li>Olivový olej</li>
<li>Soľ</li>
</ul>
<p>PESASUR používa andalúzske makrely (špecifické označenie pôvodu andalúzskeho regiónu I.G.P.), ktoré sa väčšinu roka spracovávajú čerstvé v továrni.</p>
<p>Spoločnosť PESASUR nepoužíva počas výrobného procesu žiadne chemické prípravky a skúsenosti pracovnej sily, ktorá pracuje s filetami z makrely už celé generácie, zaručujú dokonalú čistotu rýb a vynikajúcu prezentáciu filetov v nádobách a plechovkách všetkých formátov.</p>
<h4>Hlavné výhody konzervovaných potravín</h4>
<ol>
<li>Zachovávajú všetky výživové vlastnosti samotnej potraviny. Potraviny si zachovávajú svoju čerstvosť. </li>
<li>Použité potraviny sú zdravé, a preto vhodné pre optimálnu stravu vďaka vysokému obsahu vitamínov a bielkovín.</li>
<li>Tieto výrobky majú dlhšiu životnosť (zvyčajne 2-5 rokov).</li>
<li>Konzervy sa veľmi ľahko skladujú, pretože ich balenie sa ľahko aplikuje.</li>
</ol>
<p>Ak si chcete kúpiť andalúzsku makrelu alebo akýkoľvek iný druh <a href="https://latiendadesami.com/categoria-producto/conservas/" rel="noopener noreferrer nofollow" target="_blank">konzervy</a>, neváhajte a pozrite si náš online katalóg, v ktorom nájdete širokú ponuku <a href="https://latiendadesami.com/categoria-producto/conservas/atun-y-bonito/" target="_blank" rel="noopener noreferrer nofollow">tuniakov</a>.</p>
<p>Napíšte nám o viac informácií.</p>

<p>Andalúzsky olivový olej z makrely</p>
