{"id":38711,"date":"2025-04-10T12:09:11","date_gmt":"2025-04-10T10:09:11","guid":{"rendered":"https:\/\/myspainfood.com\/producto\/zmiesany-syr-bez-laktozy-250-gr-el-gran-cardenal\/"},"modified":"2025-06-24T13:36:25","modified_gmt":"2025-06-24T11:36:25","slug":"zmiesany-syr-bez-laktozy-250-gr-el-gran-cardenal","status":"publish","type":"product","link":"https:\/\/myspainfood.com\/sk\/producto\/zmiesany-syr-bez-laktozy-250-gr-el-gran-cardenal\/","title":{"rendered":"Zmie\u0161an\u00fd syr bez lakt\u00f3zy 250 gr El Gran Cardenal"},"content":{"rendered":"<div class=\"et_pb_blurb_container\">\n<div class=\"et_pb_blurb_container\">\n<div class=\"et_pb_blurb_container\">\n<h4 class=\"et_pb_module_header\">Zmes bez lakt\u00f3zy<\/h4>\n<div class=\"et_pb_blurb_description\">\u013dudia s intoleranciou lakt\u00f3zy sa u\u017e nemusia vzd\u00e1va\u0165 skvel\u00e9ho syra.<\/p>\n<p>Vyroben\u00fd z ov\u010dieho a kravsk\u00e9ho mlieka, vhodne upraven\u00e9ho na odstr\u00e1nenie lakt\u00f3zy, z\u00edskavame syr s jemnou intenzitou, kr\u00e9movou konzistenciou a mierne sladkou chu\u0165ou.<\/p>\n<p>Ob\u013e\u00fabia si ho aj ostatn\u00ed \u010dlenovia rodiny.<\/p><\/div>\n<\/div>\n<\/div>\n<\/div>\n","protected":false},"excerpt":{"rendered":"<p>Zmes bez lakt\u00f3zy \u013dudia s intoleranciou lakt\u00f3zy sa u\u017e nemusia vzd\u00e1va\u0165 skvel\u00e9ho syra. Vyroben\u00fd z ov\u010dieho a kravsk\u00e9ho mlieka, vhodne upraven\u00e9ho na odstr\u00e1nenie lakt\u00f3zy, z\u00edskavame syr s jemnou intenzitou, kr\u00e9movou konzistenciou a mierne sladkou chu\u0165ou. Ob\u013e\u00fabia si ho aj ostatn\u00ed \u010dlenovia rodiny.<\/p>\n","protected":false},"featured_media":38712,"template":"","meta":{"_et_pb_use_builder":"","_et_pb_old_content":"","_et_gb_content_width":""},"product_brand":[1319],"product_cat":[2734,1820,2264],"product_tag":[],"class_list":{"0":"post-38711","1":"product","2":"type-product","3":"status-publish","4":"has-post-thumbnail","6":"product_brand-el-gran-cardenal","7":"product_cat-liecba","8":"product_cat-studena","9":"product_cat-syr-a-klobasa","10":"product_shipping_class-zasielka-za-studena","12":"first","13":"outofstock","14":"sale","15":"taxable","16":"shipping-taxable","17":"purchasable","18":"product-type-simple"},"_links":{"self":[{"href":"https:\/\/myspainfood.com\/sk\/wp-json\/wp\/v2\/product\/38711","targetHints":{"allow":["GET"]}}],"collection":[{"href":"https:\/\/myspainfood.com\/sk\/wp-json\/wp\/v2\/product"}],"about":[{"href":"https:\/\/myspainfood.com\/sk\/wp-json\/wp\/v2\/types\/product"}],"wp:featuredmedia":[{"embeddable":true,"href":"https:\/\/myspainfood.com\/sk\/wp-json\/wp\/v2\/media\/38712"}],"wp:attachment":[{"href":"https:\/\/myspainfood.com\/sk\/wp-json\/wp\/v2\/media?parent=38711"}],"wp:term":[{"taxonomy":"product_brand","embeddable":true,"href":"https:\/\/myspainfood.com\/sk\/wp-json\/wp\/v2\/product_brand?post=38711"},{"taxonomy":"product_cat","embeddable":true,"href":"https:\/\/myspainfood.com\/sk\/wp-json\/wp\/v2\/product_cat?post=38711"},{"taxonomy":"product_tag","embeddable":true,"href":"https:\/\/myspainfood.com\/sk\/wp-json\/wp\/v2\/product_tag?post=38711"}],"curies":[{"name":"wp","href":"https:\/\/api.w.org\/{rel}","templated":true}]}}

Zmiešaný syr bez laktózy 250 gr El Gran Cardenal

<div class="et_pb_blurb_container">
<div class="et_pb_blurb_container">
<div class="et_pb_blurb_container">
<h4 class="et_pb_module_header">Zmes bez laktózy</h4>
<div class="et_pb_blurb_description">Ľudia s intoleranciou laktózy sa už nemusia vzdávať skvelého syra.</p>
<p>Vyrobený z ovčieho a kravského mlieka, vhodne upraveného na odstránenie laktózy, získavame syr s jemnou intenzitou, krémovou konzistenciou a mierne sladkou chuťou.</p>
<p>Obľúbia si ho aj ostatní členovia rodiny.</p></div>
</div>
</div>
</div>

<p>Zmes bez laktózy Ľudia s intoleranciou laktózy sa už nemusia vzdávať skvelého syra. Vyrobený z ovčieho a kravského mlieka, vhodne upraveného na odstránenie laktózy, získavame syr s jemnou intenzitou, krémovou konzistenciou a mierne sladkou chuťou. Obľúbia si ho aj ostatní členovia rodiny.</p>
