{"id":43783,"date":"2025-04-10T12:10:04","date_gmt":"2025-04-10T10:10:04","guid":{"rendered":"https:\/\/myspainfood.com\/producto\/senorio-de-nava-2021-ribera-vino-60-jednotiek\/"},"modified":"2025-04-10T12:10:04","modified_gmt":"2025-04-10T10:10:04","slug":"senorio-de-nava-2021-ribera-vino-60-jednotiek","status":"publish","type":"product","link":"https:\/\/myspainfood.com\/sk\/producto\/senorio-de-nava-2021-ribera-vino-60-jednotiek\/","title":{"rendered":"Se\u00f1or\u00edo de Nava 2021 Ribera v\u00edno 60 jednotiek"},"content":{"rendered":"<p>Degusta\u010dn\u00e9 pozn\u00e1mky \u010cere\u0161\u0148ovo-\u010derven\u00e1 farba, dobre pokryt\u00e1, s gran\u00e1tov\u00fdm okrajom; energick\u00fd a mladistv\u00fd vzh\u013ead, elegantn\u00fd, jasn\u00fd, nezamenite\u013en\u00fd, ktor\u00fd napln\u00ed poh\u00e1r \u010dervenou \u010dipkou, ke\u010f vypadne z f\u013ea\u0161e. Komplexn\u00e1 a jemn\u00e1 v\u00f4\u0148a; ve\u013emi pretrv\u00e1vaj\u00face korenie, s vrcholom balzamick\u00fdch ar\u00f3m, pra\u017eenej k\u00e1vy a sladk\u00e9ho drievka. V \u00fastach vykazuje koncentr\u00e1ciu, skvel\u00fa \u0161trukt\u00faru, bohat\u00fa, s dobr\u00fdm tan\u00ednom, vyv\u00e1\u017een\u00fa, s neok\u00e1zal\u00fdm n\u00e1dychom a zanech\u00e1va pocit jemnosti. Elegantn\u00e9, so \u0161irokou \u0161k\u00e1lou pocitov.   <\/p>\n<p>Gastron\u00f3mia - odpor\u00fa\u010dan\u00e9 jedl\u00e1 K m\u00e4su, ryb\u00e1m, pe\u010dienkam a \u010derstv\u00fdm syrom.<\/p>\n","protected":false},"excerpt":{"rendered":"<p>Degusta\u010dn\u00e9 pozn\u00e1mky \u010cere\u0161\u0148ovo-\u010derven\u00e1 farba, dobre pokryt\u00e1, s gran\u00e1tov\u00fdm okrajom; energick\u00fd a mladistv\u00fd vzh\u013ead, elegantn\u00fd, jasn\u00fd, nezamenite\u013en\u00fd, ktor\u00fd napln\u00ed poh\u00e1r \u010dervenou \u010dipkou, ke\u010f vypadne z f\u013ea\u0161e. Komplexn\u00e1 a jemn\u00e1 v\u00f4\u0148a; ve\u013emi pretrv\u00e1vaj\u00face korenie, s vrcholom balzamick\u00fdch ar\u00f3m, pra\u017eenej k\u00e1vy a sladk\u00e9ho drievka. V \u00fastach vykazuje koncentr\u00e1ciu, skvel\u00fa \u0161trukt\u00faru, bohat\u00fa, s dobr\u00fdm tan\u00ednom, vyv\u00e1\u017een\u00fa, s neok\u00e1zal\u00fdm n\u00e1dychom [&hellip;]<\/p>\n","protected":false},"featured_media":43788,"template":"","meta":{"_et_pb_use_builder":"","_et_pb_old_content":"","_et_gb_content_width":""},"product_brand":[1224],"product_cat":[7366,2872],"product_tag":[5249],"class_list":{"0":"post-43783","1":"product","2":"type-product","3":"status-publish","4":"has-post-thumbnail","6":"product_brand-senorio-de-nava","7":"product_cat-napoje-sk","8":"product_cat-velkoobchod","9":"product_tag-vychova","11":"first","12":"outofstock","13":"taxable","14":"shipping-taxable","15":"purchasable","16":"product-type-simple"},"_links":{"self":[{"href":"https:\/\/myspainfood.com\/sk\/wp-json\/wp\/v2\/product\/43783","targetHints":{"allow":["GET"]}}],"collection":[{"href":"https:\/\/myspainfood.com\/sk\/wp-json\/wp\/v2\/product"}],"about":[{"href":"https:\/\/myspainfood.com\/sk\/wp-json\/wp\/v2\/types\/product"}],"wp:featuredmedia":[{"embeddable":true,"href":"https:\/\/myspainfood.com\/sk\/wp-json\/wp\/v2\/media\/43788"}],"wp:attachment":[{"href":"https:\/\/myspainfood.com\/sk\/wp-json\/wp\/v2\/media?parent=43783"}],"wp:term":[{"taxonomy":"product_brand","embeddable":true,"href":"https:\/\/myspainfood.com\/sk\/wp-json\/wp\/v2\/product_brand?post=43783"},{"taxonomy":"product_cat","embeddable":true,"href":"https:\/\/myspainfood.com\/sk\/wp-json\/wp\/v2\/product_cat?post=43783"},{"taxonomy":"product_tag","embeddable":true,"href":"https:\/\/myspainfood.com\/sk\/wp-json\/wp\/v2\/product_tag?post=43783"}],"curies":[{"name":"wp","href":"https:\/\/api.w.org\/{rel}","templated":true}]}}

Señorío de Nava 2021 Ribera víno 60 jednotiek

<p>Degustačné poznámky Čerešňovo-červená farba, dobre pokrytá, s granátovým okrajom; energický a mladistvý vzhľad, elegantný, jasný, nezameniteľný, ktorý naplní pohár červenou čipkou, keď vypadne z fľaše. Komplexná a jemná vôňa; veľmi pretrvávajúce korenie, s vrcholom balzamických aróm, praženej kávy a sladkého drievka. V ústach vykazuje koncentráciu, skvelú štruktúru, bohatú, s dobrým tanínom, vyváženú, s neokázalým nádychom a zanecháva pocit jemnosti. Elegantné, so širokou škálou pocitov.   </p>
<p>Gastronómia - odporúčané jedlá K mäsu, rybám, pečienkam a čerstvým syrom.</p>

<p>Degustačné poznámky Čerešňovo-červená farba, dobre pokrytá, s granátovým okrajom; energický a mladistvý vzhľad, elegantný, jasný, nezameniteľný, ktorý naplní pohár červenou čipkou, keď vypadne z fľaše. Komplexná a jemná vôňa; veľmi pretrvávajúce korenie, s vrcholom balzamických aróm, praženej kávy a sladkého drievka. V ústach vykazuje koncentráciu, skvelú štruktúru, bohatú, s dobrým tanínom, vyváženú, s neokázalým nádychom [&hellip;]</p>
