{"id":49276,"date":"2025-04-10T12:07:47","date_gmt":"2025-04-10T10:07:47","guid":{"rendered":"https:\/\/myspainfood.com\/producto\/manzanilla-4-kg-242-aperitiv\/"},"modified":"2025-04-10T12:07:47","modified_gmt":"2025-04-10T10:07:47","slug":"manzanilla-4-kg-242-aperitiv","status":"publish","type":"product","link":"https:\/\/myspainfood.com\/sk\/producto\/manzanilla-4-kg-242-aperitiv\/","title":{"rendered":"Manzanilla 4 kg 242 aperit\u00edv"},"content":{"rendered":"<p>N\u00e1zov &#8222;manzanilla&#8220; sa pou\u017e\u00edva pre r\u00f4zne odrody olivovn\u00edka (Olea europaea). Tento n\u00e1zov sa d\u00e1va aj plodom alebo oliv\u00e1m, ktor\u00e9 produkuj\u00fa. Hlavn\u00e9 odrody s\u00fa manzanilla sevillana, manzanilla cacere\u00f1a a manzanilla alore\u00f1a.    <\/p>\n","protected":false},"excerpt":{"rendered":"<p>N\u00e1zov &#8222;manzanilla&#8220; sa pou\u017e\u00edva pre r\u00f4zne odrody olivovn\u00edka (Olea europaea). Tento n\u00e1zov sa d\u00e1va aj plodom alebo oliv\u00e1m, ktor\u00e9 produkuj\u00fa. Hlavn\u00e9 odrody s\u00fa manzanilla sevillana, manzanilla cacere\u00f1a a manzanilla alore\u00f1a.<\/p>\n","protected":false},"featured_media":49278,"template":"","meta":{"_et_pb_use_builder":"","_et_pb_old_content":"","_et_gb_content_width":""},"product_brand":[1069],"product_cat":[1730,1728],"product_tag":[2054],"class_list":{"0":"post-49276","1":"product","2":"type-product","3":"status-publish","4":"has-post-thumbnail","6":"product_brand-sangar","7":"product_cat-olivy","8":"product_cat-uhorky","9":"product_tag-harmancek","11":"first","12":"outofstock","13":"taxable","14":"shipping-taxable","15":"purchasable","16":"product-type-simple"},"_links":{"self":[{"href":"https:\/\/myspainfood.com\/sk\/wp-json\/wp\/v2\/product\/49276","targetHints":{"allow":["GET"]}}],"collection":[{"href":"https:\/\/myspainfood.com\/sk\/wp-json\/wp\/v2\/product"}],"about":[{"href":"https:\/\/myspainfood.com\/sk\/wp-json\/wp\/v2\/types\/product"}],"wp:featuredmedia":[{"embeddable":true,"href":"https:\/\/myspainfood.com\/sk\/wp-json\/wp\/v2\/media\/49278"}],"wp:attachment":[{"href":"https:\/\/myspainfood.com\/sk\/wp-json\/wp\/v2\/media?parent=49276"}],"wp:term":[{"taxonomy":"product_brand","embeddable":true,"href":"https:\/\/myspainfood.com\/sk\/wp-json\/wp\/v2\/product_brand?post=49276"},{"taxonomy":"product_cat","embeddable":true,"href":"https:\/\/myspainfood.com\/sk\/wp-json\/wp\/v2\/product_cat?post=49276"},{"taxonomy":"product_tag","embeddable":true,"href":"https:\/\/myspainfood.com\/sk\/wp-json\/wp\/v2\/product_tag?post=49276"}],"curies":[{"name":"wp","href":"https:\/\/api.w.org\/{rel}","templated":true}]}}

Manzanilla 4 kg 242 aperitív

<p>Názov &#8222;manzanilla&#8220; sa používa pre rôzne odrody olivovníka (Olea europaea). Tento názov sa dáva aj plodom alebo olivám, ktoré produkujú. Hlavné odrody sú manzanilla sevillana, manzanilla cacereña a manzanilla aloreña.    </p>

<p>Názov &#8222;manzanilla&#8220; sa používa pre rôzne odrody olivovníka (Olea europaea). Tento názov sa dáva aj plodom alebo olivám, ktoré produkujú. Hlavné odrody sú manzanilla sevillana, manzanilla cacereña a manzanilla aloreña.</p>
