{"id":38707,"date":"2025-04-10T12:09:11","date_gmt":"2025-04-10T10:09:11","guid":{"rendered":"https:\/\/myspainfood.com\/producto\/mesani-sir-brez-laktoze-250-gr-el-gran-cardenal\/"},"modified":"2025-06-24T13:36:34","modified_gmt":"2025-06-24T11:36:34","slug":"mesani-sir-brez-laktoze-250-gr-el-gran-cardenal","status":"publish","type":"product","link":"https:\/\/myspainfood.com\/sl\/producto\/mesani-sir-brez-laktoze-250-gr-el-gran-cardenal\/","title":{"rendered":"Me\u0161ani sir brez laktoze 250 gr El Gran Cardenal"},"content":{"rendered":"<div class=\"et_pb_blurb_container\">\n<div class=\"et_pb_blurb_container\">\n<div class=\"et_pb_blurb_container\">\n<h4 class=\"et_pb_module_header\">Me\u0161anica brez laktoze<\/h4>\n<div class=\"et_pb_blurb_description\">Ljudem z laktozno intoleranco se ni treba ve\u010d odpovedati odli\u010dnemu siru.<\/p>\n<p>Iz ov\u010djega in kravjega mleka, ustrezno obdelanega za odstranitev laktoze, dobimo sir blage intenzivnosti, kremaste teksture in rahlo sladkega okusa.<\/p>\n<p>V\u0161e\u010d bo tudi ostalim \u010dlanom dru\u017eine.<\/p><\/div>\n<\/div>\n<\/div>\n<\/div>\n","protected":false},"excerpt":{"rendered":"<p>Me\u0161anica brez laktoze Ljudem z laktozno intoleranco se ni treba ve\u010d odpovedati odli\u010dnemu siru. Iz ov\u010djega in kravjega mleka, ustrezno obdelanega za odstranitev laktoze, dobimo sir blage intenzivnosti, kremaste teksture in rahlo sladkega okusa. V\u0161e\u010d bo tudi ostalim \u010dlanom dru\u017eine.<\/p>\n","protected":false},"featured_media":38710,"template":"","meta":{"_et_pb_use_builder":"","_et_pb_old_content":"","_et_gb_content_width":""},"product_brand":[1319],"product_cat":[1813,2258,2730],"product_tag":[],"class_list":{"0":"post-38707","1":"product","2":"type-product","3":"status-publish","4":"has-post-thumbnail","6":"product_brand-el-gran-cardenal","7":"product_cat-hladno","8":"product_cat-sir-in-klobasa","9":"product_cat-zdravljenje","10":"product_shipping_class-hladna-posiljka","12":"first","13":"outofstock","14":"sale","15":"taxable","16":"shipping-taxable","17":"purchasable","18":"product-type-simple"},"_links":{"self":[{"href":"https:\/\/myspainfood.com\/sl\/wp-json\/wp\/v2\/product\/38707","targetHints":{"allow":["GET"]}}],"collection":[{"href":"https:\/\/myspainfood.com\/sl\/wp-json\/wp\/v2\/product"}],"about":[{"href":"https:\/\/myspainfood.com\/sl\/wp-json\/wp\/v2\/types\/product"}],"wp:featuredmedia":[{"embeddable":true,"href":"https:\/\/myspainfood.com\/sl\/wp-json\/wp\/v2\/media\/38710"}],"wp:attachment":[{"href":"https:\/\/myspainfood.com\/sl\/wp-json\/wp\/v2\/media?parent=38707"}],"wp:term":[{"taxonomy":"product_brand","embeddable":true,"href":"https:\/\/myspainfood.com\/sl\/wp-json\/wp\/v2\/product_brand?post=38707"},{"taxonomy":"product_cat","embeddable":true,"href":"https:\/\/myspainfood.com\/sl\/wp-json\/wp\/v2\/product_cat?post=38707"},{"taxonomy":"product_tag","embeddable":true,"href":"https:\/\/myspainfood.com\/sl\/wp-json\/wp\/v2\/product_tag?post=38707"}],"curies":[{"name":"wp","href":"https:\/\/api.w.org\/{rel}","templated":true}]}}

Mešani sir brez laktoze 250 gr El Gran Cardenal

<div class="et_pb_blurb_container">
<div class="et_pb_blurb_container">
<div class="et_pb_blurb_container">
<h4 class="et_pb_module_header">Mešanica brez laktoze</h4>
<div class="et_pb_blurb_description">Ljudem z laktozno intoleranco se ni treba več odpovedati odličnemu siru.</p>
<p>Iz ovčjega in kravjega mleka, ustrezno obdelanega za odstranitev laktoze, dobimo sir blage intenzivnosti, kremaste teksture in rahlo sladkega okusa.</p>
<p>Všeč bo tudi ostalim članom družine.</p></div>
</div>
</div>
</div>

<p>Mešanica brez laktoze Ljudem z laktozno intoleranco se ni treba več odpovedati odličnemu siru. Iz ovčjega in kravjega mleka, ustrezno obdelanega za odstranitev laktoze, dobimo sir blage intenzivnosti, kremaste teksture in rahlo sladkega okusa. Všeč bo tudi ostalim članom družine.</p>
