{"id":46334,"date":"2025-04-10T12:07:16","date_gmt":"2025-04-10T10:07:16","guid":{"rendered":"https:\/\/myspainfood.com\/producto\/ribera-senorio-de-nava-2022-mlado-vino\/"},"modified":"2025-09-02T10:46:15","modified_gmt":"2025-09-02T08:46:15","slug":"ribera-senorio-de-nava-2022-mlado-vino","status":"publish","type":"product","link":"https:\/\/myspainfood.com\/sl\/producto\/ribera-senorio-de-nava-2022-mlado-vino\/","title":{"rendered":"Ribera. Se\u00f1or\u00edo de Nava 2022 mlado vino"},"content":{"rendered":"<p>Okusne opombe Vi\u0161njevo rde\u010da barva, dobro prekrita, z granatnim robom; \u017eivahen in mladosten videz, eleganten, svetel, nezamenljiv, ki napolni kozarec z rde\u010do \u010dipko, ko pade iz steklenice. Kompleksna in ne\u017ena aroma; zelo obstojne za\u010dimbe z vrhuncem balzami\u010dnih arom, pra\u017eene kave in sladkega korena. V ustih ka\u017ee koncentracijo, \u010dudovito strukturo, obse\u017eno, z dobrimi tanini, uravnote\u017eeno, z nenasi\u010denim dotikom in pu\u0161\u010da ob\u010dutek finese. Elegantno, s \u0161irokim razponom ob\u010dutkov.   <\/p>\n<p>Gastronomija - Priporo\u010dene jedi Za spremljavo mesa, rib, pe\u010denk in sve\u017eih sirov.<\/p>\n","protected":false},"excerpt":{"rendered":"<p>Okusne opombe Vi\u0161njevo rde\u010da barva, dobro prekrita, z granatnim robom; \u017eivahen in mladosten videz, eleganten, svetel, nezamenljiv, ki napolni kozarec z rde\u010do \u010dipko, ko pade iz steklenice. Kompleksna in ne\u017ena aroma; zelo obstojne za\u010dimbe z vrhuncem balzami\u010dnih arom, pra\u017eene kave in sladkega korena. V ustih ka\u017ee koncentracijo, \u010dudovito strukturo, obse\u017eno, z dobrimi tanini, uravnote\u017eeno, z [&hellip;]<\/p>\n","protected":false},"featured_media":46344,"template":"","meta":{"_et_pb_use_builder":"","_et_pb_old_content":"","_et_gb_content_width":""},"product_brand":[1224],"product_cat":[4854,5244],"product_tag":[5245],"class_list":{"0":"post-46334","1":"product","2":"type-product","3":"status-publish","4":"has-post-thumbnail","6":"product_brand-senorio-de-nava","7":"product_cat-pijace","8":"product_cat-vino-sl-2","9":"product_tag-vzgoja","11":"first","12":"outofstock","13":"taxable","14":"shipping-taxable","15":"product-type-variable"},"_links":{"self":[{"href":"https:\/\/myspainfood.com\/sl\/wp-json\/wp\/v2\/product\/46334","targetHints":{"allow":["GET"]}}],"collection":[{"href":"https:\/\/myspainfood.com\/sl\/wp-json\/wp\/v2\/product"}],"about":[{"href":"https:\/\/myspainfood.com\/sl\/wp-json\/wp\/v2\/types\/product"}],"wp:featuredmedia":[{"embeddable":true,"href":"https:\/\/myspainfood.com\/sl\/wp-json\/wp\/v2\/media\/46344"}],"wp:attachment":[{"href":"https:\/\/myspainfood.com\/sl\/wp-json\/wp\/v2\/media?parent=46334"}],"wp:term":[{"taxonomy":"product_brand","embeddable":true,"href":"https:\/\/myspainfood.com\/sl\/wp-json\/wp\/v2\/product_brand?post=46334"},{"taxonomy":"product_cat","embeddable":true,"href":"https:\/\/myspainfood.com\/sl\/wp-json\/wp\/v2\/product_cat?post=46334"},{"taxonomy":"product_tag","embeddable":true,"href":"https:\/\/myspainfood.com\/sl\/wp-json\/wp\/v2\/product_tag?post=46334"}],"curies":[{"name":"wp","href":"https:\/\/api.w.org\/{rel}","templated":true}]}}

Ribera. Señorío de Nava 2022 mlado vino

<p>Okusne opombe Višnjevo rdeča barva, dobro prekrita, z granatnim robom; živahen in mladosten videz, eleganten, svetel, nezamenljiv, ki napolni kozarec z rdečo čipko, ko pade iz steklenice. Kompleksna in nežna aroma; zelo obstojne začimbe z vrhuncem balzamičnih arom, pražene kave in sladkega korena. V ustih kaže koncentracijo, čudovito strukturo, obsežno, z dobrimi tanini, uravnoteženo, z nenasičenim dotikom in pušča občutek finese. Elegantno, s širokim razponom občutkov.   </p>
<p>Gastronomija - Priporočene jedi Za spremljavo mesa, rib, pečenk in svežih sirov.</p>

<p>Okusne opombe Višnjevo rdeča barva, dobro prekrita, z granatnim robom; živahen in mladosten videz, eleganten, svetel, nezamenljiv, ki napolni kozarec z rdečo čipko, ko pade iz steklenice. Kompleksna in nežna aroma; zelo obstojne začimbe z vrhuncem balzamičnih arom, pražene kave in sladkega korena. V ustih kaže koncentracijo, čudovito strukturo, obsežno, z dobrimi tanini, uravnoteženo, z [&hellip;]</p>
