{"id":26630,"date":"2025-04-10T12:07:15","date_gmt":"2025-04-10T10:07:15","guid":{"rendered":"https:\/\/myspainfood.com\/producto\/andalusisk-makrill-d-o-olivolja\/"},"modified":"2025-09-02T10:39:05","modified_gmt":"2025-09-02T08:39:05","slug":"andalusisk-makrill-d-o-olivolja","status":"publish","type":"product","link":"https:\/\/myspainfood.com\/sv\/producto\/andalusisk-makrill-d-o-olivolja\/","title":{"rendered":"Andalusisk makrill D.O. olivolja"},"content":{"rendered":"<p style=\"text-align: left\">Rena fil\u00e9er av andalusisk makrill, f\u00f6rpackade i glasburk och metallkapsel.<\/p>\n<p style=\"text-align: left\">Produktion och kvalitet i enlighet med best\u00e4mmelserna i <span class=\"file\">regleringsr\u00e5det f\u00f6r de skyddade geografiska beteckningarna f\u00f6r andalusisk makrill och fregattmakrill<\/span>, som <a href=\"https:\/\/pesasur.com\/calidad\/\" target=\"_blank\" rel=\"noopener noreferrer nofollow\">Pesasur<\/a> tillh\u00f6r.<\/p>\n<p style=\"text-align: left\">Gr\u00e5vit f\u00e4rg, j\u00e4mn konsistens och behaglig doft, karakteristisk och unik smak.<\/p>\n<p><strong>INGREDIENSER<\/strong><\/p>\n<ul>\n<li>Makrill<\/li>\n<li>Olivolja<\/li>\n<li>Salt<\/li>\n<\/ul>\n<p>PESASUR anv\u00e4nder andalusisk makrill (I.G.P. Specifik ursprungsbeteckning f\u00f6r regionen Andalusien) som bearbetas f\u00e4rsk i fabriken under st\u00f6rre delen av \u00e5ret.<\/p>\n<p>PESASUR anv\u00e4nder inga kemiska produkter under produktionsprocessen och erfarenheten hos den arbetskraft som har arbetat med makrillfil\u00e9er i generationer garanterar perfekt renhet hos fisken och en utm\u00e4rkt presentation av fil\u00e9erna i burkar och burkar i alla format.<\/p>\n<h4>De viktigaste f\u00f6rdelarna med konserverad mat<\/h4>\n<ol>\n<li>De bevarar alla n\u00e4ringsegenskaper hos sj\u00e4lva livsmedlet. Maten beh\u00e5ller sin f\u00e4rskhet. <\/li>\n<li>De livsmedel som anv\u00e4nds \u00e4r h\u00e4lsosamma och d\u00e4rf\u00f6r l\u00e4mpliga f\u00f6r en optimal kost p\u00e5 grund av deras h\u00f6ga vitamin- och proteininneh\u00e5ll.<\/li>\n<li>Dessa produkter har en l\u00e4ngre livsl\u00e4ngd (2-5 \u00e5r \u00e4r typiskt).<\/li>\n<li>Konserverna \u00e4r mycket l\u00e4tta att f\u00f6rvara eftersom f\u00f6rpackningarna \u00e4r l\u00e4tta att applicera.<\/li>\n<\/ol>\n<p>Om du vill k\u00f6pa andalusisk makrill eller n\u00e5gon annan typ av <a href=\"https:\/\/latiendadesami.com\/categoria-producto\/conservas\/\" rel=\"noopener noreferrer nofollow\" target=\"_blank\">konserverad mat<\/a>, tveka inte att ta en titt p\u00e5 v\u00e5r onlinekatalog f\u00f6r att se det stora utbudet av <a href=\"https:\/\/latiendadesami.com\/categoria-producto\/conservas\/atun-y-bonito\/\" target=\"_blank\" rel=\"noopener noreferrer nofollow\">tonfisk<\/a> vi har.<\/p>\n<p>Skriv till oss om du vill ha mer information.<\/p>\n","protected":false},"excerpt":{"rendered":"<p>Andalusisk makrill olivolja<\/p>\n","protected":false},"featured_media":9546,"template":"","meta":{"_et_pb_use_builder":"","_et_pb_old_content":"","_et_gb_content_width":""},"product_brand":[1205],"product_cat":[1986,3326],"product_tag":[],"class_list":{"0":"post-26630","1":"product","2":"type-product","3":"status-publish","4":"has-post-thumbnail","6":"product_brand-pesasur","7":"product_cat-konserver-sv","8":"product_cat-makrill","10":"first","11":"outofstock","12":"taxable","13":"shipping-taxable","14":"product-type-variable"},"_links":{"self":[{"href":"https:\/\/myspainfood.com\/sv\/wp-json\/wp\/v2\/product\/26630","targetHints":{"allow":["GET"]}}],"collection":[{"href":"https:\/\/myspainfood.com\/sv\/wp-json\/wp\/v2\/product"}],"about":[{"href":"https:\/\/myspainfood.com\/sv\/wp-json\/wp\/v2\/types\/product"}],"wp:featuredmedia":[{"embeddable":true,"href":"https:\/\/myspainfood.com\/sv\/wp-json\/wp\/v2\/media\/9546"}],"wp:attachment":[{"href":"https:\/\/myspainfood.com\/sv\/wp-json\/wp\/v2\/media?parent=26630"}],"wp:term":[{"taxonomy":"product_brand","embeddable":true,"href":"https:\/\/myspainfood.com\/sv\/wp-json\/wp\/v2\/product_brand?post=26630"},{"taxonomy":"product_cat","embeddable":true,"href":"https:\/\/myspainfood.com\/sv\/wp-json\/wp\/v2\/product_cat?post=26630"},{"taxonomy":"product_tag","embeddable":true,"href":"https:\/\/myspainfood.com\/sv\/wp-json\/wp\/v2\/product_tag?post=26630"}],"curies":[{"name":"wp","href":"https:\/\/api.w.org\/{rel}","templated":true}]}}

<p style="text-align: left">Rena filéer av andalusisk makrill, förpackade i glasburk och metallkapsel.</p>
<p style="text-align: left">Produktion och kvalitet i enlighet med bestämmelserna i <span class="file">regleringsrådet för de skyddade geografiska beteckningarna för andalusisk makrill och fregattmakrill</span>, som <a href="https://pesasur.com/calidad/" target="_blank" rel="noopener noreferrer nofollow">Pesasur</a> tillhör.</p>
<p style="text-align: left">Gråvit färg, jämn konsistens och behaglig doft, karakteristisk och unik smak.</p>
<p><strong>INGREDIENSER</strong></p>
<ul>
<li>Makrill</li>
<li>Olivolja</li>
<li>Salt</li>
</ul>
<p>PESASUR använder andalusisk makrill (I.G.P. Specifik ursprungsbeteckning för regionen Andalusien) som bearbetas färsk i fabriken under större delen av året.</p>
<p>PESASUR använder inga kemiska produkter under produktionsprocessen och erfarenheten hos den arbetskraft som har arbetat med makrillfiléer i generationer garanterar perfekt renhet hos fisken och en utmärkt presentation av filéerna i burkar och burkar i alla format.</p>
<h4>De viktigaste fördelarna med konserverad mat</h4>
<ol>
<li>De bevarar alla näringsegenskaper hos själva livsmedlet. Maten behåller sin färskhet. </li>
<li>De livsmedel som används är hälsosamma och därför lämpliga för en optimal kost på grund av deras höga vitamin- och proteininnehåll.</li>
<li>Dessa produkter har en längre livslängd (2-5 år är typiskt).</li>
<li>Konserverna är mycket lätta att förvara eftersom förpackningarna är lätta att applicera.</li>
</ol>
<p>Om du vill köpa andalusisk makrill eller någon annan typ av <a href="https://latiendadesami.com/categoria-producto/conservas/" rel="noopener noreferrer nofollow" target="_blank">konserverad mat</a>, tveka inte att ta en titt på vår onlinekatalog för att se det stora utbudet av <a href="https://latiendadesami.com/categoria-producto/conservas/atun-y-bonito/" target="_blank" rel="noopener noreferrer nofollow">tonfisk</a> vi har.</p>
<p>Skriv till oss om du vill ha mer information.</p>
