{"id":47689,"date":"2025-04-10T12:07:16","date_gmt":"2025-04-10T10:07:16","guid":{"rendered":"https:\/\/myspainfood.com\/producto\/ribera-senorio-de-nava-2022-ungt-vin\/"},"modified":"2025-04-10T12:07:16","modified_gmt":"2025-04-10T10:07:16","slug":"ribera-senorio-de-nava-2022-ungt-vin","status":"publish","type":"product","link":"https:\/\/myspainfood.com\/sv\/producto\/ribera-senorio-de-nava-2022-ungt-vin\/","title":{"rendered":"Ribera. Se\u00f1or\u00edo de Nava 2022 ungt vin"},"content":{"rendered":"<p>Provsmakningsanteckningar K\u00f6rsb\u00e4rsr\u00f6d f\u00e4rg, v\u00e4l t\u00e4ckt, med granatkant; kraftfullt och ungdomligt utseende, elegant, ljust, omissk\u00e4nnligt, som fyller glaset med r\u00f6da spetsar n\u00e4r det faller fr\u00e5n flaskan. Komplex och fin arom; mycket ih\u00e5llande kryddor, med en topp av balsamiska aromer, rostat kaffe och lakrits. I munnen visar den koncentration, fantastisk struktur, riklig, bra tannin, balanserad, med en smetig touch och l\u00e4mnar en k\u00e4nsla av finess. Elegant, med ett brett spektrum av f\u00f6rnimmelser.   <\/p>\n<p>Gastronomi-Rekommenderade r\u00e4tter Till k\u00f6tt, fisk, stek och f\u00e4rska ostar.<\/p>\n","protected":false},"excerpt":{"rendered":"<p>Provsmakningsanteckningar K\u00f6rsb\u00e4rsr\u00f6d f\u00e4rg, v\u00e4l t\u00e4ckt, med granatkant; kraftfullt och ungdomligt utseende, elegant, ljust, omissk\u00e4nnligt, som fyller glaset med r\u00f6da spetsar n\u00e4r det faller fr\u00e5n flaskan. Komplex och fin arom; mycket ih\u00e5llande kryddor, med en topp av balsamiska aromer, rostat kaffe och lakrits. I munnen visar den koncentration, fantastisk struktur, riklig, bra tannin, balanserad, med en [&hellip;]<\/p>\n","protected":false},"featured_media":9708,"template":"","meta":{"_et_pb_use_builder":"","_et_pb_old_content":"","_et_gb_content_width":""},"product_brand":[1224],"product_cat":[4847,5242],"product_tag":[5243],"class_list":{"0":"post-47689","1":"product","2":"type-product","3":"status-publish","4":"has-post-thumbnail","6":"product_brand-senorio-de-nava","7":"product_cat-drycker","8":"product_cat-vin-sv","9":"product_tag-uppfostran","11":"first","12":"outofstock","13":"taxable","14":"shipping-taxable","15":"product-type-variable"},"_links":{"self":[{"href":"https:\/\/myspainfood.com\/sv\/wp-json\/wp\/v2\/product\/47689","targetHints":{"allow":["GET"]}}],"collection":[{"href":"https:\/\/myspainfood.com\/sv\/wp-json\/wp\/v2\/product"}],"about":[{"href":"https:\/\/myspainfood.com\/sv\/wp-json\/wp\/v2\/types\/product"}],"wp:featuredmedia":[{"embeddable":true,"href":"https:\/\/myspainfood.com\/sv\/wp-json\/wp\/v2\/media\/9708"}],"wp:attachment":[{"href":"https:\/\/myspainfood.com\/sv\/wp-json\/wp\/v2\/media?parent=47689"}],"wp:term":[{"taxonomy":"product_brand","embeddable":true,"href":"https:\/\/myspainfood.com\/sv\/wp-json\/wp\/v2\/product_brand?post=47689"},{"taxonomy":"product_cat","embeddable":true,"href":"https:\/\/myspainfood.com\/sv\/wp-json\/wp\/v2\/product_cat?post=47689"},{"taxonomy":"product_tag","embeddable":true,"href":"https:\/\/myspainfood.com\/sv\/wp-json\/wp\/v2\/product_tag?post=47689"}],"curies":[{"name":"wp","href":"https:\/\/api.w.org\/{rel}","templated":true}]}}

Ribera. Señorío de Nava 2022 ungt vin

<p>Provsmakningsanteckningar Körsbärsröd färg, väl täckt, med granatkant; kraftfullt och ungdomligt utseende, elegant, ljust, omisskännligt, som fyller glaset med röda spetsar när det faller från flaskan. Komplex och fin arom; mycket ihållande kryddor, med en topp av balsamiska aromer, rostat kaffe och lakrits. I munnen visar den koncentration, fantastisk struktur, riklig, bra tannin, balanserad, med en smetig touch och lämnar en känsla av finess. Elegant, med ett brett spektrum av förnimmelser.   </p>
<p>Gastronomi-Rekommenderade rätter Till kött, fisk, stek och färska ostar.</p>

<p>Provsmakningsanteckningar Körsbärsröd färg, väl täckt, med granatkant; kraftfullt och ungdomligt utseende, elegant, ljust, omisskännligt, som fyller glaset med röda spetsar när det faller från flaskan. Komplex och fin arom; mycket ihållande kryddor, med en topp av balsamiska aromer, rostat kaffe och lakrits. I munnen visar den koncentration, fantastisk struktur, riklig, bra tannin, balanserad, med en [&hellip;]</p>
